{"id":9963,"date":"2021-04-24T18:44:59","date_gmt":"2021-04-24T16:44:59","guid":{"rendered":"https:\/\/zlindesignweek.com\/2022\/?page_id=9963"},"modified":"2026-03-30T18:52:33","modified_gmt":"2026-03-30T16:52:33","slug":"exhibitions-zlin-design-week","status":"publish","type":"page","link":"https:\/\/zlindesignweek.com\/2026\/en\/exhibitions-zlin-design-week\/","title":{"rendered":"Exhibitions"},"content":{"rendered":"\n<div class=\"wp-block-group\"><div class=\"wp-block-group__inner-container is-layout-constrained wp-block-group-is-layout-constrained\">\n<p>Four exhibitions will be held as part of this year&#8217;s&nbsp;Zlin Design Week festival. And what have we prepared for you?<\/p>\n\n\n\n<p>The first and main exhibition is based on the central theme of the entire year, which is LOVE. <\/p>\n\n\n\n<p>The second exhibition will take place at the G18 gallery and will be dedicated to the finalists of the international Best in Design competition, which has long been monitoring new talent in four categories: Product &amp; Industrial Design, Fashion Design, Communication Design, and Service Design.<\/p>\n\n\n\n<p>But we will also focus on the university\u2019s studios. The exhibition TOGETHER will present the work of students from the studios of the Faculty of Multimedia Communications at TBU in Zl\u00edn, focusing on intergenerational design.<\/p>\n\n\n\n<p>The last international exhibition in preparation is called LESS is MORE \u2013 MORE or LESS and will present dozens of student projects centered on the theme \u201cless is more\u201d \u2013 ranging from furniture and product design to graphic and digital design.<\/p>\n\n\n\n<div style=\"height:20px\" aria-hidden=\"true\" class=\"wp-block-spacer\"><\/div>\n\n\n\n<div class=\"wp-block-columns is-style-default is-layout-flex wp-container-core-columns-is-layout-9d6595d7 wp-block-columns-is-layout-flex\">\n<div class=\"wp-block-column is-vertically-aligned-top has-zdw-background-color has-background is-layout-flow wp-block-column-is-layout-flow\">\n<table role=\"presentation\" width=\"100%\" cellpadding=\"0\" cellspacing=\"0\" border=\"0\" style=\"border-collapse:collapse;width:100%;\">\n  <tr><td height=\"24\"><\/td><\/tr>\n  <tr>\n    <td style=\"padding-left:5%; padding-right:5%;\">\n      <h4 style=\"margin:0 0 22px 0\">Main festival exhibition All you need is design<\/h4>\n      <p style=\"margin:0 0 18px 0\">\n  Dates: 6 \u2013 12 May 2026<br>\n  Daily: 10 AM \u2013 6 PM<br>\n  Location: Zlin Castle\n<\/p>\n      <div class=\"wp-block-buttons\">\n        <div class=\"wp-block-button is-style-fill\">\n          <a class=\"wp-block-button__link wp-element-button\" href=\"https:\/\/zlindesignweek.com\/2026\/en\/main-festival-exhibition-all-you-need-is-design\/\">\n            Find out more\n          <\/a>\n        <\/div>\n      <\/div>\n    <\/td>\n  <\/tr>\n  <tr><td height=\"24\"><\/td><\/tr>\n<\/table>\n<\/div>\n\n\n\n<div class=\"wp-block-column has-zdw-background-color has-background is-layout-flow wp-block-column-is-layout-flow\">\n<table role=\"presentation\" width=\"100%\" cellpadding=\"0\" cellspacing=\"0\" border=\"0\" style=\"border-collapse:collapse;width:100%;\">\n  <tr><td height=\"24\"><\/td><\/tr>\n  <tr>\n    <td style=\"padding-left:5%; padding-right:5%;\">\n      <h4 style=\"margin:0 0 22px 0\">Exhibition Best of \u201826: Made with Passion<\/h4>\n     <p style=\"margin:0 0 18px 0\">\n  Dates: 7 \u2013 22 May 2026<br>\n  Daily: 10 AM \u2013 6 PM<br>\n  Location: G18 Gallery\n<\/p>\n      <div class=\"wp-block-buttons\">\n        <div class=\"wp-block-button is-style-fill\">\n          <a class=\"wp-block-button__link wp-element-button\" href=\"https:\/\/zlindesignweek.com\/2026\/en\/best-of-26-made-with-passion-2\/\">\n            Find out more\n          <\/a>\n        <\/div>\n      <\/div>\n    <\/td>\n  <\/tr>\n  <tr><td height=\"24\"><\/td><\/tr>\n<\/table>\n<\/div>\n<\/div>\n\n\n\n<div style=\"height:40px\" aria-hidden=\"true\" class=\"wp-block-spacer\"><\/div>\n\n\n\n<div class=\"wp-block-columns is-style-default is-layout-flex wp-container-core-columns-is-layout-9d6595d7 wp-block-columns-is-layout-flex\">\n<div class=\"wp-block-column is-vertically-aligned-top has-zdw-background-color has-background is-layout-flow wp-block-column-is-layout-flow\">\n<table role=\"presentation\" width=\"100%\" cellpadding=\"0\" cellspacing=\"0\" border=\"0\" style=\"border-collapse:collapse;width:100%;\">\n  <tr><td height=\"24\"><\/td><\/tr>\n  <tr>\n    <td style=\"padding-left:5%; padding-right:5%;\">\n      <h4 style=\"margin:0 0 22px 0\">Exhibition TOGETHER<\/h4>\n      <p style=\"margin:0 0 18px 0\">\n  Dates: 6 \u2013 12 May 2026<br>\n  Daily: 10 AM \u2013 6 PM<br>\n  Location: KOMA module (N\u00e1m\u011bst\u00ed M\u00edru Square)\n<\/p>\n      <div class=\"wp-block-buttons\">\n        <div class=\"wp-block-button is-style-fill\">\n          <a class=\"wp-block-button__link wp-element-button\" href=\"https:\/\/zlindesignweek.com\/2026\/en\/pospolu-2\/\">\n            Find out more\n          <\/a>\n        <\/div>\n      <\/div>\n    <\/td>\n  <\/tr>\n  <tr><td height=\"24\"><\/td><\/tr>\n<\/table>\n<\/div>\n\n\n\n<div class=\"wp-block-column has-zdw-background-color has-background is-layout-flow wp-block-column-is-layout-flow\">\n<table role=\"presentation\" width=\"100%\" cellpadding=\"0\" cellspacing=\"0\" border=\"0\" style=\"border-collapse:collapse;width:100%;\">\n  <tr><td height=\"24\"><\/td><\/tr>\n  <tr>\n    <td style=\"padding-left:5%; padding-right:5%;\">\n      <h4 style=\"margin:0 0 22px 0\">Exhibition LESS is MORE \u2013 MORE or LESS<\/h4>\n     <p style=\"margin:0 0 18px 0\">\n  Dates: 7 May \u2013 26 July 2026<br>\n  Daily: 10 AM \u2013 6 PM&nbsp;(TUE\u2013SUN)<br>\n  Location: Regional Gallery of Fine Arts in Zlin\n<\/p>\n    <div class=\"wp-block-buttons\">\n        <div class=\"wp-block-button is-style-fill\">\n          <a class=\"wp-block-button__link wp-element-button\" href=\"https:\/\/zlindesignweek.com\/2026\/en\/exhibition-less-is-more-more-or\/\">\n            Find out more\n          <\/a>\n        <\/div>\n      <\/div>\n    <\/td>\n  <\/tr>\n  <tr><td height=\"24\"><\/td><\/tr>\n<\/table>\n<\/div>\n<\/div>\n\n\n\n<div style=\"height:40px\" aria-hidden=\"true\" class=\"wp-block-spacer\"><\/div>\n\n\n\n<div class=\"wp-block-columns is-style-default is-layout-flex wp-container-core-columns-is-layout-9d6595d7 wp-block-columns-is-layout-flex\">\n<div class=\"wp-block-column is-vertically-aligned-top has-zdw-background-color has-background is-layout-flow wp-block-column-is-layout-flow\">\n<table role=\"presentation\" width=\"100%\" cellpadding=\"0\" cellspacing=\"0\" border=\"0\" style=\"border-collapse:collapse;width:100%;\">\n  <tr><td height=\"24\"><\/td><\/tr>\n\n  <tr>\n    <td style=\"padding-left:5%; padding-right:5%;\">\n      <h4 style=\"margin:0 0 22px 0\">KAM in the streets: The Transformation of a&nbsp;Section of Dlouh\u00e1 Street<\/h4>\n\n      <p style=\"margin:0 0 18px 0\">\n        Dates: 6 May \u2013 12 May 2026<br>\n        Daily: 10 AM \u2013 6 PM<br>\n        Location: Dlouh\u00e1 Street\n      <\/p>\n\n      <div class=\"wp-block-buttons\">\n        <div class=\"wp-block-button is-style-fill\">\n          <a class=\"wp-block-button__link wp-element-button\" href=\"https:\/\/zlindesignweek.com\/2026\/en\/kam-in-the-streets-the-transformation-of-a-section-of-dlouha-street\/\">\n            Find out more\n          <\/a>\n        <\/div>\n      <\/div>\n    <\/td>\n  <\/tr>\n\n  <tr><td height=\"24\"><\/td><\/tr>\n<\/table>\n<\/div>\n\n\n\n<div class=\"wp-block-column has-zdw-background-color has-background is-layout-flow wp-block-column-is-layout-flow\">\n<table role=\"presentation\" width=\"100%\" cellpadding=\"0\" cellspacing=\"0\" border=\"0\" style=\"border-collapse:collapse;width:100%;\">\n  <tr><td height=\"24\"><\/td><\/tr>\n\n  <tr>\n    <td style=\"padding-left:5%; padding-right:5%;\">\n      <h4 style=\"margin:0 0 22px 0\">LD Seating installation<\/h4>\n\n      <p style=\"margin:0 0 18px 0\">\n        Dates: 6 May \u2013 12 May 2026<br>\n        Daily: 10 AM \u2013 6 PM<br>\n        Location: KOMA module (Soudn\u00ed Street)\n      <\/p>\n    <\/td>\n  <\/tr>\n\n  <tr><td height=\"24\"><\/td><\/tr>\n<\/table>\n<\/div>\n<\/div>\n\n\n\n<div style=\"height:40px\" aria-hidden=\"true\" class=\"wp-block-spacer\"><\/div>\n\n\n\n<div class=\"wp-block-cb-carousel-v2 cb-carousel-block\" data-cb-slides-per-view=\"1\" data-cb-slides-per-group=\"1\" data-cb-space-between=\"15\" data-cb-speed=\"300\" data-cb-navigation=\"true\" data-cb-pagination=\"true\" data-cb-breakpoints=\"{&quot;768&quot;:{&quot;slidesPerView&quot;:3,&quot;slidesPerGroup&quot;:1}}\"><div class=\"swiper\"><div class=\"cb-wrapper swiper-wrapper\">\n<div class=\"wp-block-cb-slide-v2 cb-slide swiper-slide\">\n<figure class=\"wp-block-image size-large\"><img loading=\"lazy\" decoding=\"async\" width=\"750\" height=\"1125\" src=\"https:\/\/zlindesignweek.com\/2026\/wp-content\/uploads\/2026\/03\/zdw-75-u-zamkuinstalace-machsimon-35-750x1125.jpg\" alt=\"\" class=\"wp-image-42879\" srcset=\"https:\/\/zlindesignweek.com\/2026\/wp-content\/uploads\/2026\/03\/zdw-75-u-zamkuinstalace-machsimon-35-750x1125.jpg 750w, https:\/\/zlindesignweek.com\/2026\/wp-content\/uploads\/2026\/03\/zdw-75-u-zamkuinstalace-machsimon-35-500x750.jpg 500w, https:\/\/zlindesignweek.com\/2026\/wp-content\/uploads\/2026\/03\/zdw-75-u-zamkuinstalace-machsimon-35-768x1152.jpg 768w, https:\/\/zlindesignweek.com\/2026\/wp-content\/uploads\/2026\/03\/zdw-75-u-zamkuinstalace-machsimon-35-1024x1536.jpg 1024w, https:\/\/zlindesignweek.com\/2026\/wp-content\/uploads\/2026\/03\/zdw-75-u-zamkuinstalace-machsimon-35-1366x2048.jpg 1366w, https:\/\/zlindesignweek.com\/2026\/wp-content\/uploads\/2026\/03\/zdw-75-u-zamkuinstalace-machsimon-35-1440x2160.jpg 1440w, https:\/\/zlindesignweek.com\/2026\/wp-content\/uploads\/2026\/03\/zdw-75-u-zamkuinstalace-machsimon-35-250x375.jpg 250w, https:\/\/zlindesignweek.com\/2026\/wp-content\/uploads\/2026\/03\/zdw-75-u-zamkuinstalace-machsimon-35.jpg 1667w\" sizes=\"auto, (max-width: 750px) 100vw, 750px\" \/><\/figure>\n<\/div>\n\n\n\n<div class=\"wp-block-cb-slide-v2 cb-slide swiper-slide\">\n<figure class=\"wp-block-image size-large\"><img loading=\"lazy\" decoding=\"async\" width=\"750\" height=\"1125\" src=\"https:\/\/zlindesignweek.com\/2026\/wp-content\/uploads\/2026\/03\/zdw-105-verni-g18-machsimon-14-750x1125.jpg\" alt=\"\" class=\"wp-image-42880\" srcset=\"https:\/\/zlindesignweek.com\/2026\/wp-content\/uploads\/2026\/03\/zdw-105-verni-g18-machsimon-14-750x1125.jpg 750w, https:\/\/zlindesignweek.com\/2026\/wp-content\/uploads\/2026\/03\/zdw-105-verni-g18-machsimon-14-500x750.jpg 500w, https:\/\/zlindesignweek.com\/2026\/wp-content\/uploads\/2026\/03\/zdw-105-verni-g18-machsimon-14-768x1152.jpg 768w, https:\/\/zlindesignweek.com\/2026\/wp-content\/uploads\/2026\/03\/zdw-105-verni-g18-machsimon-14-1024x1536.jpg 1024w, https:\/\/zlindesignweek.com\/2026\/wp-content\/uploads\/2026\/03\/zdw-105-verni-g18-machsimon-14-1366x2048.jpg 1366w, https:\/\/zlindesignweek.com\/2026\/wp-content\/uploads\/2026\/03\/zdw-105-verni-g18-machsimon-14-1440x2160.jpg 1440w, https:\/\/zlindesignweek.com\/2026\/wp-content\/uploads\/2026\/03\/zdw-105-verni-g18-machsimon-14-250x375.jpg 250w, https:\/\/zlindesignweek.com\/2026\/wp-content\/uploads\/2026\/03\/zdw-105-verni-g18-machsimon-14.jpg 1667w\" sizes=\"auto, (max-width: 750px) 100vw, 750px\" \/><\/figure>\n<\/div>\n\n\n\n<div class=\"wp-block-cb-slide-v2 cb-slide swiper-slide\">\n<figure class=\"wp-block-image size-large\"><img loading=\"lazy\" decoding=\"async\" width=\"750\" height=\"1125\" src=\"https:\/\/zlindesignweek.com\/2026\/wp-content\/uploads\/2026\/03\/zdw-85-g18instalace-machsimon-22-750x1125.jpg\" alt=\"\" class=\"wp-image-42881\" srcset=\"https:\/\/zlindesignweek.com\/2026\/wp-content\/uploads\/2026\/03\/zdw-85-g18instalace-machsimon-22-750x1125.jpg 750w, https:\/\/zlindesignweek.com\/2026\/wp-content\/uploads\/2026\/03\/zdw-85-g18instalace-machsimon-22-500x750.jpg 500w, https:\/\/zlindesignweek.com\/2026\/wp-content\/uploads\/2026\/03\/zdw-85-g18instalace-machsimon-22-768x1152.jpg 768w, https:\/\/zlindesignweek.com\/2026\/wp-content\/uploads\/2026\/03\/zdw-85-g18instalace-machsimon-22-1024x1536.jpg 1024w, https:\/\/zlindesignweek.com\/2026\/wp-content\/uploads\/2026\/03\/zdw-85-g18instalace-machsimon-22-1366x2048.jpg 1366w, https:\/\/zlindesignweek.com\/2026\/wp-content\/uploads\/2026\/03\/zdw-85-g18instalace-machsimon-22-1440x2160.jpg 1440w, https:\/\/zlindesignweek.com\/2026\/wp-content\/uploads\/2026\/03\/zdw-85-g18instalace-machsimon-22-250x375.jpg 250w, https:\/\/zlindesignweek.com\/2026\/wp-content\/uploads\/2026\/03\/zdw-85-g18instalace-machsimon-22.jpg 1667w\" sizes=\"auto, (max-width: 750px) 100vw, 750px\" \/><\/figure>\n<\/div>\n\n\n\n<div class=\"wp-block-cb-slide-v2 cb-slide swiper-slide\">\n<figure class=\"wp-block-image size-large\"><img loading=\"lazy\" decoding=\"async\" width=\"750\" height=\"1125\" src=\"https:\/\/zlindesignweek.com\/2026\/wp-content\/uploads\/2026\/03\/zdw-105-verni-g18-machsimon-64-750x1125.jpg\" alt=\"\" class=\"wp-image-42882\" srcset=\"https:\/\/zlindesignweek.com\/2026\/wp-content\/uploads\/2026\/03\/zdw-105-verni-g18-machsimon-64-750x1125.jpg 750w, https:\/\/zlindesignweek.com\/2026\/wp-content\/uploads\/2026\/03\/zdw-105-verni-g18-machsimon-64-500x750.jpg 500w, https:\/\/zlindesignweek.com\/2026\/wp-content\/uploads\/2026\/03\/zdw-105-verni-g18-machsimon-64-768x1152.jpg 768w, https:\/\/zlindesignweek.com\/2026\/wp-content\/uploads\/2026\/03\/zdw-105-verni-g18-machsimon-64-1024x1536.jpg 1024w, https:\/\/zlindesignweek.com\/2026\/wp-content\/uploads\/2026\/03\/zdw-105-verni-g18-machsimon-64-1366x2048.jpg 1366w, https:\/\/zlindesignweek.com\/2026\/wp-content\/uploads\/2026\/03\/zdw-105-verni-g18-machsimon-64-1440x2160.jpg 1440w, https:\/\/zlindesignweek.com\/2026\/wp-content\/uploads\/2026\/03\/zdw-105-verni-g18-machsimon-64-250x375.jpg 250w, https:\/\/zlindesignweek.com\/2026\/wp-content\/uploads\/2026\/03\/zdw-105-verni-g18-machsimon-64.jpg 1667w\" sizes=\"auto, (max-width: 750px) 100vw, 750px\" \/><\/figure>\n<\/div>\n\n\n\n<div class=\"wp-block-cb-slide-v2 cb-slide swiper-slide\">\n<figure class=\"wp-block-image size-large\"><img loading=\"lazy\" decoding=\"async\" width=\"750\" height=\"1125\" src=\"https:\/\/zlindesignweek.com\/2026\/wp-content\/uploads\/2026\/03\/zdw-85-g18instalace-machsimon-36-750x1125.jpg\" alt=\"\" class=\"wp-image-42883\" srcset=\"https:\/\/zlindesignweek.com\/2026\/wp-content\/uploads\/2026\/03\/zdw-85-g18instalace-machsimon-36-750x1125.jpg 750w, https:\/\/zlindesignweek.com\/2026\/wp-content\/uploads\/2026\/03\/zdw-85-g18instalace-machsimon-36-500x750.jpg 500w, https:\/\/zlindesignweek.com\/2026\/wp-content\/uploads\/2026\/03\/zdw-85-g18instalace-machsimon-36-768x1152.jpg 768w, https:\/\/zlindesignweek.com\/2026\/wp-content\/uploads\/2026\/03\/zdw-85-g18instalace-machsimon-36-1024x1536.jpg 1024w, https:\/\/zlindesignweek.com\/2026\/wp-content\/uploads\/2026\/03\/zdw-85-g18instalace-machsimon-36-1366x2048.jpg 1366w, https:\/\/zlindesignweek.com\/2026\/wp-content\/uploads\/2026\/03\/zdw-85-g18instalace-machsimon-36-1440x2160.jpg 1440w, https:\/\/zlindesignweek.com\/2026\/wp-content\/uploads\/2026\/03\/zdw-85-g18instalace-machsimon-36-250x375.jpg 250w, https:\/\/zlindesignweek.com\/2026\/wp-content\/uploads\/2026\/03\/zdw-85-g18instalace-machsimon-36.jpg 1667w\" sizes=\"auto, (max-width: 750px) 100vw, 750px\" \/><\/figure>\n<\/div>\n<\/div><\/div><div class=\"cb-pagination swiper-pagination\"><\/div><div class=\"cb-button-prev swiper-button-prev\"><\/div><div class=\"cb-button-next swiper-button-next\"><\/div><\/div>\n<\/div><\/div>\n","protected":false},"excerpt":{"rendered":"Four exhibitions will be held as part of this year&#8217;s&nbsp;Zlin Design Week festival. And what have we prepared for you? The first and main exhibition [&hellip;]","protected":false},"author":25,"featured_media":0,"parent":0,"menu_order":0,"comment_status":"closed","ping_status":"closed","template":"","meta":{"_acf_changed":false,"footnotes":""},"class_list":["post-9963","page","type-page","status-publish","hentry"],"acf":[],"_links":{"self":[{"href":"https:\/\/zlindesignweek.com\/2026\/wp-json\/wp\/v2\/pages\/9963","targetHints":{"allow":["GET"]}}],"collection":[{"href":"https:\/\/zlindesignweek.com\/2026\/wp-json\/wp\/v2\/pages"}],"about":[{"href":"https:\/\/zlindesignweek.com\/2026\/wp-json\/wp\/v2\/types\/page"}],"author":[{"embeddable":true,"href":"https:\/\/zlindesignweek.com\/2026\/wp-json\/wp\/v2\/users\/25"}],"replies":[{"embeddable":true,"href":"https:\/\/zlindesignweek.com\/2026\/wp-json\/wp\/v2\/comments?post=9963"}],"version-history":[{"count":121,"href":"https:\/\/zlindesignweek.com\/2026\/wp-json\/wp\/v2\/pages\/9963\/revisions"}],"predecessor-version":[{"id":42886,"href":"https:\/\/zlindesignweek.com\/2026\/wp-json\/wp\/v2\/pages\/9963\/revisions\/42886"}],"wp:attachment":[{"href":"https:\/\/zlindesignweek.com\/2026\/wp-json\/wp\/v2\/media?parent=9963"}],"curies":[{"name":"wp","href":"https:\/\/api.w.org\/{rel}","templated":true}]}}