{"id":43767,"date":"2026-04-28T21:30:05","date_gmt":"2026-04-28T19:30:05","guid":{"rendered":"https:\/\/zlindesignweek.com\/2026\/?page_id=43767"},"modified":"2026-04-28T21:30:07","modified_gmt":"2026-04-28T19:30:07","slug":"networking-pro-porotce-a-finalisty-souteze-best-in-design","status":"publish","type":"page","link":"https:\/\/zlindesignweek.com\/2026\/networking-pro-porotce-a-finalisty-souteze-best-in-design\/","title":{"rendered":"Networking pro porotce a&nbsp;finalisty sout\u011b\u017ee Best in Design"},"content":{"rendered":"\n<div class=\"wp-block-group\"><div class=\"wp-block-group__inner-container is-layout-constrained wp-block-group-is-layout-constrained\">\n<p><mark style=\"background-color:rgba(0, 0, 0, 0)\" class=\"has-inline-color has-zdw-color\">Lokace:<\/mark> Studentsk\u00fd klub U7 (\u0160tef\u00e1nikova 150, Zl\u00edn)<br><mark style=\"background-color:rgba(0, 0, 0, 0)\" class=\"has-inline-color has-zdw-color\">Datum: <\/mark>9.&nbsp;5.&nbsp;2026<br><mark style=\"background-color:rgba(0, 0, 0, 0)\" class=\"has-inline-color has-zdw-color\">\u010cas: <\/mark>9:00 &#8211; 15:00\u00a0<br><mark style=\"background-color:rgba(0, 0, 0, 0)\" class=\"has-inline-color has-zdw-color\">Vstupn\u00e9:<\/mark> Pro pozvan\u00e9<\/p>\n\n\n\n<p>Zlin Design Week se u\u017e dlouhodob\u011b sna\u017e\u00ed o&nbsp;propojov\u00e1n\u00ed tv\u016frc\u016f a&nbsp;tv\u016frky\u0148 nap\u0159\u00ed\u010d obory a&nbsp;d\u00e1vat prostor ne\u010dekan\u00fdm setk\u00e1n\u00edm. Pr\u00e1v\u011b proto se pro porotce a&nbsp;finalisty sout\u011b\u017ee Best in Design p\u0159ipravuje networkingov\u00fd program, v&nbsp;r\u00e1mci kter\u00e9ho se propoj\u00ed s&nbsp;lidmi z&nbsp;cel\u00e9ho sv\u011bta, za\u010d\u00e1te\u010dn\u00edky i&nbsp;profesion\u00e1ly. Mo\u017en\u00e1 pr\u00e1v\u011b d\u00edky t\u00e9to aktivit\u011b se jednou m\u016f\u017eeme t\u011b\u0161it na zaj\u00edmavou spolupr\u00e1ci, o&nbsp;kter\u00e9 je\u0161t\u011b usly\u0161\u00edme.<\/p>\n<\/div><\/div>\n","protected":false},"excerpt":{"rendered":"Lokace: Studentsk\u00fd klub U7 (\u0160tef\u00e1nikova 150, Zl\u00edn)Datum: 9.&nbsp;5.&nbsp;2026\u010cas: 9:00 &#8211; 15:00\u00a0Vstupn\u00e9: Pro pozvan\u00e9 Zlin Design Week se u\u017e dlouhodob\u011b sna\u017e\u00ed o&nbsp;propojov\u00e1n\u00ed tv\u016frc\u016f a&nbsp;tv\u016frky\u0148 nap\u0159\u00ed\u010d obory [&hellip;]","protected":false},"author":52,"featured_media":0,"parent":0,"menu_order":0,"comment_status":"closed","ping_status":"closed","template":"","meta":{"_acf_changed":false,"footnotes":""},"class_list":["post-43767","page","type-page","status-publish","hentry"],"acf":[],"_links":{"self":[{"href":"https:\/\/zlindesignweek.com\/2026\/wp-json\/wp\/v2\/pages\/43767","targetHints":{"allow":["GET"]}}],"collection":[{"href":"https:\/\/zlindesignweek.com\/2026\/wp-json\/wp\/v2\/pages"}],"about":[{"href":"https:\/\/zlindesignweek.com\/2026\/wp-json\/wp\/v2\/types\/page"}],"author":[{"embeddable":true,"href":"https:\/\/zlindesignweek.com\/2026\/wp-json\/wp\/v2\/users\/52"}],"replies":[{"embeddable":true,"href":"https:\/\/zlindesignweek.com\/2026\/wp-json\/wp\/v2\/comments?post=43767"}],"version-history":[{"count":1,"href":"https:\/\/zlindesignweek.com\/2026\/wp-json\/wp\/v2\/pages\/43767\/revisions"}],"predecessor-version":[{"id":43773,"href":"https:\/\/zlindesignweek.com\/2026\/wp-json\/wp\/v2\/pages\/43767\/revisions\/43773"}],"wp:attachment":[{"href":"https:\/\/zlindesignweek.com\/2026\/wp-json\/wp\/v2\/media?parent=43767"}],"curies":[{"name":"wp","href":"https:\/\/api.w.org\/{rel}","templated":true}]}}

Networking pro porotce a&nbsp;finalisty soutěže Best in Design

<div class="wp-block-group"><div class="wp-block-group__inner-container is-layout-constrained wp-block-group-is-layout-constrained">
<p><mark style="background-color:rgba(0, 0, 0, 0)" class="has-inline-color has-zdw-color">Lokace:</mark> Studentský klub U7 (Štefánikova 150, Zlín)<br><mark style="background-color:rgba(0, 0, 0, 0)" class="has-inline-color has-zdw-color">Datum: </mark>9.&nbsp;5.&nbsp;2026<br><mark style="background-color:rgba(0, 0, 0, 0)" class="has-inline-color has-zdw-color">Čas: </mark>9:00 &#8211; 15:00 <br><mark style="background-color:rgba(0, 0, 0, 0)" class="has-inline-color has-zdw-color">Vstupné:</mark> Pro pozvané</p>



<p>Zlin Design Week se už dlouhodobě snaží o&nbsp;propojování tvůrců a&nbsp;tvůrkyň napříč obory a&nbsp;dávat prostor nečekaným setkáním. Právě proto se pro porotce a&nbsp;finalisty soutěže Best in Design připravuje networkingový program, v&nbsp;rámci kterého se propojí s&nbsp;lidmi z&nbsp;celého světa, začátečníky i&nbsp;profesionály. Možná právě díky této aktivitě se jednou můžeme těšit na zajímavou spolupráci, o&nbsp;které ještě uslyšíme.</p>
</div></div>

Lokace: Studentský klub U7 (Štefánikova 150, Zlín)Datum: 9.&nbsp;5.&nbsp;2026Čas: 9:00 &#8211; 15:00 Vstupné: Pro pozvané Zlin Design Week se už dlouhodobě snaží o&nbsp;propojování tvůrců a&nbsp;tvůrkyň napříč obory [&hellip;]
