{"id":43756,"date":"2026-04-28T21:21:33","date_gmt":"2026-04-28T19:21:33","guid":{"rendered":"https:\/\/zlindesignweek.com\/2026\/?page_id=43756"},"modified":"2026-04-28T21:21:34","modified_gmt":"2026-04-28T19:21:34","slug":"slavnostni-zahajeni-festivalu","status":"publish","type":"page","link":"https:\/\/zlindesignweek.com\/2026\/slavnostni-zahajeni-festivalu\/","title":{"rendered":"Slavnostn\u00ed zah\u00e1jen\u00ed festivalu"},"content":{"rendered":"\n<div class=\"wp-block-group\"><div class=\"wp-block-group__inner-container is-layout-constrained wp-block-group-is-layout-constrained\">\n<p><mark style=\"background-color:rgba(0, 0, 0, 0)\" class=\"has-inline-color has-zdw-color\">Lokace:<\/mark> Z\u00e1mek Zl\u00edn<br><mark style=\"background-color:rgba(0, 0, 0, 0)\" class=\"has-inline-color has-zdw-color\">Datum:<\/mark> 6.&nbsp;5.&nbsp;2026<br><mark style=\"background-color:rgba(0, 0, 0, 0)\" class=\"has-inline-color has-zdw-color\">\u010cas:<\/mark> 18:00 &#8211; 18:15<br><mark style=\"background-color:rgba(0, 0, 0, 0)\" class=\"has-inline-color has-zdw-color\">Vstupn\u00e9: <\/mark>Zdarma<\/p>\n\n\n\n<p>Abychom si start festivalu u\u017eili, zah\u00e1j\u00edme ho na jedn\u00e9 z&nbsp;na\u0161ich festivalov\u00fdch lokac\u00ed, na Zl\u00ednsk\u00e9m z\u00e1mku. \u010cek\u00e1 t\u011b vernis\u00e1\u017e <a href=\"https:\/\/zlindesignweek.com\/2026\/hlavni-festivalova-vystava-all-you-need-is-design\/\">Hlavn\u00ed festivalov\u00e9 v\u00fdstavy All you need is design<\/a> i&nbsp;<a href=\"https:\/\/zlindesignweek.com\/2026\/fashion-performance-x-slovak-fashion-council\/\">Fashion performance LUM\u00f3 \u00d7 Tren\u010d\u00edn 2026<\/a>, kter\u00e9 ti p\u0159ibl\u00ed\u017e\u00ed sou\u010dasn\u00e9 trendy i&nbsp;t\u00e9mata v&nbsp;designu. M\u016f\u017ee\u0161 se tak pod\u00edvat na to, jak sou\u010dasn\u00ed design\u00e9\u0159i a&nbsp;design\u00e9rky tvo\u0159\u00ed, a&nbsp;cel\u00fd ve\u010der zakon\u010dit <a href=\"https:\/\/zlindesignweek.com\/2026\/osoba\/dj-set-x-jakub-vraga\/\">DJ setem Jakuba Vr\u00e1gy<\/a>.<\/p>\n<\/div><\/div>\n","protected":false},"excerpt":{"rendered":"Lokace: Z\u00e1mek Zl\u00ednDatum: 6.&nbsp;5.&nbsp;2026\u010cas: 18:00 &#8211; 18:15Vstupn\u00e9: Zdarma Abychom si start festivalu u\u017eili, zah\u00e1j\u00edme ho na jedn\u00e9 z&nbsp;na\u0161ich festivalov\u00fdch lokac\u00ed, na Zl\u00ednsk\u00e9m z\u00e1mku. \u010cek\u00e1 t\u011b [&hellip;]","protected":false},"author":52,"featured_media":0,"parent":0,"menu_order":0,"comment_status":"closed","ping_status":"closed","template":"","meta":{"_acf_changed":false,"footnotes":""},"class_list":["post-43756","page","type-page","status-publish","hentry"],"acf":[],"_links":{"self":[{"href":"https:\/\/zlindesignweek.com\/2026\/wp-json\/wp\/v2\/pages\/43756","targetHints":{"allow":["GET"]}}],"collection":[{"href":"https:\/\/zlindesignweek.com\/2026\/wp-json\/wp\/v2\/pages"}],"about":[{"href":"https:\/\/zlindesignweek.com\/2026\/wp-json\/wp\/v2\/types\/page"}],"author":[{"embeddable":true,"href":"https:\/\/zlindesignweek.com\/2026\/wp-json\/wp\/v2\/users\/52"}],"replies":[{"embeddable":true,"href":"https:\/\/zlindesignweek.com\/2026\/wp-json\/wp\/v2\/comments?post=43756"}],"version-history":[{"count":1,"href":"https:\/\/zlindesignweek.com\/2026\/wp-json\/wp\/v2\/pages\/43756\/revisions"}],"predecessor-version":[{"id":43760,"href":"https:\/\/zlindesignweek.com\/2026\/wp-json\/wp\/v2\/pages\/43756\/revisions\/43760"}],"wp:attachment":[{"href":"https:\/\/zlindesignweek.com\/2026\/wp-json\/wp\/v2\/media?parent=43756"}],"curies":[{"name":"wp","href":"https:\/\/api.w.org\/{rel}","templated":true}]}}

Slavnostní zahájení festivalu

<div class="wp-block-group"><div class="wp-block-group__inner-container is-layout-constrained wp-block-group-is-layout-constrained">
<p><mark style="background-color:rgba(0, 0, 0, 0)" class="has-inline-color has-zdw-color">Lokace:</mark> Zámek Zlín<br><mark style="background-color:rgba(0, 0, 0, 0)" class="has-inline-color has-zdw-color">Datum:</mark> 6.&nbsp;5.&nbsp;2026<br><mark style="background-color:rgba(0, 0, 0, 0)" class="has-inline-color has-zdw-color">Čas:</mark> 18:00 &#8211; 18:15<br><mark style="background-color:rgba(0, 0, 0, 0)" class="has-inline-color has-zdw-color">Vstupné: </mark>Zdarma</p>



<p>Abychom si start festivalu užili, zahájíme ho na jedné z&nbsp;našich festivalových lokací, na Zlínském zámku. Čeká tě vernisáž <a href="https://zlindesignweek.com/2026/hlavni-festivalova-vystava-all-you-need-is-design/">Hlavní festivalové výstavy All you need is design</a> i&nbsp;<a href="https://zlindesignweek.com/2026/fashion-performance-x-slovak-fashion-council/">Fashion performance LUMó × Trenčín 2026</a>, které ti přiblíží současné trendy i&nbsp;témata v&nbsp;designu. Můžeš se tak podívat na to, jak současní designéři a&nbsp;designérky tvoří, a&nbsp;celý večer zakončit <a href="https://zlindesignweek.com/2026/osoba/dj-set-x-jakub-vraga/">DJ setem Jakuba Vrágy</a>.</p>
</div></div>

Lokace: Zámek ZlínDatum: 6.&nbsp;5.&nbsp;2026Čas: 18:00 &#8211; 18:15Vstupné: Zdarma Abychom si start festivalu užili, zahájíme ho na jedné z&nbsp;našich festivalových lokací, na Zlínském zámku. Čeká tě [&hellip;]
