{"id":43739,"date":"2026-04-28T21:08:55","date_gmt":"2026-04-28T19:08:55","guid":{"rendered":"https:\/\/zlindesignweek.com\/2026\/?page_id=43739"},"modified":"2026-04-28T21:08:59","modified_gmt":"2026-04-28T19:08:59","slug":"chillout-zona","status":"publish","type":"page","link":"https:\/\/zlindesignweek.com\/2026\/chillout-zona\/","title":{"rendered":"CHILLOUT z\u00f3na"},"content":{"rendered":"\n<div class=\"wp-block-group\"><div class=\"wp-block-group__inner-container is-layout-constrained wp-block-group-is-layout-constrained\">\n<p><mark style=\"background-color:rgba(0, 0, 0, 0)\" class=\"has-inline-color has-zdw-color\">Lokace:<\/mark> KOMA modul (Park Komensk\u00e9ho, Zl\u00edn)<br><mark style=\"background-color:rgba(0, 0, 0, 0)\" class=\"has-inline-color has-zdw-color\">Datum:<\/mark> 6. &#8211; 12.&nbsp;5.&nbsp;2026<br><mark style=\"background-color:rgba(0, 0, 0, 0)\" class=\"has-inline-color has-zdw-color\">Denn\u011b: <\/mark>10:00 &#8211; 18:00<br><mark style=\"background-color:rgba(0, 0, 0, 0)\" class=\"has-inline-color has-zdw-color\">Vstupn\u00e9:<\/mark> Zdarma<\/p>\n\n\n\n<p>Program je letos nabit\u00fd sportem, tak nen\u00ed na \u0161kodu si ob\u010das dop\u0159\u00e1t trochu klidu. My rozhodn\u011b \u0159\u00edk\u00e1me ano. Proto jsme p\u0159ipravili CHILLOUT z\u00f3nu, kde najde\u0161 prostor pro odpo\u010dinek i&nbsp;program, u&nbsp;kter\u00e9ho se m\u016f\u017ee\u0161 zabavit a&nbsp;zklidnit.<\/p>\n\n\n\n<p>Chce\u0161 si n\u011bco odn\u00e9st a&nbsp;z\u00e1rove\u0148 i&nbsp;darovat? Nevynechej <a href=\"https:\/\/zlindesignweek.com\/2026\/zdw-swap-morning-disco\/\"><strong>ZDW Swap &amp; Morning Disco<\/strong><\/a>. V&nbsp;p\u00e1tek se m\u016f\u017ee\u0161 zastavit i&nbsp;na Marka Ku\u017ami\u0144sk\u00e9ho, kter\u00fd v&nbsp;r\u00e1mci <a href=\"https:\/\/zlindesignweek.com\/2026\/design-kantyna\/\"><strong>Design KANT\u00ddNY<\/strong><\/a> va\u0159\u00ed a&nbsp;mluv\u00ed o&nbsp;inkluzivn\u00edm designu.<\/p>\n\n\n\n<p>B\u011bhem t\u00fddne t\u011b \u010dekaj\u00ed workshopy, kter\u00e9 nab\u00edz\u00edme ve form\u011b tvo\u0159en\u00ed nebo edukac\u00ed. N\u011bkter\u00e9 prob\u011bhnou p\u0159\u00edmo tady, tak si nenech uj\u00edt <a href=\"https:\/\/zlindesignweek.com\/2026\/textil-pro-dusi-plysodusak\/\"><strong>Workshop PLY\u0160ODU\u0160\u00c1K: textil pro du\u0161i \u00d7 Karol\u00edna Kop\u0159ivov\u00e1<\/strong><\/a> nebo <a href=\"https:\/\/zlindesignweek.com\/2026\/designeri-detem\/\"><strong>Workshop Tvo\u0159en\u00ed s&nbsp;d\u011btmi: druh\u00fd \u017eivot materi\u00e1l\u016fm \u00d7 Design\u00e9\u0159i d\u011btem<\/strong><\/a>.<br>A pokud si ve zru\u010dnosti \u00fapln\u011b nev\u011b\u0159\u00ed\u0161, m\u016f\u017ee\u0161 zkusit <strong>autorskou karetn\u00ed hru Doughnut Czechia \u00d7 design\u00e9r Luk\u00e1\u0161 Jan N\u011bmec<\/strong>.<\/p>\n\n\n\n<h3 class=\"wp-block-heading\">Kudy tudy do CHILLOUT z\u00f3ny?<\/h3>\n\n\n\n<p>CHILL OUT z\u00f3nu najde\u0161 v&nbsp;Parku Komensk\u00e9ho v&nbsp;podob\u011b KOMA modulu.<\/p>\n<\/div><\/div>\n\n\n\n<div class=\"wp-block-group\"><div class=\"wp-block-group__inner-container is-layout-constrained wp-block-group-is-layout-constrained\">\n<p><em>MHD:<\/em> Trolejbusem je to nejkrat\u0161\u00ed ze zast\u00e1vky \u0160koln\u00ed anebo n\u00e1m\u011bst\u00ed M\u00edru.<br><strong>Autem:<\/strong> Ve Zl\u00edn\u011b je mo\u017en\u00e9 vyu\u017e\u00edt placen\u00fdch parkovi\u0161\u0165 Gahurova anebo v&nbsp;kongresov\u00e9m centru. Obecn\u011b je ale ve Zl\u00edn\u011b probl\u00e9m s&nbsp;parkov\u00e1n\u00edm, tak\u017ee doporu\u010dujeme pokud mo\u017eno p\u0159ij\u00edt rad\u0161i \u201cpo sv\u00fdch\u201d.<\/p>\n\n\n\n<p>Pokud m\u00e1\u0161 jak\u00e9koliv specifick\u00e9 pot\u0159eby a\/nebo v\u00e1h\u00e1\u0161, zda je program pro tebe, nev\u00e1hej se n\u00e1m ozvat, a\u0165 u\u017e mailem: anna.svobodova@zlindesignweek.com nebo telefonicky\/SMS: +420&nbsp;733&nbsp;144&nbsp;711.<\/p>\n\n\n\n<p>Na\u0161\u00edm c\u00edlem je zp\u0159\u00edstup\u0148ovat festival co nejv\u00edce lidem dok\u00e1\u017eeme \u2013 moc r\u00e1di ti porad\u00edme a&nbsp;pom\u016f\u017eeme vymyslet alternativn\u00ed mo\u017enosti.<\/p>\n<\/div><\/div>\n","protected":false},"excerpt":{"rendered":"Lokace: KOMA modul (Park Komensk\u00e9ho, Zl\u00edn)Datum: 6. &#8211; 12.&nbsp;5.&nbsp;2026Denn\u011b: 10:00 &#8211; 18:00Vstupn\u00e9: Zdarma Program je letos nabit\u00fd sportem, tak nen\u00ed na \u0161kodu si ob\u010das dop\u0159\u00e1t [&hellip;]","protected":false},"author":52,"featured_media":0,"parent":0,"menu_order":0,"comment_status":"closed","ping_status":"closed","template":"","meta":{"_acf_changed":false,"footnotes":""},"class_list":["post-43739","page","type-page","status-publish","hentry"],"acf":[],"_links":{"self":[{"href":"https:\/\/zlindesignweek.com\/2026\/wp-json\/wp\/v2\/pages\/43739","targetHints":{"allow":["GET"]}}],"collection":[{"href":"https:\/\/zlindesignweek.com\/2026\/wp-json\/wp\/v2\/pages"}],"about":[{"href":"https:\/\/zlindesignweek.com\/2026\/wp-json\/wp\/v2\/types\/page"}],"author":[{"embeddable":true,"href":"https:\/\/zlindesignweek.com\/2026\/wp-json\/wp\/v2\/users\/52"}],"replies":[{"embeddable":true,"href":"https:\/\/zlindesignweek.com\/2026\/wp-json\/wp\/v2\/comments?post=43739"}],"version-history":[{"count":3,"href":"https:\/\/zlindesignweek.com\/2026\/wp-json\/wp\/v2\/pages\/43739\/revisions"}],"predecessor-version":[{"id":43743,"href":"https:\/\/zlindesignweek.com\/2026\/wp-json\/wp\/v2\/pages\/43739\/revisions\/43743"}],"wp:attachment":[{"href":"https:\/\/zlindesignweek.com\/2026\/wp-json\/wp\/v2\/media?parent=43739"}],"curies":[{"name":"wp","href":"https:\/\/api.w.org\/{rel}","templated":true}]}}

CHILLOUT zóna

<div class="wp-block-group"><div class="wp-block-group__inner-container is-layout-constrained wp-block-group-is-layout-constrained">
<p><mark style="background-color:rgba(0, 0, 0, 0)" class="has-inline-color has-zdw-color">Lokace:</mark> KOMA modul (Park Komenského, Zlín)<br><mark style="background-color:rgba(0, 0, 0, 0)" class="has-inline-color has-zdw-color">Datum:</mark> 6. &#8211; 12.&nbsp;5.&nbsp;2026<br><mark style="background-color:rgba(0, 0, 0, 0)" class="has-inline-color has-zdw-color">Denně: </mark>10:00 &#8211; 18:00<br><mark style="background-color:rgba(0, 0, 0, 0)" class="has-inline-color has-zdw-color">Vstupné:</mark> Zdarma</p>



<p>Program je letos nabitý sportem, tak není na škodu si občas dopřát trochu klidu. My rozhodně říkáme ano. Proto jsme připravili CHILLOUT zónu, kde najdeš prostor pro odpočinek i&nbsp;program, u&nbsp;kterého se můžeš zabavit a&nbsp;zklidnit.</p>



<p>Chceš si něco odnést a&nbsp;zároveň i&nbsp;darovat? Nevynechej <a href="https://zlindesignweek.com/2026/zdw-swap-morning-disco/"><strong>ZDW Swap &amp; Morning Disco</strong></a>. V&nbsp;pátek se můžeš zastavit i&nbsp;na Marka Kuźmińského, který v&nbsp;rámci <a href="https://zlindesignweek.com/2026/design-kantyna/"><strong>Design KANTÝNY</strong></a> vaří a&nbsp;mluví o&nbsp;inkluzivním designu.</p>



<p>Během týdne tě čekají workshopy, které nabízíme ve formě tvoření nebo edukací. Některé proběhnou přímo tady, tak si nenech ujít <a href="https://zlindesignweek.com/2026/textil-pro-dusi-plysodusak/"><strong>Workshop PLYŠODUŠÁK: textil pro duši × Karolína Kopřivová</strong></a> nebo <a href="https://zlindesignweek.com/2026/designeri-detem/"><strong>Workshop Tvoření s&nbsp;dětmi: druhý život materiálům × Designéři dětem</strong></a>.<br>A pokud si ve zručnosti úplně nevěříš, můžeš zkusit <strong>autorskou karetní hru Doughnut Czechia × designér Lukáš Jan Němec</strong>.</p>



<h3 class="wp-block-heading">Kudy tudy do CHILLOUT zóny?</h3>



<p>CHILL OUT zónu najdeš v&nbsp;Parku Komenského v&nbsp;podobě KOMA modulu.</p>
</div></div>



<div class="wp-block-group"><div class="wp-block-group__inner-container is-layout-constrained wp-block-group-is-layout-constrained">
<p><em>MHD:</em> Trolejbusem je to nejkratší ze zastávky Školní anebo náměstí Míru.<br><strong>Autem:</strong> Ve Zlíně je možné využít placených parkovišť Gahurova anebo v&nbsp;kongresovém centru. Obecně je ale ve Zlíně problém s&nbsp;parkováním, takže doporučujeme pokud možno přijít radši “po svých”.</p>



<p>Pokud máš jakékoliv specifické potřeby a/nebo váháš, zda je program pro tebe, neváhej se nám ozvat, ať už mailem: anna.svobodova@zlindesignweek.com nebo telefonicky/SMS: +420&nbsp;733&nbsp;144&nbsp;711.</p>



<p>Naším cílem je zpřístupňovat festival co nejvíce lidem dokážeme – moc rádi ti poradíme a&nbsp;pomůžeme vymyslet alternativní možnosti.</p>
</div></div>

Lokace: KOMA modul (Park Komenského, Zlín)Datum: 6. &#8211; 12.&nbsp;5.&nbsp;2026Denně: 10:00 &#8211; 18:00Vstupné: Zdarma Program je letos nabitý sportem, tak není na škodu si občas dopřát [&hellip;]
