{"id":43720,"date":"2026-04-28T20:38:10","date_gmt":"2026-04-28T18:38:10","guid":{"rendered":"https:\/\/zlindesignweek.com\/2026\/?page_id=43720"},"modified":"2026-04-28T20:38:22","modified_gmt":"2026-04-28T18:38:22","slug":"workshop-linocut-cut-it-out","status":"publish","type":"page","link":"https:\/\/zlindesignweek.com\/2026\/en\/workshop-linocut-cut-it-out\/","title":{"rendered":"Workshop Linocut: cut it out!"},"content":{"rendered":"\n<div class=\"wp-block-group\"><div class=\"wp-block-group__inner-container is-layout-constrained wp-block-group-is-layout-constrained\">\n<p><mark style=\"background-color:rgba(0, 0, 0, 0)\" class=\"has-inline-color has-zdw-color\">Location:<\/mark> KOMA module (N\u00e1m\u011bst\u00ed M\u00edru Square, Zlin)<br><mark style=\"background-color:rgba(0, 0, 0, 0)\" class=\"has-inline-color has-zdw-color\">Date: <\/mark>9 May, 2026<br><mark style=\"background-color:rgba(0, 0, 0, 0)\" class=\"has-inline-color has-zdw-color\">Time:<\/mark> 10 AM \u2013 6 PM\u00a0<br><mark style=\"background-color:rgba(0, 0, 0, 0)\" class=\"has-inline-color has-zdw-color\">Admission:<\/mark> Free (Price for making your own linocut: 60 CZK)<\/p>\n\n\n\n<p>Want to create your own branded fabric or send someone a&nbsp;postcard from Zlin Design Week? During this creative workshop, you can print on paper or your own fabric using the linocut technique. You can choose from pre-made stencils or create your own design and print it right away.<\/p>\n<\/div><\/div>\n","protected":false},"excerpt":{"rendered":"Location: KOMA module (N\u00e1m\u011bst\u00ed M\u00edru Square, Zlin)Date: 9 May, 2026Time: 10 AM \u2013 6 PM\u00a0Admission: Free (Price for making your own linocut: 60 CZK) Want [&hellip;]","protected":false},"author":52,"featured_media":0,"parent":0,"menu_order":0,"comment_status":"closed","ping_status":"closed","template":"","meta":{"_acf_changed":false,"footnotes":""},"class_list":["post-43720","page","type-page","status-publish","hentry"],"acf":[],"_links":{"self":[{"href":"https:\/\/zlindesignweek.com\/2026\/wp-json\/wp\/v2\/pages\/43720","targetHints":{"allow":["GET"]}}],"collection":[{"href":"https:\/\/zlindesignweek.com\/2026\/wp-json\/wp\/v2\/pages"}],"about":[{"href":"https:\/\/zlindesignweek.com\/2026\/wp-json\/wp\/v2\/types\/page"}],"author":[{"embeddable":true,"href":"https:\/\/zlindesignweek.com\/2026\/wp-json\/wp\/v2\/users\/52"}],"replies":[{"embeddable":true,"href":"https:\/\/zlindesignweek.com\/2026\/wp-json\/wp\/v2\/comments?post=43720"}],"version-history":[{"count":1,"href":"https:\/\/zlindesignweek.com\/2026\/wp-json\/wp\/v2\/pages\/43720\/revisions"}],"predecessor-version":[{"id":43721,"href":"https:\/\/zlindesignweek.com\/2026\/wp-json\/wp\/v2\/pages\/43720\/revisions\/43721"}],"wp:attachment":[{"href":"https:\/\/zlindesignweek.com\/2026\/wp-json\/wp\/v2\/media?parent=43720"}],"curies":[{"name":"wp","href":"https:\/\/api.w.org\/{rel}","templated":true}]}}