{"id":43571,"date":"2026-04-25T09:14:10","date_gmt":"2026-04-25T07:14:10","guid":{"rendered":"https:\/\/zlindesignweek.com\/2026\/?page_id=43571"},"modified":"2026-04-25T09:14:04","modified_gmt":"2026-04-25T07:14:04","slug":"instalace-ld-seating","status":"publish","type":"page","link":"https:\/\/zlindesignweek.com\/2026\/instalace-ld-seating\/","title":{"rendered":"Instalace LD Seating"},"content":{"rendered":"\n<div class=\"wp-block-group\"><div class=\"wp-block-group__inner-container is-layout-constrained wp-block-group-is-layout-constrained\">\n<p><mark style=\"background-color:rgba(0, 0, 0, 0)\" class=\"has-inline-color has-zdw-color\">Lokace:<\/mark> KOMA modul na ulici Soudn\u00ed<br><mark style=\"background-color:rgba(0, 0, 0, 0)\" class=\"has-inline-color has-zdw-color\">Term\u00edn v\u00fdstavy:<\/mark> 6.\u201312.&nbsp;5.&nbsp;2026<br><mark style=\"background-color:rgba(0, 0, 0, 0)\" class=\"has-inline-color has-zdw-color\">Denn\u011b:<\/mark> 10:00\u201318:00<br><mark style=\"background-color:rgba(0, 0, 0, 0)\" class=\"has-inline-color has-zdw-color\">Vstupn\u00e9:<\/mark> Zdarma<\/p>\n\n\n\n<h3 class=\"wp-block-heading\">JAK TO VYPAD\u00c1 KDY\u017d SE FIRMA SPOJ\u00cd SE STUDENTY?<\/h3>\n\n\n\n<p>Rodinn\u00e1 firma LD Seating se ji\u017e \u010dtvrt\u00fdm rokem p\u0159edstavuje v&nbsp;ulic\u00edch Zl\u00edna v&nbsp;r\u00e1mci festivalu Zlin Design Week prost\u0159ednictv\u00edm instalace um\u00edst\u011bn\u00e9 v&nbsp;modulu KOMA.<\/p>\n\n\n\n<p>Leto\u0161n\u00ed instalace vznikla ve spolupr\u00e1ci se studenty prvn\u00edho ro\u010dn\u00edku Ateli\u00e9ru Tvorby prostoru na Univerzit\u011b Tom\u00e1\u0161e Bati ve Zl\u00edn\u011b a&nbsp;je navr\u017eena na m\u00edru nov\u00e9 kolekci k\u0159esel Terra Lounge, kterou pro LD Seating navrhnulo renomovan\u00e9 italsk\u00e9 studio Orlandini Design.<\/p>\n\n\n\n<p>Z dev\u00edti studentsk\u00fdch n\u00e1vrh\u016f, kter\u00e9 vznikly pod veden\u00edm Ing. arch. Kamila Kol\u00e1\u010dka, vybral t\u00fdm LD Seating v\u00edt\u011bzn\u00fd koncept autorky B\u00e1ry Urb\u00e1nkov\u00e9. Instalace je k&nbsp;vid\u011bn\u00ed na ulici Soudn\u00ed p\u0159ed budovou \u010cesk\u00e1 spo\u0159itelna. P\u0159ij\u010fte se pod\u00edvat!<\/p>\n<\/div><\/div>\n","protected":false},"excerpt":{"rendered":"Lokace: KOMA modul na ulici Soudn\u00edTerm\u00edn v\u00fdstavy: 6.\u201312.&nbsp;5.&nbsp;2026Denn\u011b: 10:00\u201318:00Vstupn\u00e9: Zdarma JAK TO VYPAD\u00c1 KDY\u017d SE FIRMA SPOJ\u00cd SE STUDENTY? Rodinn\u00e1 firma LD Seating se ji\u017e [&hellip;]","protected":false},"author":52,"featured_media":0,"parent":0,"menu_order":0,"comment_status":"closed","ping_status":"closed","template":"","meta":{"_acf_changed":false,"footnotes":""},"class_list":["post-43571","page","type-page","status-publish","hentry"],"acf":[],"_links":{"self":[{"href":"https:\/\/zlindesignweek.com\/2026\/wp-json\/wp\/v2\/pages\/43571","targetHints":{"allow":["GET"]}}],"collection":[{"href":"https:\/\/zlindesignweek.com\/2026\/wp-json\/wp\/v2\/pages"}],"about":[{"href":"https:\/\/zlindesignweek.com\/2026\/wp-json\/wp\/v2\/types\/page"}],"author":[{"embeddable":true,"href":"https:\/\/zlindesignweek.com\/2026\/wp-json\/wp\/v2\/users\/52"}],"replies":[{"embeddable":true,"href":"https:\/\/zlindesignweek.com\/2026\/wp-json\/wp\/v2\/comments?post=43571"}],"version-history":[{"count":4,"href":"https:\/\/zlindesignweek.com\/2026\/wp-json\/wp\/v2\/pages\/43571\/revisions"}],"predecessor-version":[{"id":43578,"href":"https:\/\/zlindesignweek.com\/2026\/wp-json\/wp\/v2\/pages\/43571\/revisions\/43578"}],"wp:attachment":[{"href":"https:\/\/zlindesignweek.com\/2026\/wp-json\/wp\/v2\/media?parent=43571"}],"curies":[{"name":"wp","href":"https:\/\/api.w.org\/{rel}","templated":true}]}}

<div class="wp-block-group"><div class="wp-block-group__inner-container is-layout-constrained wp-block-group-is-layout-constrained">
<p><mark style="background-color:rgba(0, 0, 0, 0)" class="has-inline-color has-zdw-color">Lokace:</mark> KOMA modul na ulici Soudní<br><mark style="background-color:rgba(0, 0, 0, 0)" class="has-inline-color has-zdw-color">Termín výstavy:</mark> 6.–12.&nbsp;5.&nbsp;2026<br><mark style="background-color:rgba(0, 0, 0, 0)" class="has-inline-color has-zdw-color">Denně:</mark> 10:00–18:00<br><mark style="background-color:rgba(0, 0, 0, 0)" class="has-inline-color has-zdw-color">Vstupné:</mark> Zdarma</p>



<h3 class="wp-block-heading">JAK TO VYPADÁ KDYŽ SE FIRMA SPOJÍ SE STUDENTY?</h3>



<p>Rodinná firma LD Seating se již čtvrtým rokem představuje v&nbsp;ulicích Zlína v&nbsp;rámci festivalu Zlin Design Week prostřednictvím instalace umístěné v&nbsp;modulu KOMA.</p>



<p>Letošní instalace vznikla ve spolupráci se studenty prvního ročníku Ateliéru Tvorby prostoru na Univerzitě Tomáše Bati ve Zlíně a&nbsp;je navržena na míru nové kolekci křesel Terra Lounge, kterou pro LD Seating navrhnulo renomované italské studio Orlandini Design.</p>



<p>Z devíti studentských návrhů, které vznikly pod vedením Ing. arch. Kamila Koláčka, vybral tým LD Seating vítězný koncept autorky Báry Urbánkové. Instalace je k&nbsp;vidění na ulici Soudní před budovou Česká spořitelna. Přijďte se podívat!</p>
</div></div>

Lokace: KOMA modul na ulici SoudníTermín výstavy: 6.–12.&nbsp;5.&nbsp;2026Denně: 10:00–18:00Vstupné: Zdarma JAK TO VYPADÁ KDYŽ SE FIRMA SPOJÍ SE STUDENTY? Rodinná firma LD Seating se již [&hellip;]
