{"id":41683,"date":"2026-03-09T14:39:28","date_gmt":"2026-03-09T13:39:28","guid":{"rendered":"https:\/\/zlindesignweek.com\/2026\/?page_id=41683"},"modified":"2026-03-28T14:43:00","modified_gmt":"2026-03-28T13:43:00","slug":"creating-is-love","status":"publish","type":"page","link":"https:\/\/zlindesignweek.com\/2026\/en\/creating-is-love\/","title":{"rendered":"Creative workshop ROBOTA"},"content":{"rendered":"\n<div style=\"height:100px\" aria-hidden=\"true\" class=\"wp-block-spacer\"><\/div>\n\n\n\n<div class=\"wp-block-group\"><div class=\"wp-block-group__inner-container is-layout-constrained wp-block-group-is-layout-constrained\">\n<h3 class=\"wp-block-heading\"><mark style=\"background-color:rgba(0, 0, 0, 0)\" class=\"has-inline-color has-zdw-color\">Creative workshop ROBOTA<\/mark><\/h3>\n\n\n\n<h4 class=\"wp-block-heading\">The workshop will be led by the ROBOTA Creative Workshop<\/h4>\n\n\n\n<p><mark style=\"background-color:rgba(0, 0, 0, 0)\" class=\"has-inline-color has-zdw-color\"><strong>Location<\/strong>:<\/mark>\u00a0Building 44 in the Svit complex (\u0160edes\u00e1t\u00e1 44, Zlin)<br><mark style=\"background-color:rgba(0, 0, 0, 0)\" class=\"has-inline-color has-zdw-color\">Date:<\/mark> 7 May 2026<br><mark style=\"background-color:rgba(0, 0, 0, 0)\" class=\"has-inline-color has-zdw-color\"><strong>Time<\/strong>:<\/mark>\u00a08:30 AM \u2013 12 PM<br><mark style=\"background-color:rgba(0, 0, 0, 0)\" class=\"has-inline-color has-zdw-color\"><strong>Admission<\/strong>:<\/mark> CZK 150 per student<\/p>\n\n\n\n<p>The workshop combines recycling, manual work, and digital production. It focuses mainly on the joy of creation itself and on the moment when a&nbsp;person concentrates only on the work here and now. You will get to know the creative workshop space and try working with materials that would otherwise end up as waste. Using laser cutting or engraving, you will give them new meaning. The most important thing is the process of creation and working with your hands.<\/p>\n\n\n\n<p>At the end, you will have created a&nbsp;personal object that combines handiwork with digital technology. The workshop develops creative thinking, a&nbsp;feel for materials, and a&nbsp;more responsible approach to production.<\/p>\n<\/div><\/div>\n","protected":false},"excerpt":{"rendered":"Creative workshop ROBOTA The workshop will be led by the ROBOTA Creative Workshop Location:\u00a0Building 44 in the Svit complex (\u0160edes\u00e1t\u00e1 44, Zlin)Date: 7 May 2026Time:\u00a08:30 [&hellip;]","protected":false},"author":52,"featured_media":0,"parent":0,"menu_order":0,"comment_status":"closed","ping_status":"closed","template":"templates\/no-title.php","meta":{"_acf_changed":false,"footnotes":""},"class_list":["post-41683","page","type-page","status-publish","hentry"],"acf":[],"_links":{"self":[{"href":"https:\/\/zlindesignweek.com\/2026\/wp-json\/wp\/v2\/pages\/41683","targetHints":{"allow":["GET"]}}],"collection":[{"href":"https:\/\/zlindesignweek.com\/2026\/wp-json\/wp\/v2\/pages"}],"about":[{"href":"https:\/\/zlindesignweek.com\/2026\/wp-json\/wp\/v2\/types\/page"}],"author":[{"embeddable":true,"href":"https:\/\/zlindesignweek.com\/2026\/wp-json\/wp\/v2\/users\/52"}],"replies":[{"embeddable":true,"href":"https:\/\/zlindesignweek.com\/2026\/wp-json\/wp\/v2\/comments?post=41683"}],"version-history":[{"count":3,"href":"https:\/\/zlindesignweek.com\/2026\/wp-json\/wp\/v2\/pages\/41683\/revisions"}],"predecessor-version":[{"id":42647,"href":"https:\/\/zlindesignweek.com\/2026\/wp-json\/wp\/v2\/pages\/41683\/revisions\/42647"}],"wp:attachment":[{"href":"https:\/\/zlindesignweek.com\/2026\/wp-json\/wp\/v2\/media?parent=41683"}],"curies":[{"name":"wp","href":"https:\/\/api.w.org\/{rel}","templated":true}]}}