{"id":41316,"date":"2026-03-09T00:36:59","date_gmt":"2026-03-08T23:36:59","guid":{"rendered":"https:\/\/zlindesignweek.com\/2026\/?page_id=41316"},"modified":"2026-04-10T10:49:51","modified_gmt":"2026-04-10T08:49:51","slug":"flash-talks-powered-by-pechakucha","status":"publish","type":"page","link":"https:\/\/zlindesignweek.com\/2026\/flash-talks-powered-by-pechakucha\/","title":{"rendered":"Flash Talks, Powered by PechaKucha"},"content":{"rendered":"\n<div class=\"wp-block-group\"><div class=\"wp-block-group__inner-container is-layout-constrained wp-block-group-is-layout-constrained\">\n<p><mark style=\"background-color:rgba(0, 0, 0, 0)\" class=\"has-inline-color has-zdw-color\"><strong>Lokace<\/strong>:&nbsp;<\/mark>Divadlo Mal\u00e1 sc\u00e9na (\u0160tef\u00e1nikova 2987, Zl\u00edn)<br><mark style=\"background-color:rgba(0, 0, 0, 0)\" class=\"has-inline-color has-zdw-color\"><strong>Datum<\/strong>:<\/mark>&nbsp;10.&nbsp;5.&nbsp;2026<br><mark style=\"background-color:rgba(0, 0, 0, 0)\" class=\"has-inline-color has-zdw-color\"><strong>\u010cas<\/strong>:<\/mark>&nbsp;18:00\u201320:30<br><mark style=\"background-color:rgba(0, 0, 0, 0)\" class=\"has-inline-color has-zdw-color\"><strong>Vstupn\u00e9<\/strong>:<\/mark><br><\/p>\n\n\n\n<ul class=\"wp-block-list\">\n<li>dosp\u011bl\u00fd &#8211; 200&nbsp;K\u010d<\/li>\n\n\n\n<li>student &#8211; 150&nbsp;K\u010d<\/li>\n\n\n\n<li>ZTP &#8211; 50&nbsp;K\u010d<\/li>\n<\/ul>\n\n\n\n<div style=\"height:10px\" aria-hidden=\"true\" class=\"wp-block-spacer\"><\/div>\n\n\n\n<div class=\"wp-block-buttons is-layout-flex wp-block-buttons-is-layout-flex\">\n<div class=\"wp-block-button\"><a class=\"wp-block-button__link wp-element-button\" href=\"https:\/\/www.smsticket.cz\/vstupenky\/69113-flash-talks-powered-by-pechakucha-mala-scena-zlin-zlin\">KOUPIT VSTUPENKU<\/a><\/div>\n<\/div>\n\n\n\n<div style=\"height:15px\" aria-hidden=\"true\" class=\"wp-block-spacer\"><\/div>\n\n\n\n<p>Flash Talks, powered by PechaKucha na Zlin Design Weeku p\u0159in\u00e1\u0161\u00ed v\u00fdb\u011br design\u00e9r\u016f, kreativc\u016f, architekt\u016f, um\u011blc\u016f a&nbsp;dal\u0161\u00edch osobnost\u00ed z&nbsp;kreativn\u00edho a&nbsp;kulturn\u00edho prost\u0159ed\u00ed. B\u011bhem ve\u010dera vystoup\u00ed celkem 10 \u0159e\u010dn\u00edk\u016f.<\/p>\n\n\n\n<p>A proto\u017ee ti chceme nab\u00eddnout i&nbsp;n\u011bco nov\u00e9ho, leto\u0161n\u00ed ve\u010der otev\u0159e t\u0159icetiminutov\u00e1 keynote<strong> <\/strong>se Sarou Polak. Cel\u00fdm programem t\u011b provede dramaturgyn\u011b festivalu Nat\u00e1lie Vencovsk\u00e1 a&nbsp;po&nbsp;keynote ve\u010der pokra\u010duje s\u00e9ri\u00ed kr\u00e1tk\u00fdch prezentac\u00ed v&nbsp;klasick\u00e9m form\u00e1tu PechaKucha 20\u00d720.<\/p>\n\n\n\n<p>A jak vlastn\u011b PechaKucha vypad\u00e1? Ka\u017ed\u00fd \u0159e\u010dn\u00edk m\u00e1 20 obr\u00e1zk\u016f a&nbsp;ke ka\u017ed\u00e9mu m\u016f\u017ee mluvit jen 20 vte\u0159in \u2013 cel\u00e1 prezentace tak trv\u00e1 pouh\u00fdch 6 minut a&nbsp;40 vte\u0159in.<\/p>\n\n\n\n<p>Form\u00e1t vznikl v&nbsp;Tokiu v&nbsp;\u00fanoru 2003 a&nbsp;dnes se po\u0159\u00e1d\u00e1 ve v\u00edce ne\u017e 1400 m\u011bstech po&nbsp;cel\u00e9m sv\u011bt\u011b.<\/p>\n\n\n\n<h3 class=\"wp-block-heading\">Koho letos usly\u0161\u00ed\u0161 v&nbsp;\u00favodn\u00ed keynote?<\/h3>\n\n\n    <a href=\"https:\/\/zlindesignweek.com\/2026\/osoba\/sara-polak\/\"\n       class=\"no-decoration\">\n        <div class=\"person-item\">\n            <img loading=\"lazy\" decoding=\"async\" width=\"560\" height=\"667\" src=\"https:\/\/zlindesignweek.com\/2026\/wp-content\/uploads\/2026\/03\/sara-polak-560x667.jpeg\" class=\"attachment-portrait size-portrait wp-post-image\" alt=\"\" \/>            <div class=\"person-item__bottom\">\n                <div class=\"person-item__text\">\n                    <h4 class=\"h5\">Sara Polak                    <\/h4>\n                    <small>Pro\u010d nejsme stroje<\/small>\n                <\/div>\n                <div class=\"person-item__button\">\n                    \u2192\n                <\/div>\n            <\/div>\n        <\/div>\n    <\/a>\n    \n\n\n<h3 class=\"wp-block-heading\">\u0158e\u010dn\u00edci<\/h3>\n\n\n    <a href=\"https:\/\/zlindesignweek.com\/2026\/osoba\/tereza-blahova\/\"\n       class=\"no-decoration\">\n        <div class=\"person-item\">\n            <img loading=\"lazy\" decoding=\"async\" width=\"560\" height=\"667\" src=\"https:\/\/zlindesignweek.com\/2026\/wp-content\/uploads\/2026\/03\/ambi-pullitry-2025-12-by-kuba-zeman-10286-560x667.jpg\" class=\"attachment-portrait size-portrait wp-post-image\" alt=\"\" \/>            <div class=\"person-item__bottom\">\n                <div class=\"person-item__text\">\n                    <h4 class=\"h5\">Tereza Bl\u00e1hov\u00e1 &#038; J\u00e1chym Kub\u016f                    <\/h4>\n                    <small>Tradi\u010dn\u00ed \u010desk\u00e9 p\u016fllitry<\/small>\n                <\/div>\n                <div class=\"person-item__button\">\n                    \u2192\n                <\/div>\n            <\/div>\n        <\/div>\n    <\/a>\n    \n\n    <a href=\"https:\/\/zlindesignweek.com\/2026\/osoba\/snizit-kulture-prah\/\"\n       class=\"no-decoration\">\n        <div class=\"person-item\">\n            <img loading=\"lazy\" decoding=\"async\" width=\"320\" height=\"480\" src=\"https:\/\/zlindesignweek.com\/2026\/wp-content\/uploads\/2026\/03\/skp-pavel.png\" class=\"attachment-portrait size-portrait wp-post-image\" alt=\"\" srcset=\"https:\/\/zlindesignweek.com\/2026\/wp-content\/uploads\/2026\/03\/skp-pavel.png 320w, https:\/\/zlindesignweek.com\/2026\/wp-content\/uploads\/2026\/03\/skp-pavel-250x375.png 250w\" sizes=\"auto, (max-width: 320px) 100vw, 320px\" \/>            <div class=\"person-item__bottom\">\n                <div class=\"person-item__text\">\n                    <h4 class=\"h5\">Sn\u00ed\u017eit kultu\u0159e pr\u00e1h                    <\/h4>\n                    <small>Platforma<\/small>\n                <\/div>\n                <div class=\"person-item__button\">\n                    \u2192\n                <\/div>\n            <\/div>\n        <\/div>\n    <\/a>\n    \n\n    <a href=\"https:\/\/zlindesignweek.com\/2026\/osoba\/david-kaspar\/\"\n       class=\"no-decoration\">\n        <div class=\"person-item\">\n            <img loading=\"lazy\" decoding=\"async\" width=\"560\" height=\"667\" src=\"https:\/\/zlindesignweek.com\/2026\/wp-content\/uploads\/2026\/03\/mezimesto-co-dokaze-kultura-david-book-5-560x667.jpeg\" class=\"attachment-portrait size-portrait wp-post-image\" alt=\"\" \/>            <div class=\"person-item__bottom\">\n                <div class=\"person-item__text\">\n                    <h4 class=\"h5\">David Ka\u0161par                    <\/h4>\n                    <small>Co dok\u00e1\u017ee kultura?<\/small>\n                <\/div>\n                <div class=\"person-item__button\">\n                    \u2192\n                <\/div>\n            <\/div>\n        <\/div>\n    <\/a>\n    \n\n    <a href=\"https:\/\/zlindesignweek.com\/2026\/osoba\/martin-utikal\/\"\n       class=\"no-decoration\">\n        <div class=\"person-item\">\n            <img loading=\"lazy\" decoding=\"async\" width=\"560\" height=\"667\" src=\"https:\/\/zlindesignweek.com\/2026\/wp-content\/uploads\/2026\/03\/martin-utikal-ph-jan-kolsky-01-560x667.jpg\" class=\"attachment-portrait size-portrait wp-post-image\" alt=\"\" \/>            <div class=\"person-item__bottom\">\n                <div class=\"person-item__text\">\n                    <h4 class=\"h5\">Martin Ut\u00edkal                    <\/h4>\n                    <small>Vizu\u00e1ln\u00ed identita Mari\u00e1nsk\u00fdch L\u00e1zn\u00ed<\/small>\n                <\/div>\n                <div class=\"person-item__button\">\n                    \u2192\n                <\/div>\n            <\/div>\n        <\/div>\n    <\/a>\n    \n\n    <a href=\"https:\/\/zlindesignweek.com\/2026\/osoba\/ctyrsten\/\"\n       class=\"no-decoration\">\n        <div class=\"person-item\">\n            <img loading=\"lazy\" decoding=\"async\" width=\"560\" height=\"667\" src=\"https:\/\/zlindesignweek.com\/2026\/wp-content\/uploads\/2026\/03\/ctyr-36465-560x667.jpg\" class=\"attachment-portrait size-portrait wp-post-image\" alt=\"\" \/>            <div class=\"person-item__bottom\">\n                <div class=\"person-item__text\">\n                    <h4 class=\"h5\">\u010cTY\u0158ST\u011aN                    <\/h4>\n                    <small>Projekt D\u016fm pro Julii<\/small>\n                <\/div>\n                <div class=\"person-item__button\">\n                    \u2192\n                <\/div>\n            <\/div>\n        <\/div>\n    <\/a>\n    \n\n    <a href=\"https:\/\/zlindesignweek.com\/2026\/osoba\/krouzek-intersekce\/\"\n       class=\"no-decoration\">\n        <div class=\"person-item\">\n            <img loading=\"lazy\" decoding=\"async\" width=\"560\" height=\"667\" src=\"https:\/\/zlindesignweek.com\/2026\/wp-content\/uploads\/2026\/04\/dscf3231-560x667.png\" class=\"attachment-portrait size-portrait wp-post-image\" alt=\"\" \/>            <div class=\"person-item__bottom\">\n                <div class=\"person-item__text\">\n                    <h4 class=\"h5\">KROU\u017dEK INTERSEKCE                    <\/h4>\n                    <small>Kolektivn\u00ed \u010dten\u00ed a&nbsp;u\u010den\u00ed<\/small>\n                <\/div>\n                <div class=\"person-item__button\">\n                    \u2192\n                <\/div>\n            <\/div>\n        <\/div>\n    <\/a>\n    \n\n    <a href=\"https:\/\/zlindesignweek.com\/2026\/osoba\/jakub-ondracek\/\"\n       class=\"no-decoration\">\n        <div class=\"person-item\">\n            <img loading=\"lazy\" decoding=\"async\" width=\"560\" height=\"667\" src=\"https:\/\/zlindesignweek.com\/2026\/wp-content\/uploads\/2026\/03\/4-seda-560x667.jpg\" class=\"attachment-portrait size-portrait wp-post-image\" alt=\"\" \/>            <div class=\"person-item__bottom\">\n                <div class=\"person-item__text\">\n                    <h4 class=\"h5\">Jakub Ondr\u00e1\u010dek                    <\/h4>\n                    <small>Re\u017eis\u00e9r a&nbsp;kameraman<\/small>\n                <\/div>\n                <div class=\"person-item__button\">\n                    \u2192\n                <\/div>\n            <\/div>\n        <\/div>\n    <\/a>\n    \n\n    <a href=\"https:\/\/zlindesignweek.com\/2026\/osoba\/michal-ondracek\/\"\n       class=\"no-decoration\">\n        <div class=\"person-item\">\n            <img loading=\"lazy\" decoding=\"async\" width=\"560\" height=\"667\" src=\"https:\/\/zlindesignweek.com\/2026\/wp-content\/uploads\/2026\/03\/michal-ondracek-05-25-7008-560x667.jpg\" class=\"attachment-portrait size-portrait wp-post-image\" alt=\"\" \/>            <div class=\"person-item__bottom\">\n                <div class=\"person-item__text\">\n                    <h4 class=\"h5\">Michal Ondr\u00e1\u010dek                    <\/h4>\n                    <small>Design\u00e9r<\/small>\n                <\/div>\n                <div class=\"person-item__button\">\n                    \u2192\n                <\/div>\n            <\/div>\n        <\/div>\n    <\/a>\n    \n\n    <a href=\"https:\/\/zlindesignweek.com\/2026\/osoba\/rozalie-zervanova\/\"\n       class=\"no-decoration\">\n        <div class=\"person-item\">\n            <img loading=\"lazy\" decoding=\"async\" width=\"560\" height=\"667\" src=\"https:\/\/zlindesignweek.com\/2026\/wp-content\/uploads\/2026\/04\/foto-tomas-kouba-560x667.jpg\" class=\"attachment-portrait size-portrait wp-post-image\" alt=\"\" \/>            <div class=\"person-item__bottom\">\n                <div class=\"person-item__text\">\n                    <h4 class=\"h5\">ROZ\u00c1LIE ZERVANOV\u00c1                    <\/h4>\n                    <small>Art directorka &#038; kreativn\u00ed producentka<\/small>\n                <\/div>\n                <div class=\"person-item__button\">\n                    \u2192\n                <\/div>\n            <\/div>\n        <\/div>\n    <\/a>\n    \n\n\n<p><\/p>\n\n\n\n<h3 class=\"wp-block-heading\">Letos se vid\u00edme v&nbsp;divadle, Jak to ale vypadalo vloni na z\u00e1mku?<\/h3>\n\n\n\n<div class=\"wp-block-cb-carousel-v2 cb-carousel-block\" data-cb-slides-per-view=\"1\" data-cb-slides-per-group=\"1\" data-cb-space-between=\"15\" data-cb-speed=\"300\" data-cb-navigation=\"true\" data-cb-pagination=\"true\" data-cb-breakpoints=\"{&quot;768&quot;:{&quot;slidesPerView&quot;:3,&quot;slidesPerGroup&quot;:1}}\"><div class=\"swiper\"><div class=\"cb-wrapper swiper-wrapper\">\n<div class=\"wp-block-cb-slide-v2 cb-slide swiper-slide\">\n<figure class=\"wp-block-image size-large\"><img loading=\"lazy\" decoding=\"async\" width=\"750\" height=\"1125\" src=\"https:\/\/zlindesignweek.com\/2026\/wp-content\/uploads\/2026\/03\/85-okunkova-pecakuca-zamek-7-750x1125.jpg\" alt=\"\" class=\"wp-image-41321\" srcset=\"https:\/\/zlindesignweek.com\/2026\/wp-content\/uploads\/2026\/03\/85-okunkova-pecakuca-zamek-7-750x1125.jpg 750w, https:\/\/zlindesignweek.com\/2026\/wp-content\/uploads\/2026\/03\/85-okunkova-pecakuca-zamek-7-500x750.jpg 500w, https:\/\/zlindesignweek.com\/2026\/wp-content\/uploads\/2026\/03\/85-okunkova-pecakuca-zamek-7-768x1152.jpg 768w, https:\/\/zlindesignweek.com\/2026\/wp-content\/uploads\/2026\/03\/85-okunkova-pecakuca-zamek-7-1024x1536.jpg 1024w, https:\/\/zlindesignweek.com\/2026\/wp-content\/uploads\/2026\/03\/85-okunkova-pecakuca-zamek-7-1366x2048.jpg 1366w, https:\/\/zlindesignweek.com\/2026\/wp-content\/uploads\/2026\/03\/85-okunkova-pecakuca-zamek-7-1440x2160.jpg 1440w, https:\/\/zlindesignweek.com\/2026\/wp-content\/uploads\/2026\/03\/85-okunkova-pecakuca-zamek-7-250x375.jpg 250w, https:\/\/zlindesignweek.com\/2026\/wp-content\/uploads\/2026\/03\/85-okunkova-pecakuca-zamek-7.jpg 1667w\" sizes=\"auto, (max-width: 750px) 100vw, 750px\" \/><\/figure>\n<\/div>\n\n\n\n<div class=\"wp-block-cb-slide-v2 cb-slide swiper-slide\">\n<figure class=\"wp-block-image size-large\"><img loading=\"lazy\" decoding=\"async\" width=\"750\" height=\"1125\" src=\"https:\/\/zlindesignweek.com\/2026\/wp-content\/uploads\/2026\/03\/85-okunkova-pecakuca-zamek-27-750x1125.jpg\" alt=\"\" class=\"wp-image-41320\" srcset=\"https:\/\/zlindesignweek.com\/2026\/wp-content\/uploads\/2026\/03\/85-okunkova-pecakuca-zamek-27-750x1125.jpg 750w, https:\/\/zlindesignweek.com\/2026\/wp-content\/uploads\/2026\/03\/85-okunkova-pecakuca-zamek-27-500x750.jpg 500w, https:\/\/zlindesignweek.com\/2026\/wp-content\/uploads\/2026\/03\/85-okunkova-pecakuca-zamek-27-768x1152.jpg 768w, https:\/\/zlindesignweek.com\/2026\/wp-content\/uploads\/2026\/03\/85-okunkova-pecakuca-zamek-27-1024x1536.jpg 1024w, https:\/\/zlindesignweek.com\/2026\/wp-content\/uploads\/2026\/03\/85-okunkova-pecakuca-zamek-27-1366x2048.jpg 1366w, https:\/\/zlindesignweek.com\/2026\/wp-content\/uploads\/2026\/03\/85-okunkova-pecakuca-zamek-27-1440x2160.jpg 1440w, https:\/\/zlindesignweek.com\/2026\/wp-content\/uploads\/2026\/03\/85-okunkova-pecakuca-zamek-27-250x375.jpg 250w, https:\/\/zlindesignweek.com\/2026\/wp-content\/uploads\/2026\/03\/85-okunkova-pecakuca-zamek-27.jpg 1667w\" sizes=\"auto, (max-width: 750px) 100vw, 750px\" \/><\/figure>\n<\/div>\n\n\n\n<div class=\"wp-block-cb-slide-v2 cb-slide swiper-slide\">\n<figure class=\"wp-block-image size-large\"><img loading=\"lazy\" decoding=\"async\" width=\"750\" height=\"1125\" src=\"https:\/\/zlindesignweek.com\/2026\/wp-content\/uploads\/2026\/03\/85-okunkova-pecakuca-zamek-16-750x1125.jpg\" alt=\"\" class=\"wp-image-41319\" srcset=\"https:\/\/zlindesignweek.com\/2026\/wp-content\/uploads\/2026\/03\/85-okunkova-pecakuca-zamek-16-750x1125.jpg 750w, https:\/\/zlindesignweek.com\/2026\/wp-content\/uploads\/2026\/03\/85-okunkova-pecakuca-zamek-16-500x750.jpg 500w, https:\/\/zlindesignweek.com\/2026\/wp-content\/uploads\/2026\/03\/85-okunkova-pecakuca-zamek-16-768x1152.jpg 768w, https:\/\/zlindesignweek.com\/2026\/wp-content\/uploads\/2026\/03\/85-okunkova-pecakuca-zamek-16-1024x1536.jpg 1024w, https:\/\/zlindesignweek.com\/2026\/wp-content\/uploads\/2026\/03\/85-okunkova-pecakuca-zamek-16-1366x2048.jpg 1366w, https:\/\/zlindesignweek.com\/2026\/wp-content\/uploads\/2026\/03\/85-okunkova-pecakuca-zamek-16-1440x2160.jpg 1440w, https:\/\/zlindesignweek.com\/2026\/wp-content\/uploads\/2026\/03\/85-okunkova-pecakuca-zamek-16-250x375.jpg 250w, https:\/\/zlindesignweek.com\/2026\/wp-content\/uploads\/2026\/03\/85-okunkova-pecakuca-zamek-16.jpg 1667w\" sizes=\"auto, (max-width: 750px) 100vw, 750px\" \/><\/figure>\n<\/div>\n\n\n\n<div class=\"wp-block-cb-slide-v2 cb-slide swiper-slide\">\n<figure class=\"wp-block-image size-large\"><img loading=\"lazy\" decoding=\"async\" width=\"750\" height=\"500\" src=\"https:\/\/zlindesignweek.com\/2026\/wp-content\/uploads\/2026\/03\/85-okunkova-pecakuca-zamek-29-750x500.jpg\" alt=\"\" class=\"wp-image-41318\" srcset=\"https:\/\/zlindesignweek.com\/2026\/wp-content\/uploads\/2026\/03\/85-okunkova-pecakuca-zamek-29-750x500.jpg 750w, https:\/\/zlindesignweek.com\/2026\/wp-content\/uploads\/2026\/03\/85-okunkova-pecakuca-zamek-29-500x333.jpg 500w, https:\/\/zlindesignweek.com\/2026\/wp-content\/uploads\/2026\/03\/85-okunkova-pecakuca-zamek-29-768x512.jpg 768w, https:\/\/zlindesignweek.com\/2026\/wp-content\/uploads\/2026\/03\/85-okunkova-pecakuca-zamek-29-1536x1024.jpg 1536w, https:\/\/zlindesignweek.com\/2026\/wp-content\/uploads\/2026\/03\/85-okunkova-pecakuca-zamek-29-2048x1366.jpg 2048w, https:\/\/zlindesignweek.com\/2026\/wp-content\/uploads\/2026\/03\/85-okunkova-pecakuca-zamek-29-1440x960.jpg 1440w, https:\/\/zlindesignweek.com\/2026\/wp-content\/uploads\/2026\/03\/85-okunkova-pecakuca-zamek-29-250x167.jpg 250w\" sizes=\"auto, (max-width: 750px) 100vw, 750px\" \/><\/figure>\n<\/div>\n\n\n\n<div class=\"wp-block-cb-slide-v2 cb-slide swiper-slide\">\n<figure class=\"wp-block-image size-large\"><img loading=\"lazy\" decoding=\"async\" width=\"750\" height=\"1125\" src=\"https:\/\/zlindesignweek.com\/2026\/wp-content\/uploads\/2026\/03\/85-okunkova-pecakuca-zamek-12-750x1125.jpg\" alt=\"\" class=\"wp-image-41317\" srcset=\"https:\/\/zlindesignweek.com\/2026\/wp-content\/uploads\/2026\/03\/85-okunkova-pecakuca-zamek-12-750x1125.jpg 750w, https:\/\/zlindesignweek.com\/2026\/wp-content\/uploads\/2026\/03\/85-okunkova-pecakuca-zamek-12-500x750.jpg 500w, https:\/\/zlindesignweek.com\/2026\/wp-content\/uploads\/2026\/03\/85-okunkova-pecakuca-zamek-12-768x1152.jpg 768w, https:\/\/zlindesignweek.com\/2026\/wp-content\/uploads\/2026\/03\/85-okunkova-pecakuca-zamek-12-1024x1536.jpg 1024w, https:\/\/zlindesignweek.com\/2026\/wp-content\/uploads\/2026\/03\/85-okunkova-pecakuca-zamek-12-1366x2048.jpg 1366w, https:\/\/zlindesignweek.com\/2026\/wp-content\/uploads\/2026\/03\/85-okunkova-pecakuca-zamek-12-1440x2160.jpg 1440w, https:\/\/zlindesignweek.com\/2026\/wp-content\/uploads\/2026\/03\/85-okunkova-pecakuca-zamek-12-250x375.jpg 250w, https:\/\/zlindesignweek.com\/2026\/wp-content\/uploads\/2026\/03\/85-okunkova-pecakuca-zamek-12.jpg 1667w\" sizes=\"auto, (max-width: 750px) 100vw, 750px\" \/><\/figure>\n<\/div>\n<\/div><\/div><div class=\"cb-pagination swiper-pagination\"><\/div><div class=\"cb-button-prev swiper-button-prev\"><\/div><div class=\"cb-button-next swiper-button-next\"><\/div><\/div>\n<\/div><\/div>\n","protected":false},"excerpt":{"rendered":"Lokace:&nbsp;Divadlo Mal\u00e1 sc\u00e9na (\u0160tef\u00e1nikova 2987, Zl\u00edn)Datum:&nbsp;10.&nbsp;5.&nbsp;2026\u010cas:&nbsp;18:00\u201320:30Vstupn\u00e9: Flash Talks, powered by PechaKucha na Zlin Design Weeku p\u0159in\u00e1\u0161\u00ed v\u00fdb\u011br design\u00e9r\u016f, kreativc\u016f, architekt\u016f, um\u011blc\u016f a&nbsp;dal\u0161\u00edch osobnost\u00ed z&nbsp;kreativn\u00edho a&nbsp;kulturn\u00edho [&hellip;]","protected":false},"author":52,"featured_media":0,"parent":0,"menu_order":0,"comment_status":"closed","ping_status":"closed","template":"","meta":{"_acf_changed":false,"footnotes":""},"class_list":["post-41316","page","type-page","status-publish","hentry"],"acf":[],"_links":{"self":[{"href":"https:\/\/zlindesignweek.com\/2026\/wp-json\/wp\/v2\/pages\/41316","targetHints":{"allow":["GET"]}}],"collection":[{"href":"https:\/\/zlindesignweek.com\/2026\/wp-json\/wp\/v2\/pages"}],"about":[{"href":"https:\/\/zlindesignweek.com\/2026\/wp-json\/wp\/v2\/types\/page"}],"author":[{"embeddable":true,"href":"https:\/\/zlindesignweek.com\/2026\/wp-json\/wp\/v2\/users\/52"}],"replies":[{"embeddable":true,"href":"https:\/\/zlindesignweek.com\/2026\/wp-json\/wp\/v2\/comments?post=41316"}],"version-history":[{"count":9,"href":"https:\/\/zlindesignweek.com\/2026\/wp-json\/wp\/v2\/pages\/41316\/revisions"}],"predecessor-version":[{"id":43348,"href":"https:\/\/zlindesignweek.com\/2026\/wp-json\/wp\/v2\/pages\/41316\/revisions\/43348"}],"wp:attachment":[{"href":"https:\/\/zlindesignweek.com\/2026\/wp-json\/wp\/v2\/media?parent=41316"}],"curies":[{"name":"wp","href":"https:\/\/api.w.org\/{rel}","templated":true}]}}