{"id":41279,"date":"2026-03-08T19:02:02","date_gmt":"2026-03-08T18:02:02","guid":{"rendered":"https:\/\/zlindesignweek.com\/2026\/?page_id=41279"},"modified":"2026-03-29T19:20:52","modified_gmt":"2026-03-29T17:20:52","slug":"wine-dine-design","status":"publish","type":"page","link":"https:\/\/zlindesignweek.com\/2026\/wine-dine-design\/","title":{"rendered":"Wine, Dine &amp; Design"},"content":{"rendered":"\n<div class=\"wp-block-group\"><div class=\"wp-block-group__inner-container is-layout-constrained wp-block-group-is-layout-constrained\">\n<p><mark style=\"background-color:rgba(0, 0, 0, 0)\" class=\"has-inline-color has-zdw-color\">Lokace:\u00a0<\/mark>Winehood (Zar\u00e1m\u00ed 90, Zl\u00edn)<br><mark style=\"background-color:rgba(0, 0, 0, 0)\" class=\"has-inline-color has-zdw-color\">Datum:\u00a0<\/mark>8.&nbsp;5.&nbsp;2026<br><mark style=\"background-color:rgba(0, 0, 0, 0)\" class=\"has-inline-color has-zdw-color\">\u010cas:<\/mark>\u00a016:30\u201318:00<br><mark style=\"background-color:rgba(0, 0, 0, 0)\" class=\"has-inline-color has-zdw-color\">Kapacita:<\/mark>\u00a012 osob<br><mark style=\"background-color:rgba(0, 0, 0, 0)\" class=\"has-inline-color has-zdw-color\">Vstupn\u00e9:\u00a0<\/mark>350&nbsp;K\u010d<\/p>\n\n\n\n<p>Vstupenky si m\u016f\u017ee\u0161 zakoupit od 2.&nbsp;dubna na port\u00e1lu <a href=\"http:\/\/smsticket.cz\" data-type=\"link\" data-id=\"smsticket.cz\" target=\"_blank\" rel=\"noreferrer noopener\">smsticket.cz<\/a>.<\/p>\n\n\n\n<h3 class=\"wp-block-heading\">Novinka leto\u0161n\u00edho ro\u010dn\u00edku?<\/h3>\n\n\n\n<p>V r\u00e1mci tohoto ro\u010dn\u00edku uv\u00e1d\u00edme novou programovou \u010d\u00e1st s&nbsp;n\u00e1zvem Wine, Dine &amp; Design! Co si pod t\u00edm m\u00e1\u0161 p\u0159edstavit? Wine, Dine &amp; Design bude slou\u017eit jako platforma pro sd\u00edlen\u00ed znalost\u00ed, z\u00edskan\u00e9ho know-how, ale tak\u00e9 zku\u0161enost\u00ed, kter\u00e9 design\u00e9\u0159i z\u00edsk\u00e1vaj\u00ed v&nbsp;pr\u016fb\u011bhu sv\u00e9 kari\u00e9rn\u00ed cesty. Program je koncep\u010dn\u011b vytv\u00e1\u0159en pro 10 osob (zejm\u00e9na m\u00ed\u0159\u00edme na za\u010d\u00ednaj\u00edc\u00ed design\u00e9ry) a&nbsp;dva hosty, kte\u0159\u00ed p\u0159edstav\u00ed jejich tvorbu, za\u010d\u00e1tky, ale hlavn\u011b n\u00e1v\u0161t\u011bvn\u00edky sezn\u00e1m\u00ed s&nbsp;t\u00edm, jak\u00e9 to je rozjet sv\u016fj vlastn\u00ed byznys a&nbsp;p\u0159e\u017e\u00edt prvn\u00ed zak\u00e1zky.&nbsp;<\/p>\n\n\n\n<p><mark style=\"background-color:rgba(0, 0, 0, 0)\" class=\"has-inline-color has-zdw-color\">Zaujala t\u011b tato nov\u00e1 programov\u00e1 \u010d\u00e1st? Hosty a&nbsp;podrobn\u011bj\u0161\u00ed informace odhal\u00edme brzy!<\/mark><\/p>\n<\/div><\/div>\n","protected":false},"excerpt":{"rendered":"Lokace:\u00a0Winehood (Zar\u00e1m\u00ed 90, Zl\u00edn)Datum:\u00a08.&nbsp;5.&nbsp;2026\u010cas:\u00a016:30\u201318:00Kapacita:\u00a012 osobVstupn\u00e9:\u00a0350&nbsp;K\u010d Vstupenky si m\u016f\u017ee\u0161 zakoupit od 2.&nbsp;dubna na port\u00e1lu smsticket.cz. Novinka leto\u0161n\u00edho ro\u010dn\u00edku? V&nbsp;r\u00e1mci tohoto ro\u010dn\u00edku uv\u00e1d\u00edme novou programovou \u010d\u00e1st [&hellip;]","protected":false},"author":52,"featured_media":0,"parent":0,"menu_order":0,"comment_status":"closed","ping_status":"closed","template":"","meta":{"_acf_changed":false,"footnotes":""},"class_list":["post-41279","page","type-page","status-publish","hentry"],"acf":[],"_links":{"self":[{"href":"https:\/\/zlindesignweek.com\/2026\/wp-json\/wp\/v2\/pages\/41279","targetHints":{"allow":["GET"]}}],"collection":[{"href":"https:\/\/zlindesignweek.com\/2026\/wp-json\/wp\/v2\/pages"}],"about":[{"href":"https:\/\/zlindesignweek.com\/2026\/wp-json\/wp\/v2\/types\/page"}],"author":[{"embeddable":true,"href":"https:\/\/zlindesignweek.com\/2026\/wp-json\/wp\/v2\/users\/52"}],"replies":[{"embeddable":true,"href":"https:\/\/zlindesignweek.com\/2026\/wp-json\/wp\/v2\/comments?post=41279"}],"version-history":[{"count":3,"href":"https:\/\/zlindesignweek.com\/2026\/wp-json\/wp\/v2\/pages\/41279\/revisions"}],"predecessor-version":[{"id":42828,"href":"https:\/\/zlindesignweek.com\/2026\/wp-json\/wp\/v2\/pages\/41279\/revisions\/42828"}],"wp:attachment":[{"href":"https:\/\/zlindesignweek.com\/2026\/wp-json\/wp\/v2\/media?parent=41279"}],"curies":[{"name":"wp","href":"https:\/\/api.w.org\/{rel}","templated":true}]}}