{"id":41233,"date":"2026-03-07T19:55:33","date_gmt":"2026-03-07T18:55:33","guid":{"rendered":"https:\/\/zlindesignweek.com\/2026\/?page_id=41233"},"modified":"2026-04-29T08:47:06","modified_gmt":"2026-04-29T06:47:06","slug":"slavnostni-vyhlaseni-cen-best-in-design","status":"publish","type":"page","link":"https:\/\/zlindesignweek.com\/2026\/slavnostni-vyhlaseni-cen-best-in-design\/","title":{"rendered":"Slavnostn\u00ed vyhl\u00e1\u0161en\u00ed cen Best in Design"},"content":{"rendered":"\n<div class=\"wp-block-group\"><div class=\"wp-block-group__inner-container is-layout-constrained wp-block-group-is-layout-constrained\">\n<p><mark style=\"background-color:rgba(0, 0, 0, 0)\" class=\"has-inline-color has-zdw-color\">Lokace:<\/mark> Kongresov\u00e9 centrum Zl\u00edn (n\u00e1m. T. G. Masaryka 5556, Zl\u00edn)<br><mark style=\"background-color:rgba(0, 0, 0, 0)\" class=\"has-inline-color has-zdw-color\">Datum<strong>:<\/strong><\/mark> 9.&nbsp;5.&nbsp;2026<br><mark style=\"background-color:rgba(0, 0, 0, 0)\" class=\"has-inline-color has-zdw-color\">\u010cas:<\/mark> 20:00\u201323:00<br><mark style=\"background-color:rgba(0, 0, 0, 0)\" class=\"has-inline-color has-zdw-color\">Vstupn\u00e9: <\/mark>Zdarma<\/p>\n\n\n\n<p><strong><mark style=\"background-color:rgba(0, 0, 0, 0)\" class=\"has-inline-color has-white-color\">Co t\u011b \u010dek\u00e1?<\/mark><br><\/strong><\/p>\n\n\n\n<ul class=\"wp-block-list\">\n<li>19:30 &#8211; Open doors<\/li>\n\n\n\n<li>20:00\u201321:30 &#8211; Slavnostn\u00ed vyhl\u00e1\u0161en\u00ed cen Best in Design&nbsp;<\/li>\n\n\n\n<li>21:30\u201323:00 &#8211; Afterparty<\/li>\n<\/ul>\n\n\n\n<h3 class=\"wp-block-heading\">vyhl\u00e1\u0161en\u00ed je PO&nbsp;N\u011aKOLIKA LETECH OTEV\u0158EN\u00c9 VE\u0158EJNOSTI!<\/h3>\n\n\n\n<p>Best in Design je mezin\u00e1rodn\u00ed designov\u00e1 sout\u011b\u017e, kter\u00e1 se sna\u017e\u00ed vytvo\u0159it platformu a&nbsp;prostor pro ne\u010dekan\u00e1 spojen\u00ed, inspiraci a&nbsp;podporu nov\u00fdch talent\u016f v&nbsp;designu. Cel\u00fd koncept festivalov\u00e9 sout\u011b\u017ee umo\u017e\u0148uje setk\u00e1v\u00e1n\u00ed, sd\u00edlen\u00ed a&nbsp;vz\u00e1jemn\u00e9 inspirov\u00e1n\u00ed v&nbsp;r\u016fzn\u00fdch oblastech designu. V\u00edce informac\u00ed a&nbsp;podrobnost\u00ed o&nbsp;Best in Design se dozv\u00ed\u0161 <a href=\"https:\/\/zlindesignweek.com\/2026\/best-in-design\/\">zde<\/a>.<\/p>\n\n\n\n<p>Cel\u00e1 sout\u011b\u017e vyvrchol\u00ed v&nbsp;sobotu 9.&nbsp;5.&nbsp;2026 ve 20:00 na Slavnostn\u00edm vyhl\u00e1\u0161en\u00ed cen, kde budou ocen\u011bni ti nejlep\u0161\u00ed z&nbsp;v\u00edce ne\u017e 670 p\u0159ihl\u00e1\u0161en\u00fdch a&nbsp;bude ud\u011blen absolutn\u00ed titul Best in Design 2026.&nbsp;<\/p>\n\n\n\n<p>Letos jsme si pro tebe p\u0159ipravili novinku a&nbsp;vyhl\u00e1\u0161en\u00ed se m\u016f\u017ee\u0161 z\u00fa\u010dastnit i&nbsp;ty! Cel\u00fdm ve\u010derem t\u011b provede moder\u00e1tor <a href=\"https:\/\/www.instagram.com\/karel_semotam\/\">Karel Semotam<\/a> a&nbsp;o&nbsp;hudebn\u00ed doprovod se postar\u00e1 kvarteto <a href=\"https:\/\/fashionstrings.eu\">Fashion Strings<\/a>. Jakmile se ceny rozdaj\u00ed, \u010dek\u00e1 t\u011b afterparty, na kter\u00e9 zahraje <a href=\"https:\/\/zlindesignweek.com\/2026\/osoba\/dj-set-x-jakub-vraga\/\">DJ Jakub Vr\u00e1ga<\/a>.<\/p>\n\n\n\n<div style=\"height:15px\" aria-hidden=\"true\" class=\"wp-block-spacer\"><\/div>\n\n\n\n<h4 class=\"wp-block-heading\">FAQ<\/h4>\n\n\n\n<div class=\"wp-block-esab-accordion esab-vnkdziw6\" data-mode=\"global\"><div class=\"esab__container\">\n<div class=\"wp-block-esab-accordion-child esab__active_accordion\"><div class=\"esab__head\" role=\"button\" aria-expanded=\"true\"><div class=\"esab__heading_txt\"><p class=\"esab__heading_tag\"><strong><strong><strong><strong>Jak se dostanu do Kongresov\u00e9ho centra?<\/strong><\/strong><\/strong><\/strong><\/p><\/div><div class=\"esab__icon esab__active_icon\"><div class=\"esab__collapse\"> <svg version=\"1.2\" viewBox=\"0 0 24 24\" width=\"24\" height=\"24\"><path d=\"m11.3 3.6h1.4q0.2 0 0.2 0.1v16.6q0 0.1-0.2 0.1h-1.4q-0.2 0-0.2-0.2v-16.5q0-0.1 0.2-0.1z\"><\/path><path d=\"m4.1 11.1h15.8q0.2 0 0.2 0.2v1.4q0 0.2-0.2 0.2h-15.8q-0.2 0-0.2-0.2v-1.4q0-0.2 0.2-0.2z\"><\/path><\/svg> <\/div><div class=\"esab__expand\"> <svg version=\"1.2\" viewBox=\"0 0 24 24\" width=\"24\" height=\"24\"><path d=\"m3.4 11.1h17.2v1.8h-17.2z\"><\/path><\/svg> <\/div><\/div><\/div><div class=\"esab__body esab__active\">\n<p><strong>MHD:<\/strong> Zdaleka nejbli\u017e\u0161\u00ed je zast\u00e1vka <strong>\u0160koln\u00ed<\/strong>, p\u0159\u00edpadn\u011b pak je\u0161t\u011b <strong>N\u00e1m\u011bst\u00ed Pr\u00e1ce<\/strong>.<br><strong>Autem: <\/strong>Je mo\u017en\u00e9 zaparkovat na ulici Hradsk\u00e1 nebo pod kongresov\u00fdm centrem, ob\u011b mo\u017enosti jsou zpoplatn\u011bn\u00e9. Obecn\u011b je ale ve Zl\u00edn\u011b probl\u00e9m s&nbsp;parkov\u00e1n\u00edm, tak\u017ee doporu\u010dujeme pokud mo\u017eno p\u0159ij\u00edt rad\u0161i \u201cpo sv\u00fdch\u201d.<\/p>\n\n\n\n<p>Pokud m\u00e1\u0161 jak\u00e9koliv specifick\u00e9 pot\u0159eby a\/nebo v\u00e1h\u00e1\u0161, zda je program pro tebe, nev\u00e1hej se n\u00e1m ozvat, a\u0165 u\u017e mailem: <a href=\"mailto:anna.svobodova@zlindesignweek.com\"><strong>anna.svobodova@zlindesignweek.com<\/strong><\/a> anebo telefonicky\/SMS: <strong>+420&nbsp;733&nbsp;144&nbsp;711<\/strong>.<\/p>\n<\/div><\/div>\n\n\n\n<div class=\"wp-block-esab-accordion-child\"><div class=\"esab__head\" role=\"button\" aria-expanded=\"false\"><div class=\"esab__heading_txt\"><p class=\"esab__heading_tag\"><strong><strong><strong><strong>Je zde povinn\u00fd dress code?<\/strong><\/strong><\/strong><\/strong><\/p><\/div><div class=\"esab__icon\"><div class=\"esab__collapse\"> <svg version=\"1.2\" viewBox=\"0 0 24 24\" width=\"24\" height=\"24\"><path d=\"m11.3 3.6h1.4q0.2 0 0.2 0.1v16.6q0 0.1-0.2 0.1h-1.4q-0.2 0-0.2-0.2v-16.5q0-0.1 0.2-0.1z\"><\/path><path d=\"m4.1 11.1h15.8q0.2 0 0.2 0.2v1.4q0 0.2-0.2 0.2h-15.8q-0.2 0-0.2-0.2v-1.4q0-0.2 0.2-0.2z\"><\/path><\/svg> <\/div><div class=\"esab__expand\"> <svg version=\"1.2\" viewBox=\"0 0 24 24\" width=\"24\" height=\"24\"><path d=\"m3.4 11.1h17.2v1.8h-17.2z\"><\/path><\/svg> <\/div><\/div><\/div><div class=\"esab__body\">\n<p>Dress code nen\u00ed p\u0159edepsan\u00fd, ale budeme r\u00e1di, kdy\u017e sv\u016fj outfit p\u0159izp\u016fsob\u00ed\u0161 slavnostn\u00ed atmosf\u00e9\u0159e ve\u010dera.<\/p>\n<\/div><\/div>\n\n\n\n<div class=\"wp-block-esab-accordion-child\"><div class=\"esab__head\" role=\"button\" aria-expanded=\"false\"><div class=\"esab__heading_txt\"><p class=\"esab__heading_tag\"><strong><strong><strong><strong>Vstup zdarma je i&nbsp;na afterparty?<\/strong><\/strong><\/strong><\/strong><\/p><\/div><div class=\"esab__icon\"><div class=\"esab__collapse\"> <svg version=\"1.2\" viewBox=\"0 0 24 24\" width=\"24\" height=\"24\"><path d=\"m11.3 3.6h1.4q0.2 0 0.2 0.1v16.6q0 0.1-0.2 0.1h-1.4q-0.2 0-0.2-0.2v-16.5q0-0.1 0.2-0.1z\"><\/path><path d=\"m4.1 11.1h15.8q0.2 0 0.2 0.2v1.4q0 0.2-0.2 0.2h-15.8q-0.2 0-0.2-0.2v-1.4q0-0.2 0.2-0.2z\"><\/path><\/svg> <\/div><div class=\"esab__expand\"> <svg version=\"1.2\" viewBox=\"0 0 24 24\" width=\"24\" height=\"24\"><path d=\"m3.4 11.1h17.2v1.8h-17.2z\"><\/path><\/svg> <\/div><\/div><\/div><div class=\"esab__body\">\n<p>Ano. Cel\u00fd ve\u010der je p\u0159\u00edstupn\u00fd zcela zdarma.<\/p>\n<\/div><\/div>\n<\/div><\/div>\n\n\n\n<h4 class=\"wp-block-heading\"><\/h4>\n<\/div><\/div>\n","protected":false},"excerpt":{"rendered":"Lokace: Kongresov\u00e9 centrum Zl\u00edn (n\u00e1m. T. G. Masaryka 5556, Zl\u00edn)Datum: 9.&nbsp;5.&nbsp;2026\u010cas: 20:00\u201323:00Vstupn\u00e9: Zdarma Co t\u011b \u010dek\u00e1? vyhl\u00e1\u0161en\u00ed je PO&nbsp;N\u011aKOLIKA LETECH OTEV\u0158EN\u00c9 VE\u0158EJNOSTI! Best in Design [&hellip;]","protected":false},"author":52,"featured_media":0,"parent":0,"menu_order":0,"comment_status":"closed","ping_status":"closed","template":"","meta":{"_acf_changed":false,"footnotes":""},"class_list":["post-41233","page","type-page","status-publish","hentry"],"acf":[],"_links":{"self":[{"href":"https:\/\/zlindesignweek.com\/2026\/wp-json\/wp\/v2\/pages\/41233","targetHints":{"allow":["GET"]}}],"collection":[{"href":"https:\/\/zlindesignweek.com\/2026\/wp-json\/wp\/v2\/pages"}],"about":[{"href":"https:\/\/zlindesignweek.com\/2026\/wp-json\/wp\/v2\/types\/page"}],"author":[{"embeddable":true,"href":"https:\/\/zlindesignweek.com\/2026\/wp-json\/wp\/v2\/users\/52"}],"replies":[{"embeddable":true,"href":"https:\/\/zlindesignweek.com\/2026\/wp-json\/wp\/v2\/comments?post=41233"}],"version-history":[{"count":7,"href":"https:\/\/zlindesignweek.com\/2026\/wp-json\/wp\/v2\/pages\/41233\/revisions"}],"predecessor-version":[{"id":43807,"href":"https:\/\/zlindesignweek.com\/2026\/wp-json\/wp\/v2\/pages\/41233\/revisions\/43807"}],"wp:attachment":[{"href":"https:\/\/zlindesignweek.com\/2026\/wp-json\/wp\/v2\/media?parent=41233"}],"curies":[{"name":"wp","href":"https:\/\/api.w.org\/{rel}","templated":true}]}}

Slavnostní vyhlášení cen Best in Design

<div class="wp-block-group"><div class="wp-block-group__inner-container is-layout-constrained wp-block-group-is-layout-constrained">
<p><mark style="background-color:rgba(0, 0, 0, 0)" class="has-inline-color has-zdw-color">Lokace:</mark> Kongresové centrum Zlín (nám. T. G. Masaryka 5556, Zlín)<br><mark style="background-color:rgba(0, 0, 0, 0)" class="has-inline-color has-zdw-color">Datum<strong>:</strong></mark> 9.&nbsp;5.&nbsp;2026<br><mark style="background-color:rgba(0, 0, 0, 0)" class="has-inline-color has-zdw-color">Čas:</mark> 20:00–23:00<br><mark style="background-color:rgba(0, 0, 0, 0)" class="has-inline-color has-zdw-color">Vstupné: </mark>Zdarma</p>



<p><strong><mark style="background-color:rgba(0, 0, 0, 0)" class="has-inline-color has-white-color">Co tě čeká?</mark><br></strong></p>



<ul class="wp-block-list">
<li>19:30 &#8211; Open doors</li>



<li>20:00–21:30 &#8211; Slavnostní vyhlášení cen Best in Design&nbsp;</li>



<li>21:30–23:00 &#8211; Afterparty</li>
</ul>



<h3 class="wp-block-heading">vyhlášení je PO&nbsp;NĚKOLIKA LETECH OTEVŘENÉ VEŘEJNOSTI!</h3>



<p>Best in Design je mezinárodní designová soutěž, která se snaží vytvořit platformu a&nbsp;prostor pro nečekaná spojení, inspiraci a&nbsp;podporu nových talentů v&nbsp;designu. Celý koncept festivalové soutěže umožňuje setkávání, sdílení a&nbsp;vzájemné inspirování v&nbsp;různých oblastech designu. Více informací a&nbsp;podrobností o&nbsp;Best in Design se dozvíš <a href="https://zlindesignweek.com/2026/best-in-design/">zde</a>.</p>



<p>Celá soutěž vyvrcholí v&nbsp;sobotu 9.&nbsp;5.&nbsp;2026 ve 20:00 na Slavnostním vyhlášení cen, kde budou oceněni ti nejlepší z&nbsp;více než 670 přihlášených a&nbsp;bude udělen absolutní titul Best in Design 2026.&nbsp;</p>



<p>Letos jsme si pro tebe připravili novinku a&nbsp;vyhlášení se můžeš zúčastnit i&nbsp;ty! Celým večerem tě provede moderátor <a href="https://www.instagram.com/karel_semotam/">Karel Semotam</a> a&nbsp;o&nbsp;hudební doprovod se postará kvarteto <a href="https://fashionstrings.eu">Fashion Strings</a>. Jakmile se ceny rozdají, čeká tě afterparty, na které zahraje <a href="https://zlindesignweek.com/2026/osoba/dj-set-x-jakub-vraga/">DJ Jakub Vrága</a>.</p>



<div style="height:15px" aria-hidden="true" class="wp-block-spacer"></div>



<h4 class="wp-block-heading">FAQ</h4>



<div class="wp-block-esab-accordion esab-vnkdziw6" data-mode="global"><div class="esab__container">
<div class="wp-block-esab-accordion-child esab__active_accordion"><div class="esab__head" role="button" aria-expanded="true"><div class="esab__heading_txt"><p class="esab__heading_tag"><strong><strong><strong><strong>Jak se dostanu do Kongresového centra?</strong></strong></strong></strong></p></div><div class="esab__icon esab__active_icon"><div class="esab__collapse"> <svg version="1.2" viewBox="0 0 24 24" width="24" height="24"><path d="m11.3 3.6h1.4q0.2 0 0.2 0.1v16.6q0 0.1-0.2 0.1h-1.4q-0.2 0-0.2-0.2v-16.5q0-0.1 0.2-0.1z"></path><path d="m4.1 11.1h15.8q0.2 0 0.2 0.2v1.4q0 0.2-0.2 0.2h-15.8q-0.2 0-0.2-0.2v-1.4q0-0.2 0.2-0.2z"></path></svg> </div><div class="esab__expand"> <svg version="1.2" viewBox="0 0 24 24" width="24" height="24"><path d="m3.4 11.1h17.2v1.8h-17.2z"></path></svg> </div></div></div><div class="esab__body esab__active">
<p><strong>MHD:</strong> Zdaleka nejbližší je zastávka <strong>Školní</strong>, případně pak ještě <strong>Náměstí Práce</strong>.<br><strong>Autem: </strong>Je možné zaparkovat na ulici Hradská nebo pod kongresovým centrem, obě možnosti jsou zpoplatněné. Obecně je ale ve Zlíně problém s&nbsp;parkováním, takže doporučujeme pokud možno přijít radši “po svých”.</p>



<p>Pokud máš jakékoliv specifické potřeby a/nebo váháš, zda je program pro tebe, neváhej se nám ozvat, ať už mailem: <a href="mailto:anna.svobodova@zlindesignweek.com"><strong>anna.svobodova@zlindesignweek.com</strong></a> anebo telefonicky/SMS: <strong>+420&nbsp;733&nbsp;144&nbsp;711</strong>.</p>
</div></div>



<div class="wp-block-esab-accordion-child"><div class="esab__head" role="button" aria-expanded="false"><div class="esab__heading_txt"><p class="esab__heading_tag"><strong><strong><strong><strong>Je zde povinný dress code?</strong></strong></strong></strong></p></div><div class="esab__icon"><div class="esab__collapse"> <svg version="1.2" viewBox="0 0 24 24" width="24" height="24"><path d="m11.3 3.6h1.4q0.2 0 0.2 0.1v16.6q0 0.1-0.2 0.1h-1.4q-0.2 0-0.2-0.2v-16.5q0-0.1 0.2-0.1z"></path><path d="m4.1 11.1h15.8q0.2 0 0.2 0.2v1.4q0 0.2-0.2 0.2h-15.8q-0.2 0-0.2-0.2v-1.4q0-0.2 0.2-0.2z"></path></svg> </div><div class="esab__expand"> <svg version="1.2" viewBox="0 0 24 24" width="24" height="24"><path d="m3.4 11.1h17.2v1.8h-17.2z"></path></svg> </div></div></div><div class="esab__body">
<p>Dress code není předepsaný, ale budeme rádi, když svůj outfit přizpůsobíš slavnostní atmosféře večera.</p>
</div></div>



<div class="wp-block-esab-accordion-child"><div class="esab__head" role="button" aria-expanded="false"><div class="esab__heading_txt"><p class="esab__heading_tag"><strong><strong><strong><strong>Vstup zdarma je i&nbsp;na afterparty?</strong></strong></strong></strong></p></div><div class="esab__icon"><div class="esab__collapse"> <svg version="1.2" viewBox="0 0 24 24" width="24" height="24"><path d="m11.3 3.6h1.4q0.2 0 0.2 0.1v16.6q0 0.1-0.2 0.1h-1.4q-0.2 0-0.2-0.2v-16.5q0-0.1 0.2-0.1z"></path><path d="m4.1 11.1h15.8q0.2 0 0.2 0.2v1.4q0 0.2-0.2 0.2h-15.8q-0.2 0-0.2-0.2v-1.4q0-0.2 0.2-0.2z"></path></svg> </div><div class="esab__expand"> <svg version="1.2" viewBox="0 0 24 24" width="24" height="24"><path d="m3.4 11.1h17.2v1.8h-17.2z"></path></svg> </div></div></div><div class="esab__body">
<p>Ano. Celý večer je přístupný zcela zdarma.</p>
</div></div>
</div></div>



<h4 class="wp-block-heading"></h4>
</div></div>

Lokace: Kongresové centrum Zlín (nám. T. G. Masaryka 5556, Zlín)Datum: 9.&nbsp;5.&nbsp;2026Čas: 20:00–23:00Vstupné: Zdarma Co tě čeká? vyhlášení je PO&nbsp;NĚKOLIKA LETECH OTEVŘENÉ VEŘEJNOSTI! Best in Design [&hellip;]
