{"id":41176,"date":"2026-03-07T15:03:25","date_gmt":"2026-03-07T14:03:25","guid":{"rendered":"https:\/\/zlindesignweek.com\/2026\/?page_id=41176"},"modified":"2026-03-30T18:45:47","modified_gmt":"2026-03-30T16:45:47","slug":"fashion-performance-x-slovak-fashion-council","status":"publish","type":"page","link":"https:\/\/zlindesignweek.com\/2026\/fashion-performance-x-slovak-fashion-council\/","title":{"rendered":"Fashion performance \u00d7 Slovak Fashion Council"},"content":{"rendered":"\n<div class=\"wp-block-group\"><div class=\"wp-block-group__inner-container is-layout-constrained wp-block-group-is-layout-constrained\">\n<p><mark style=\"background-color:rgba(0, 0, 0, 0)\" class=\"has-inline-color has-zdw-color\">Lokace:<\/mark> Z\u00e1mek Zl\u00edn (Soudn\u00ed 1, Zl\u00edn)<br><mark style=\"background-color:rgba(0, 0, 0, 0)\" class=\"has-inline-color has-zdw-color\">Datum:<\/mark> 6.&nbsp;5.&nbsp;2026<br><mark style=\"background-color:rgba(0, 0, 0, 0)\" class=\"has-inline-color has-zdw-color\">\u010cas:<\/mark> 19:00\u201319:30<br><mark style=\"background-color:rgba(0, 0, 0, 0)\" class=\"has-inline-color has-zdw-color\">Vstupn\u00e9:<\/mark> Zdarma<\/p>\n\n\n\n<h3 class=\"wp-block-heading\">Jakou novinku jsme si pro tebe p\u0159ipravili letos?<\/h3>\n\n\n\n<p>V r\u00e1mci Slavnostn\u00edho zah\u00e1jen\u00ed 12.&nbsp;ro\u010dn\u00edku festivalu Zlin Design Week se uskute\u010dn\u00ed performativn\u00ed p\u0159ehl\u00eddka ve spolupr\u00e1ci se Slovak Fashion Council. M\u016f\u017ee\u0161 se tak t\u011b\u0161it na Fashion performance, kter\u00e1 t\u011b provede skrz hlavn\u00ed v\u00fdstavu All you need is design a\u017e na z\u00e1meck\u00e9 n\u00e1dvo\u0159\u00ed, kde odstartuje DJ set. O&nbsp;choreografii se postar\u00e1 VERA spole\u010dn\u011b s&nbsp;tane\u010dn\u00edky z&nbsp;Actiwity DC a&nbsp;t\u011b\u0161it se m\u016f\u017ee\u0161 na tvorbu od t\u0159\u00ed design\u00e9r\u016f pojen\u00fdch s&nbsp;Tren\u010d\u00ednem a&nbsp;projektem Tren\u010d\u00edn \u2013 Eur\u00f3pske hlavn\u00e9 mesto kult\u00fary 2026.&nbsp;<\/p>\n\n\n\n<p>C\u00edlem je propojit design, prostor a&nbsp;div\u00e1ka tak, aby m\u00f3da nebyla jen pod\u00edvanou, ale \u017eiv\u00fdm z\u00e1\u017eitkem. Kolekce jsou funk\u010dn\u00ed, nositeln\u00e9 a&nbsp;reaguj\u00ed na t\u011blo i&nbsp;prost\u0159ed\u00ed, p\u0159i\u010dem\u017e zd\u016fraz\u0148uj\u00ed komfort, p\u0159irozenost a&nbsp;pocit b\u00fdt s\u00e1m sebou. Performance tak st\u00edr\u00e1 hranici mezi m\u00f3dou a&nbsp;pro\u017eitkem a&nbsp;vytv\u00e1\u0159\u00ed otev\u0159en\u00fd, lidsk\u00fd moment.<\/p>\n\n\n    <a href=\"https:\/\/zlindesignweek.com\/2026\/osoba\/slovak-fashion-council\/\"\n       class=\"no-decoration\">\n        <div class=\"person-item\">\n            <img loading=\"lazy\" decoding=\"async\" width=\"560\" height=\"667\" src=\"https:\/\/zlindesignweek.com\/2026\/wp-content\/uploads\/2026\/03\/navrh-bez-nazvu-2-560x667.png\" class=\"attachment-portrait size-portrait wp-post-image\" alt=\"\" \/>            <div class=\"person-item__bottom\">\n                <div class=\"person-item__text\">\n                    <h4 class=\"h5\">Slovak Fashion Council                    <\/h4>\n                    <small><\/small>\n                <\/div>\n                <div class=\"person-item__button\">\n                    \u2192\n                <\/div>\n            <\/div>\n        <\/div>\n    <\/a>\n    \n\n    <a href=\"https:\/\/zlindesignweek.com\/2026\/osoba\/vera\/\"\n       class=\"no-decoration\">\n        <div class=\"person-item\">\n            <img loading=\"lazy\" decoding=\"async\" width=\"560\" height=\"667\" src=\"https:\/\/zlindesignweek.com\/2026\/wp-content\/uploads\/2026\/03\/34f207c0-d188-4a80-8d5e-43a03a78728f-560x667.jpg\" class=\"attachment-portrait size-portrait wp-post-image\" alt=\"\" \/>            <div class=\"person-item__bottom\">\n                <div class=\"person-item__text\">\n                    <h4 class=\"h5\">VERA                    <\/h4>\n                    <small>Choreografka<\/small>\n                <\/div>\n                <div class=\"person-item__button\">\n                    \u2192\n                <\/div>\n            <\/div>\n        <\/div>\n    <\/a>\n    \n\n    <a href=\"https:\/\/zlindesignweek.com\/2026\/osoba\/actiwity-dc\/\"\n       class=\"no-decoration\">\n        <div class=\"person-item\">\n            <img loading=\"lazy\" decoding=\"async\" width=\"560\" height=\"667\" src=\"https:\/\/zlindesignweek.com\/2026\/wp-content\/uploads\/2026\/03\/navrh-bez-nazvu-1-560x667.png\" class=\"attachment-portrait size-portrait wp-post-image\" alt=\"\" \/>            <div class=\"person-item__bottom\">\n                <div class=\"person-item__text\">\n                    <h4 class=\"h5\">Actiwity DC                    <\/h4>\n                    <small>Tane\u010dn\u00ed \u0161kola<\/small>\n                <\/div>\n                <div class=\"person-item__button\">\n                    \u2192\n                <\/div>\n            <\/div>\n        <\/div>\n    <\/a>\n    <\/div><\/div>\n\n\n","protected":false},"excerpt":{"rendered":"Lokace: Z\u00e1mek Zl\u00edn (Soudn\u00ed 1, Zl\u00edn)Datum: 6.&nbsp;5.&nbsp;2026\u010cas: 19:00\u201319:30Vstupn\u00e9: Zdarma Jakou novinku jsme si pro tebe p\u0159ipravili letos? V&nbsp;r\u00e1mci Slavnostn\u00edho zah\u00e1jen\u00ed 12.&nbsp;ro\u010dn\u00edku festivalu Zlin Design [&hellip;]","protected":false},"author":52,"featured_media":0,"parent":0,"menu_order":0,"comment_status":"closed","ping_status":"closed","template":"","meta":{"_acf_changed":false,"footnotes":""},"class_list":["post-41176","page","type-page","status-publish","hentry"],"acf":[],"_links":{"self":[{"href":"https:\/\/zlindesignweek.com\/2026\/wp-json\/wp\/v2\/pages\/41176","targetHints":{"allow":["GET"]}}],"collection":[{"href":"https:\/\/zlindesignweek.com\/2026\/wp-json\/wp\/v2\/pages"}],"about":[{"href":"https:\/\/zlindesignweek.com\/2026\/wp-json\/wp\/v2\/types\/page"}],"author":[{"embeddable":true,"href":"https:\/\/zlindesignweek.com\/2026\/wp-json\/wp\/v2\/users\/52"}],"replies":[{"embeddable":true,"href":"https:\/\/zlindesignweek.com\/2026\/wp-json\/wp\/v2\/comments?post=41176"}],"version-history":[{"count":8,"href":"https:\/\/zlindesignweek.com\/2026\/wp-json\/wp\/v2\/pages\/41176\/revisions"}],"predecessor-version":[{"id":42875,"href":"https:\/\/zlindesignweek.com\/2026\/wp-json\/wp\/v2\/pages\/41176\/revisions\/42875"}],"wp:attachment":[{"href":"https:\/\/zlindesignweek.com\/2026\/wp-json\/wp\/v2\/media?parent=41176"}],"curies":[{"name":"wp","href":"https:\/\/api.w.org\/{rel}","templated":true}]}}