{"id":258,"date":"2019-12-24T01:28:29","date_gmt":"2019-12-24T00:28:29","guid":{"rendered":"http:\/\/zlindesignweek.com\/2021\/?page_id=258"},"modified":"2025-11-12T14:01:17","modified_gmt":"2025-11-12T13:01:17","slug":"bid-kontakt","status":"publish","type":"page","link":"https:\/\/zlindesignweek.com\/2026\/best-in-design\/bid-kontakt\/","title":{"rendered":"Kontakt Best in Design"},"content":{"rendered":"\n<div class=\"wp-block-group\"><div class=\"wp-block-group__inner-container is-layout-flow wp-block-group-is-layout-flow\"><\/div><\/div>\n\n\n\n<div class=\"wp-block-group\"><div class=\"wp-block-group__inner-container is-layout-flow wp-block-group-is-layout-flow\"><div class=\"contact-person mr-sm \">\n        <img decoding=\"async\" src=\"https:\/\/zlindesignweek.com\/2026\/wp-content\/uploads\/2025\/11\/sarka-dolezalova-scaled-e1762952320462-560x667.jpg\"\n        alt=\"\" \/>\n        <div class=\"contact-person__content\">\n                <h4 class=\"mb-0\">\u0160\u00e1rka Dole\u017ealov\u00e1         <\/h4>\n                        <p class=\"caption text-uppercase strong\">\u0158editelka sout\u011b\u017ee Best in Design        <\/p>\n                        <p><a\n                href=\"mailto:sarka.dolezalova@zlindesignweek.com\">sarka.dolezalova@zlindesignweek.com<\/a><\/p>\n                        <p>+420&nbsp;737&nbsp;545&nbsp;779        <\/p>\n            <\/div>\n<\/div><\/div><\/div>\n\n\n\n<div style=\"height:100px\" aria-hidden=\"true\" class=\"wp-block-spacer\"><\/div>\n","protected":false},"excerpt":{"rendered":"","protected":false},"author":33,"featured_media":0,"parent":193,"menu_order":0,"comment_status":"closed","ping_status":"closed","template":"","meta":{"_acf_changed":false,"footnotes":""},"class_list":["post-258","page","type-page","status-publish","hentry"],"acf":[],"_links":{"self":[{"href":"https:\/\/zlindesignweek.com\/2026\/wp-json\/wp\/v2\/pages\/258","targetHints":{"allow":["GET"]}}],"collection":[{"href":"https:\/\/zlindesignweek.com\/2026\/wp-json\/wp\/v2\/pages"}],"about":[{"href":"https:\/\/zlindesignweek.com\/2026\/wp-json\/wp\/v2\/types\/page"}],"author":[{"embeddable":true,"href":"https:\/\/zlindesignweek.com\/2026\/wp-json\/wp\/v2\/users\/33"}],"replies":[{"embeddable":true,"href":"https:\/\/zlindesignweek.com\/2026\/wp-json\/wp\/v2\/comments?post=258"}],"version-history":[{"count":28,"href":"https:\/\/zlindesignweek.com\/2026\/wp-json\/wp\/v2\/pages\/258\/revisions"}],"predecessor-version":[{"id":35179,"href":"https:\/\/zlindesignweek.com\/2026\/wp-json\/wp\/v2\/pages\/258\/revisions\/35179"}],"up":[{"embeddable":true,"href":"https:\/\/zlindesignweek.com\/2026\/wp-json\/wp\/v2\/pages\/193"}],"wp:attachment":[{"href":"https:\/\/zlindesignweek.com\/2026\/wp-json\/wp\/v2\/media?parent=258"}],"curies":[{"name":"wp","href":"https:\/\/api.w.org\/{rel}","templated":true}]}}