{"id":21006,"date":"2023-11-19T20:59:48","date_gmt":"2023-11-19T19:59:48","guid":{"rendered":"https:\/\/zlindesignweek.com\/2024\/?page_id=21006"},"modified":"2026-04-29T09:18:13","modified_gmt":"2026-04-29T07:18:13","slug":"design-na-hranici","status":"publish","type":"page","link":"https:\/\/zlindesignweek.com\/2026\/design-na-hranici\/","title":{"rendered":"KONFERENCE DESIGN NA HRANICI \u00d7 KATAKOMBY"},"content":{"rendered":"\n<div class=\"wp-block-group\"><div class=\"wp-block-group__inner-container is-layout-constrained wp-block-group-is-layout-constrained\">\n<p><mark style=\"background-color:rgba(0, 0, 0, 0)\" class=\"has-inline-color has-zdw-color\">Lokace:<\/mark> Z\u00e1mek Zl\u00edn (Soudn\u00ed 1, Zl\u00edn)<br><mark style=\"background-color:rgba(0, 0, 0, 0)\" class=\"has-inline-color has-zdw-color\">Datum:<\/mark> 12.&nbsp;5.&nbsp;2026<br><mark style=\"background-color:rgba(0, 0, 0, 0)\" class=\"has-inline-color has-zdw-color\">\u010cas:<\/mark> 13:00 &#8211; 19:00\u00a0<br><mark style=\"background-color:rgba(0, 0, 0, 0)\" class=\"has-inline-color has-zdw-color\">Vstupn\u00e9:<\/mark> 125&nbsp;K\u010d (platba v&nbsp;hotovosti na m\u00edst\u011b)<\/p>\n\n\n\n<p>Konference Design na hranici slou\u017e\u00ed jako platforma pro setk\u00e1v\u00e1n\u00ed student\u016f, absolvent\u016f a&nbsp;etablovan\u00fdch profesion\u00e1l\u016f. C\u00edlem je reflektovat t\u00e9mata, kter\u00e1 definuj\u00ed ka\u017edodenn\u00ed realitu v&nbsp;kreativn\u00edm pr\u016fmyslu.&nbsp;<\/p>\n\n\n\n<p>Navazuje na tradici propojov\u00e1n\u00ed teorie s&nbsp;prax\u00ed a&nbsp;otev\u00edr\u00e1 prostor pro kritickou diskuzi o&nbsp;aktu\u00e1ln\u00edm sm\u011b\u0159ov\u00e1n\u00ed. Program je koncipov\u00e1n jako intenzivn\u00ed vhled do proces\u016f, kter\u00fdmi \u017eije sou\u010dasn\u00e1 design\u00e9rsk\u00e1 sc\u00e9na v&nbsp;lok\u00e1ln\u00edm i&nbsp;mezin\u00e1rodn\u00edm kontextu.<\/p>\n\n\n\n<p>Organizaci leto\u0161n\u00edho ro\u010dn\u00edku p\u0159eb\u00edraj\u00ed <a href=\"https:\/\/www.instagram.com\/sme_katakomby\/\">Katakomby.<\/a>&nbsp;<\/p>\n\n\n\n<h3 class=\"wp-block-heading\">JAK\u00dd PROGRAM M\u016e\u017dE\u0160 LETOS NAV\u0160T\u00cdVIT?<\/h3>\n\n\n\n<h5 class=\"wp-block-heading\"><em><strong><mark style=\"background-color:rgba(0, 0, 0, 0)\" class=\"has-inline-color has-zdw-color\">What is design for\u2014Really?<\/mark><\/strong><\/em><br>Host: Marek Ku\u017ami\u0144ski<br>\u010cas: 14:15<br>Jazyk: ENG<\/h5>\n\n\n\n<h5 class=\"wp-block-heading\"><em><strong><mark style=\"background-color:rgba(0, 0, 0, 0)\" class=\"has-inline-color has-zdw-color\">D\u011bl\u00e1me prvot\u0159\u00eddn\u00ed zna\u010dky, p\u0159esto\u017ee jsme z&nbsp;Brna<\/mark><\/strong><\/em><br>Host: B t\u00fdm: Radoslav Cich\u00fd<br>\u010cas: 15:15<br>Jazyk: CZ<\/h5>\n\n\n\n<h5 class=\"wp-block-heading\"><em><strong><mark style=\"background-color:rgba(0, 0, 0, 0)\" class=\"has-inline-color has-zdw-color\">Design Doesn\u2019t Scale\u2014Systems Do<\/mark><\/strong><\/em><br>Host: Georges Quiqueran-Beaujeu\u00a0<br>\u010cas: 16:30<br>Jazyk: ENG<\/h5>\n\n\n\n<h5 class=\"wp-block-heading\"><em><strong><mark style=\"background-color:rgba(0, 0, 0, 0)\" class=\"has-inline-color has-zdw-color\">Je super b\u00fdt um\u011blec a&nbsp;sn\u00edlek, ale prod\u00e1v\u00e1 impact, ne kr\u00e1sa<\/mark><\/strong><\/em><br>Host: Martin Hrabovec<br>\u010cas: 17:30<br>Jazyk: CZ<\/h5>\n<\/div><\/div>\n","protected":false},"excerpt":{"rendered":"Lokace: Z\u00e1mek Zl\u00edn (Soudn\u00ed 1, Zl\u00edn)Datum: 12.&nbsp;5.&nbsp;2026\u010cas: 13:00 &#8211; 19:00\u00a0Vstupn\u00e9: 125&nbsp;K\u010d (platba v&nbsp;hotovosti na m\u00edst\u011b) Konference Design na hranici slou\u017e\u00ed jako platforma pro setk\u00e1v\u00e1n\u00ed student\u016f, [&hellip;]","protected":false},"author":34,"featured_media":0,"parent":0,"menu_order":0,"comment_status":"closed","ping_status":"closed","template":"","meta":{"_acf_changed":false,"footnotes":""},"class_list":["post-21006","page","type-page","status-publish","hentry"],"acf":[],"_links":{"self":[{"href":"https:\/\/zlindesignweek.com\/2026\/wp-json\/wp\/v2\/pages\/21006","targetHints":{"allow":["GET"]}}],"collection":[{"href":"https:\/\/zlindesignweek.com\/2026\/wp-json\/wp\/v2\/pages"}],"about":[{"href":"https:\/\/zlindesignweek.com\/2026\/wp-json\/wp\/v2\/types\/page"}],"author":[{"embeddable":true,"href":"https:\/\/zlindesignweek.com\/2026\/wp-json\/wp\/v2\/users\/34"}],"replies":[{"embeddable":true,"href":"https:\/\/zlindesignweek.com\/2026\/wp-json\/wp\/v2\/comments?post=21006"}],"version-history":[{"count":15,"href":"https:\/\/zlindesignweek.com\/2026\/wp-json\/wp\/v2\/pages\/21006\/revisions"}],"predecessor-version":[{"id":43814,"href":"https:\/\/zlindesignweek.com\/2026\/wp-json\/wp\/v2\/pages\/21006\/revisions\/43814"}],"wp:attachment":[{"href":"https:\/\/zlindesignweek.com\/2026\/wp-json\/wp\/v2\/media?parent=21006"}],"curies":[{"name":"wp","href":"https:\/\/api.w.org\/{rel}","templated":true}]}}

<div class="wp-block-group"><div class="wp-block-group__inner-container is-layout-constrained wp-block-group-is-layout-constrained">
<p><mark style="background-color:rgba(0, 0, 0, 0)" class="has-inline-color has-zdw-color">Lokace:</mark> Zámek Zlín (Soudní 1, Zlín)<br><mark style="background-color:rgba(0, 0, 0, 0)" class="has-inline-color has-zdw-color">Datum:</mark> 12.&nbsp;5.&nbsp;2026<br><mark style="background-color:rgba(0, 0, 0, 0)" class="has-inline-color has-zdw-color">Čas:</mark> 13:00 &#8211; 19:00 <br><mark style="background-color:rgba(0, 0, 0, 0)" class="has-inline-color has-zdw-color">Vstupné:</mark> 125&nbsp;Kč (platba v&nbsp;hotovosti na místě)</p>



<p>Konference Design na hranici slouží jako platforma pro setkávání studentů, absolventů a&nbsp;etablovaných profesionálů. Cílem je reflektovat témata, která definují každodenní realitu v&nbsp;kreativním průmyslu.&nbsp;</p>



<p>Navazuje na tradici propojování teorie s&nbsp;praxí a&nbsp;otevírá prostor pro kritickou diskuzi o&nbsp;aktuálním směřování. Program je koncipován jako intenzivní vhled do procesů, kterými žije současná designérská scéna v&nbsp;lokálním i&nbsp;mezinárodním kontextu.</p>



<p>Organizaci letošního ročníku přebírají <a href="https://www.instagram.com/sme_katakomby/">Katakomby.</a>&nbsp;</p>



<h3 class="wp-block-heading">JAKÝ PROGRAM MŮŽEŠ LETOS NAVŠTÍVIT?</h3>



<h5 class="wp-block-heading"><em><strong><mark style="background-color:rgba(0, 0, 0, 0)" class="has-inline-color has-zdw-color">What is design for—Really?</mark></strong></em><br>Host: Marek Kuźmiński<br>Čas: 14:15<br>Jazyk: ENG</h5>



<h5 class="wp-block-heading"><em><strong><mark style="background-color:rgba(0, 0, 0, 0)" class="has-inline-color has-zdw-color">Děláme prvotřídní značky, přestože jsme z&nbsp;Brna</mark></strong></em><br>Host: B tým: Radoslav Cichý<br>Čas: 15:15<br>Jazyk: CZ</h5>



<h5 class="wp-block-heading"><em><strong><mark style="background-color:rgba(0, 0, 0, 0)" class="has-inline-color has-zdw-color">Design Doesn’t Scale—Systems Do</mark></strong></em><br>Host: Georges Quiqueran-Beaujeu <br>Čas: 16:30<br>Jazyk: ENG</h5>



<h5 class="wp-block-heading"><em><strong><mark style="background-color:rgba(0, 0, 0, 0)" class="has-inline-color has-zdw-color">Je super být umělec a&nbsp;snílek, ale prodává impact, ne krása</mark></strong></em><br>Host: Martin Hrabovec<br>Čas: 17:30<br>Jazyk: CZ</h5>
</div></div>

Lokace: Zámek Zlín (Soudní 1, Zlín)Datum: 12.&nbsp;5.&nbsp;2026Čas: 13:00 &#8211; 19:00 Vstupné: 125&nbsp;Kč (platba v&nbsp;hotovosti na místě) Konference Design na hranici slouží jako platforma pro setkávání studentů, [&hellip;]
