{"id":2,"date":"2022-12-04T20:27:19","date_gmt":"2022-12-04T19:27:19","guid":{"rendered":"http:\/\/zlindesignweek.com\/2021\/?page_id=2"},"modified":"2026-04-29T18:24:08","modified_gmt":"2026-04-29T16:24:08","slug":"zdw","status":"publish","type":"page","link":"https:\/\/zlindesignweek.com\/2026\/","title":{"rendered":"ZDW 2026"},"content":{"rendered":"\n<div class=\"wp-block-zdw-intro-effect intro-effect intro-effect-big\" style=\"background-image:url(https:\/\/zlindesignweek.com\/2026\/wp-content\/uploads\/2025\/11\/16-zdw-tag-jiri-edit-1-2.jpg)\" data-apply-effect=\"1\">\n<div class=\"wp-block-group zdw-intro-effect-inner\"><div class=\"wp-block-group__inner-container is-layout-flow wp-block-group-is-layout-flow\">\n<h2 class=\"wp-block-heading text-glow-lg has-white-color has-text-color has-link-color wp-elements-f187cb5a433d38ab5bd3a05ff8672d3a\">ZLIN<\/h2>\n\n\n\n<h2 class=\"wp-block-heading text-glow-lg has-white-color has-text-color has-link-color wp-elements-2857af6aac4ac3e4e66eff83d035409d\" style=\"font-style:normal;font-weight:900\">DESIGN<\/h2>\n\n\n\n<h2 class=\"wp-block-heading text-glow-lg has-white-color has-text-color has-link-color wp-elements-feff51a2908f0e4ea7ec7ae074c685ff\">WEEK<\/h2>\n<\/div><\/div>\n\n\n\n<div class=\"wp-block-group zdw-intro-effect-side\"><div class=\"wp-block-group__inner-container is-layout-flow wp-block-group-is-layout-flow\">\n<h3 class=\"wp-block-heading has-text-align-right font-weight-regular text-glow\">6.\u201412.&nbsp;5.&nbsp;2026<br>L\u00c1SKA<\/h3>\n\n\n\n<p>Zlin Design Week, t\u00fddenn\u00ed designov\u00fd festival, kde m\u016f\u017ee naj\u00edt inspiraci opravdu ka\u017ed\u00fd. Vytv\u00e1\u0159\u00edme platformu pro setk\u00e1v\u00e1n\u00ed mlad\u00fdch design\u00e9r\u016f a&nbsp;profesion\u00e1l\u016f \u2013 pro prezentaci, vyj\u00e1d\u0159en\u00ed, sd\u00edlen\u00ed a&nbsp;ne\u010dekan\u00e1 spojen\u00ed. Podporujeme mlad\u00e9 talenty a&nbsp;p\u0159in\u00e1\u0161\u00edme \u010derstv\u00fd v\u00edtr v&nbsp;oblasti designu.<\/p>\n\n\n\n<div style=\"height:20px\" aria-hidden=\"true\" class=\"wp-block-spacer\"><\/div>\n\n\n\n<div class=\"wp-block-buttons is-layout-flex wp-block-buttons-is-layout-flex\">\n<div class=\"wp-block-button is-style-with-arrow\"><a class=\"wp-block-button__link wp-element-button\" href=\"https:\/\/zlindesignweek.com\/2026\/zdw\/program\/\">Mrkni na n\u00e1\u0161 program!<\/a><\/div>\n<\/div>\n<\/div><\/div>\n<\/div>\n\n\n\n<div class=\"wp-block-group is-style-default\"><div class=\"wp-block-group__inner-container is-layout-flow wp-block-group-is-layout-flow\">\n<div style=\"height:100px\" aria-hidden=\"true\" class=\"wp-block-spacer is-style-medium\"><\/div>\n\n\n\n<figure class=\"wp-block-embed is-type-video is-provider-youtube wp-block-embed-youtube wp-embed-aspect-16-9 wp-has-aspect-ratio\"><div class=\"wp-block-embed__wrapper\">\n<iframe loading=\"lazy\" title=\"ZLIN DESIGN WEEK 2025 | AFTERMOVIE\" width=\"500\" height=\"281\" src=\"https:\/\/www.youtube.com\/embed\/_UuXuY3f1M4?feature=oembed\" frameborder=\"0\" allow=\"accelerometer; autoplay; clipboard-write; encrypted-media; gyroscope; picture-in-picture; web-share\" referrerpolicy=\"strict-origin-when-cross-origin\" allowfullscreen><\/iframe>\n<\/div><\/figure>\n<\/div><\/div>\n\n\n\n<div style=\"height:100px\" aria-hidden=\"true\" class=\"wp-block-spacer\"><\/div>\n\n\n\n<div class=\"wp-block-zdw-intro-effect intro-effect intro-effect-inline\" style=\"background-image:url(https:\/\/zlindesignweek.com\/2026\/wp-content\/uploads\/2026\/01\/bg02.png)\" data-apply-effect=\"1\">\n<div class=\"wp-block-group zdw-three-values-group\"><div class=\"wp-block-group__inner-container is-layout-flow wp-block-group-is-layout-flow\">\n<div class=\"wp-block-columns mb-2 is-layout-flex wp-container-core-columns-is-layout-9d6595d7 wp-block-columns-is-layout-flex\">\n<div class=\"wp-block-column p-1 is-layout-flow wp-block-column-is-layout-flow\">\n<h3 class=\"wp-block-heading has-text-align-left h4 has-light-color has-text-color has-link-color wp-elements-e4d982aa11a770bff59502217aaa5db4\" style=\"font-style:normal;font-weight:900\">Zl\u00edn<\/h3>\n\n\n\n<p class=\"has-text-align-left has-white-color has-text-color has-link-color wp-elements-570ad85e95bc0bdb05c4676ccb66ccee\">Ke Zl\u00ednu design neodmysliteln\u011b pat\u0159\u00ed. Ovliv\u0148uje \u017eivot ka\u017ed\u00e9ho obyvatelstva, mnohdy v\u0161ak nepov\u0161imnut. My mu d\u00e1me prostor zaz\u00e1\u0159it a&nbsp;lidem jej pochopit, docenit a&nbsp;nechat se j\u00edm inspirovat.<\/p>\n<\/div>\n\n\n\n<div class=\"wp-block-column p-1 is-layout-flow wp-block-column-is-layout-flow\">\n<h3 class=\"wp-block-heading has-text-align-left h4 has-light-color has-text-color has-link-color wp-elements-bcf9276f80454a75820d06d18ff5ba05\" style=\"font-style:normal;font-weight:900\">L\u00e1ska<\/h3>\n\n\n\n<p class=\"has-text-align-left has-white-color has-text-color has-link-color wp-elements-3b88558cf0b39140c901e341e0291a1c\">12.&nbsp;ro\u010dn\u00edk festivalu se zam\u011b\u0159\u00ed na hodnoty designu i&nbsp;samotn\u00fdch design\u00e9r\u016f. L\u00e1ska jako z\u00e1klad vztahu k&nbsp;okol\u00ed, pr\u00e1ci i&nbsp;sob\u011b sam\u00e9mu. Otev\u0159eme t\u00e9mata, kter\u00e1 zkoumaj\u00ed, jak tvo\u0159it design, kter\u00fd m\u00e1 smysl a&nbsp;pom\u00e1h\u00e1 druh\u00fdm.<\/p>\n<\/div>\n\n\n\n<div class=\"wp-block-column p-1 is-layout-flow wp-block-column-is-layout-flow\">\n<h3 class=\"wp-block-heading has-text-align-left h4 has-light-color has-text-color has-link-color wp-elements-70de74e39842f002aa8c8673989844f4\" style=\"font-style:normal;font-weight:900\">T\u00fdden z\u00e1\u017eitk\u016f<\/h3>\n\n\n\n<p class=\"has-text-align-left has-white-color has-text-color has-link-color wp-elements-6d5b215fc879072c0d6cac8316fb7581\">Zl\u00edn o\u017eije designem ve dne v&nbsp;noci. V\u00fdstavy, kulturn\u00ed z\u00e1\u017eitky, instalace v&nbsp;modulech, p\u0159edn\u00e1\u0161ky, workshopy, fashion show, exkurze i&nbsp;party. Atmosf\u00e9ra nejde popsat, mus\u00ed\u0161 ji za\u017e\u00edt!<\/p>\n<\/div>\n<\/div>\n<\/div><\/div>\n<\/div>\n\n\n\n<div class=\"wp-block-group na-co-se-tesit-section\"><div class=\"wp-block-group__inner-container is-layout-flow wp-block-group-is-layout-flow\">\n<div style=\"height:20px\" aria-hidden=\"true\" class=\"wp-block-spacer\"><\/div>\n\n\n\n<div style=\"height:20px\" aria-hidden=\"true\" class=\"wp-block-spacer\"><\/div>\n\n\n\n<h2 class=\"wp-block-heading h3\">NA CO SE T\u011a\u0160IT B\u011aHEM ZLIN DESIGN WEEKU? <\/h2>\n\n\n\n<div class=\"wp-block-columns is-layout-flex wp-container-core-columns-is-layout-9d6595d7 wp-block-columns-is-layout-flex\">\n<div class=\"wp-block-column mr-800-sm pb-md-1 is-layout-flow wp-block-column-is-layout-flow\"><a href=\"https:\/\/zlindesignweek.com\/2026\/vystavy\/\"\n    target=\"_self\"\n    class=\"tile-with-text-wrap\">\n        <div class=\"tile-with-text\">\n                <img loading=\"lazy\" decoding=\"async\" width=\"950\" height=\"542\" src=\"https:\/\/zlindesignweek.com\/2026\/wp-content\/uploads\/2025\/11\/zdw-75-u-zamkuinstalace-machsimon-04-950x542.jpg\" class=\"attachment-large-tile size-large-tile\" alt=\"\" \/>                        <h3 class=\"tile-with-text__title text-transform-none h4\">\n            V\u00fdstavy a&nbsp;instalace         <\/h3>\n            <\/div><\/a><\/div>\n\n\n\n<div class=\"wp-block-column pb-1 is-layout-flow wp-block-column-is-layout-flow\"><a href=\"https:\/\/zlindesignweek.com\/2026\/design-na-hranici\/\"\n    target=\"_self\"\n    class=\"tile-with-text-wrap\">\n        <div class=\"tile-with-text\">\n                <img loading=\"lazy\" decoding=\"async\" width=\"950\" height=\"542\" src=\"https:\/\/zlindesignweek.com\/2026\/wp-content\/uploads\/2025\/11\/hranice-designu-14-950x542.jpg\" class=\"attachment-large-tile size-large-tile\" alt=\"\" \/>                        <h3 class=\"tile-with-text__title text-transform-none h4\">\n            Konference Design na hranici \u00d7 Katakomby        <\/h3>\n            <\/div><\/a><\/div>\n<\/div>\n\n\n\n<div class=\"wp-block-columns is-layout-flex wp-container-core-columns-is-layout-9d6595d7 wp-block-columns-is-layout-flex\">\n<div class=\"wp-block-column mr-800-sm pb-md-1 is-layout-flow wp-block-column-is-layout-flow\"><a href=\"https:\/\/zlindesignweek.com\/2026\/fashion-show-a-hudebni-vystoupeni\/\"\n    target=\"_self\"\n    class=\"tile-with-text-wrap\">\n        <div class=\"tile-with-text\">\n                <img loading=\"lazy\" decoding=\"async\" width=\"950\" height=\"542\" src=\"https:\/\/zlindesignweek.com\/2026\/wp-content\/uploads\/2025\/11\/zdw-fas-19-950x542.jpg\" class=\"attachment-large-tile size-large-tile\" alt=\"\" \/>                        <h3 class=\"tile-with-text__title text-transform-none h4\">\n            Fashion Show        <\/h3>\n            <\/div><\/a><\/div>\n\n\n\n<div class=\"wp-block-column pb-1 is-layout-flow wp-block-column-is-layout-flow\"><a href=\"https:\/\/zlindesignweek.com\/2026\/design-kantyna\/\"\n    target=\"_self\"\n    class=\"tile-with-text-wrap\">\n        <div class=\"tile-with-text\">\n                <img loading=\"lazy\" decoding=\"async\" width=\"950\" height=\"542\" src=\"https:\/\/zlindesignweek.com\/2026\/wp-content\/uploads\/2025\/11\/zdw-105-kantyna-sila-spoluprace-okunkova-16-950x542.jpg\" class=\"attachment-large-tile size-large-tile\" alt=\"\" \/>                        <h3 class=\"tile-with-text__title text-transform-none h4\">\n            Diskuze Design KANT\u00ddNA        <\/h3>\n            <\/div><\/a><\/div>\n<\/div>\n\n\n\n<div class=\"wp-block-columns is-layout-flex wp-container-core-columns-is-layout-9d6595d7 wp-block-columns-is-layout-flex\">\n<div class=\"wp-block-column mr-800-sm pb-md-1 is-layout-flow wp-block-column-is-layout-flow\"><a href=\"https:\/\/zlindesignweek.com\/2026\/workshopy\/\"\n    target=\"_self\"\n    class=\"tile-with-text-wrap\">\n        <div class=\"tile-with-text\">\n                <img loading=\"lazy\" decoding=\"async\" width=\"950\" height=\"542\" src=\"https:\/\/zlindesignweek.com\/2026\/wp-content\/uploads\/2025\/11\/115-zdw-reformat-workshop-17-1-950x542.jpeg\" class=\"attachment-large-tile size-large-tile\" alt=\"\" \/>                        <h3 class=\"tile-with-text__title text-transform-none h4\">\n            Edukativn\u00ed a&nbsp;tv\u016fr\u010d\u00ed workshopy        <\/h3>\n            <\/div><\/a><\/div>\n\n\n\n<div class=\"wp-block-column pb-1 is-layout-flow wp-block-column-is-layout-flow\"><a href=\"https:\/\/zlindesignweek.com\/2026\/hudebni-program\/\"\n    target=\"_self\"\n    class=\"tile-with-text-wrap\">\n        <div class=\"tile-with-text\">\n                <img loading=\"lazy\" decoding=\"async\" width=\"950\" height=\"542\" src=\"https:\/\/zlindesignweek.com\/2026\/wp-content\/uploads\/2025\/11\/1-59-950x542.jpg\" class=\"attachment-large-tile size-large-tile\" alt=\"\" \/>                        <h3 class=\"tile-with-text__title text-transform-none h4\">\n            Hudebn\u00ed program        <\/h3>\n            <\/div><\/a><\/div>\n<\/div>\n<\/div><\/div>\n\n\n\n<div class=\"wp-block-group\"><div class=\"wp-block-group__inner-container is-layout-constrained wp-block-group-is-layout-constrained\">\n<div class=\"wp-block-columns is-layout-flex wp-container-core-columns-is-layout-9d6595d7 wp-block-columns-is-layout-flex\">\n<div class=\"wp-block-column mr-800-sm pb-md-1 is-layout-flow wp-block-column-is-layout-flow\"><a href=\"https:\/\/zlindesignweek.com\/2026\/design-market\/\"\n    target=\"_self\"\n    class=\"tile-with-text-wrap\">\n        <div class=\"tile-with-text\">\n                <img loading=\"lazy\" decoding=\"async\" width=\"950\" height=\"542\" src=\"https:\/\/zlindesignweek.com\/2026\/wp-content\/uploads\/2025\/11\/zdw-115-pop-up-machsimon-21-950x542.jpg\" class=\"attachment-large-tile size-large-tile\" alt=\"\" \/>                        <h3 class=\"tile-with-text__title text-transform-none h4\">\n            Design Market        <\/h3>\n            <\/div><\/a><\/div>\n\n\n\n<div class=\"wp-block-column pb-1 is-layout-flow wp-block-column-is-layout-flow\"><a href=\"https:\/\/zlindesignweek.com\/2026\/flash-talks-powered-by-pechakucha\/\"\n    target=\"_self\"\n    class=\"tile-with-text-wrap\">\n        <div class=\"tile-with-text\">\n                <img loading=\"lazy\" decoding=\"async\" width=\"950\" height=\"542\" src=\"https:\/\/zlindesignweek.com\/2026\/wp-content\/uploads\/2025\/11\/85-okunkova-pecakuca-zamek-6-950x542.jpg\" class=\"attachment-large-tile size-large-tile\" alt=\"\" \/>                        <h3 class=\"tile-with-text__title text-transform-none h4\">\n            Flash Talks, powered by PechaKucha        <\/h3>\n            <\/div><\/a><\/div>\n<\/div>\n<\/div><\/div>\n\n\n\n<div style=\"height:20px\" aria-hidden=\"true\" class=\"wp-block-spacer\"><\/div>\n\n\n\n<div class=\"wp-block-zdw-intro-effect intro-effect intro-effect-inline\" style=\"background-image:url(https:\/\/zlindesignweek.com\/2026\/wp-content\/uploads\/2025\/11\/13-zdw-tag-jiri-edit-1.jpg)\" data-apply-effect=\"1\">\n<div class=\"wp-block-group is-style-default\"><div class=\"wp-block-group__inner-container is-layout-flow wp-block-group-is-layout-flow\">\n<div class=\"wp-block-columns is-layout-flex wp-container-core-columns-is-layout-9d6595d7 wp-block-columns-is-layout-flex\">\n<div class=\"wp-block-column is-layout-flow wp-block-column-is-layout-flow\">\n<div style=\"height:20px\" aria-hidden=\"true\" class=\"wp-block-spacer is-style-small\"><\/div>\n\n\n\n<h3 class=\"wp-block-heading h3\">Co o&nbsp;n\u00e1s \u0159\u00edkaj\u00ed?<\/h3>\n<\/div>\n<\/div>\n\n\n\n<div class=\"wp-block-columns is-layout-flex wp-container-core-columns-is-layout-9d6595d7 wp-block-columns-is-layout-flex\">\n<div class=\"wp-block-column mr-800-sm is-layout-flow wp-block-column-is-layout-flow\"><div\n    class=\"reference-item has-transparent-background-color\">\n    <p>\u201eAkce napojen\u00e1 na Univerzitu Tom\u00e1\u0161e Bati pravideln\u011b m\u00edstn\u00edm p\u0159edstavuje to nejlep\u0161\u00ed nejen z&nbsp;lok\u00e1ln\u00ed design\u00e9rsk\u00e9 sc\u00e9ny. B\u011bhem doprovodn\u00e9ho programu m\u00e1te \u0161anci poslechnout si vize mezin\u00e1rodn\u00ed oborov\u00e9 \u0161pi\u010dky, kter\u00e1 mnohdy doposud nebyla k&nbsp;vid\u011bn\u00ed ani v&nbsp;Praze. Nen\u00ed se co divit. Ud\u00e1lost je produk\u010dn\u011b p\u0159ipravena na skv\u011bl\u00e9 \u00farovni.\u201d    <\/p>\n    <div class=\"reference-person\">\n                <p class=\"reference-person__name h4 mb-2\">Veronika Pa\u0159\u00edzkov\u00e1        <\/p>\n        <p class=\"reference-person__position h4\">Novin\u00e1\u0159ka a&nbsp;kur\u00e1torka        <\/p>\n    <\/div>\n<\/div><\/div>\n\n\n\n<div class=\"wp-block-column mr-800-sm is-layout-flow wp-block-column-is-layout-flow\"><div\n    class=\"reference-item has-transparent-background-color\">\n    <p>&#8222;M\u011bsto Zl\u00edn je p\u016fvodn\u011b postaveno na vizi inkluze, soci\u00e1ln\u00ed soun\u00e1le\u017eitosti a&nbsp;udr\u017eitelnosti a&nbsp;bylo pro n\u00e1s velkou inspirac\u00ed. Nem\u016f\u017eeme p\u0159estat mluvit o&nbsp;tom, jak velkou inspirac\u00ed pro n\u00e1s \u00fa\u010dastn\u00edky, zapojen\u00e9 studenty, \u0159e\u010dn\u00edky i&nbsp;vystavovatele z&nbsp;Norska, Zlin Design Week byl. Jsme p\u0159esv\u011bd\u010deni, \u017ee Zlin Design Week je jedine\u010dn\u00fd a&nbsp;zaslou\u017e\u00ed si n\u00e1rodn\u00ed uzn\u00e1n\u00ed a&nbsp;podporu.&#8220;    <\/p>\n    <div class=\"reference-person\">\n                <p class=\"reference-person__name h4 mb-2\">Jannicke H\u00f8len and Knut Bang        <\/p>\n        <p class=\"reference-person__position h4\">DOGA        <\/p>\n    <\/div>\n<\/div><\/div>\n\n\n\n<div class=\"wp-block-column is-layout-flow wp-block-column-is-layout-flow\"><div\n    class=\"reference-item has-transparent-background-color\">\n    <p>\u201eDesign Week um\u00ed otev\u0159\u00edt o\u010di. Jak zaj\u00edmav\u00fd design v\u0161ude kolem n\u00e1s je. Co v\u0161echno do t\u00e9 kolonky spad\u00e1. Jak pokro\u010dil\u00fd design v&nbsp;cel\u00e9m \u010cesku je. A&nbsp;\u017ee studentsk\u00e1 akce m\u016f\u017ee b\u00fdt profesion\u00e1ln\u00ed a&nbsp;skv\u011ble ud\u011blan\u00e1.\u201c    <\/p>\n    <div class=\"reference-person\">\n                <p class=\"reference-person__name h4 mb-2\">Pavl\u00edna Lou\u017eensk\u00e1        <\/p>\n        <p class=\"reference-person__position h4\">Certifikovan\u00e1 tren\u00e9rka Google pro Design Thinking        <\/p>\n    <\/div>\n<\/div><\/div>\n<\/div>\n\n\n\n<div style=\"height:20px\" aria-hidden=\"true\" class=\"wp-block-spacer is-style-default\"><\/div>\n<\/div><\/div>\n<\/div>\n\n\n\n<div class=\"wp-block-group\"><div class=\"wp-block-group__inner-container is-layout-flow wp-block-group-is-layout-flow\">\n<div style=\"height:100px\" aria-hidden=\"true\" class=\"wp-block-spacer is-style-small\"><\/div>\n\n\n\n<h2 class=\"wp-block-heading h3\">Co se zrovna d\u011bje?<\/h2>\n\n\n\n                <a href=\"https:\/\/zlindesignweek.com\/2026\/en\/2026\/04\/22\/will-there-really-be-cooking-at-the-design-festival-or-what-is-design-canteen\/\"\n           title=\"Will there really be cooking at the design festival? Or what is Design CANTEEN?\" class=\"post-item-wrap  post-item-wrap--main\">\n            <div class=\"post-item\">\n                <div class=\"post-item__image\" style=\"background-image: url(https:\/\/zlindesignweek.com\/2026\/wp-content\/uploads\/2026\/04\/zdw-blog-nahledovka-design-kantyna-750x500.jpg)\">\n                <\/div>\n                <div class=\"post-item__content\">\n                    <h2 class=\"h4 text-transform-none\">\n                        Will there really be cooking at the design festival? Or what is Design CANTEEN?                    <\/h2>\n                    <span class=\"date\">22.&nbsp;4.&nbsp;2026<\/span> |\n                    <span class=\"author\">Josef Pl\u0161ek<\/span>\n                                            <p class=\"post-item__perex\">If you were not clear about what is behind the name Design CANTEEN, this article is exactly for you. You will read what it is, [&hellip;]                        <\/p>\n                    \n                    <span class=\"post-item__read-more button-link has-light-color\">read-more \u2192<\/span>\n                <\/div>\n            <\/div>\n        <\/a>\n        \n                    <div class=\"posts-wrap\">\n                <a href=\"https:\/\/zlindesignweek.com\/2026\/2026\/04\/22\/opravdu-se-na-designovem-festivalu-bude-varit-aneb-co-je-to-design-kantyna\/\"\n           title=\"Opravdu se na designov\u00e9m festivalu bude va\u0159it? Aneb co je to Design KANT\u00ddNA?\" class=\"post-item-wrap \">\n            <div class=\"post-item\">\n                <div class=\"post-item__image\" style=\"background-image: url(https:\/\/zlindesignweek.com\/2026\/wp-content\/uploads\/2026\/04\/zdw-blog-nahledovka-design-kantyna-500x333.jpg)\">\n                <\/div>\n                <div class=\"post-item__content\">\n                    <h2 class=\"h4 text-transform-none\">\n                        Opravdu se na designov\u00e9m festivalu bude va\u0159it? Aneb co je to Design KANT\u00ddNA?                    <\/h2>\n                    <span class=\"date\">22.&nbsp;4.&nbsp;2026<\/span> |\n                    <span class=\"author\">Josef Pl\u0161ek<\/span>\n                    \n                    <span class=\"post-item__read-more button-link has-light-color\">read-more \u2192<\/span>\n                <\/div>\n            <\/div>\n        <\/a>\n        \n                <a href=\"https:\/\/zlindesignweek.com\/2026\/en\/2026\/04\/17\/design-market-an-experience-full-of-handicrafts-local-flavors-and-well-being-for-all-the-senses\/\"\n           title=\"Design Market: an experience full of handicrafts, local flavors and well-being for all the senses\" class=\"post-item-wrap \">\n            <div class=\"post-item\">\n                <div class=\"post-item__image\" style=\"background-image: url(https:\/\/zlindesignweek.com\/2026\/wp-content\/uploads\/2026\/04\/zdw-blog-nahledovka-dm-nova-500x333.png)\">\n                <\/div>\n                <div class=\"post-item__content\">\n                    <h2 class=\"h4 text-transform-none\">\n                        Design Market: an experience full of handicrafts, local flavors and well-being for all the senses                    <\/h2>\n                    <span class=\"date\">17.&nbsp;4.&nbsp;2026<\/span> |\n                    <span class=\"author\">Josef Pl\u0161ek<\/span>\n                    \n                    <span class=\"post-item__read-more button-link has-light-color\">read-more \u2192<\/span>\n                <\/div>\n            <\/div>\n        <\/a>\n        \n                <a href=\"https:\/\/zlindesignweek.com\/2026\/2026\/04\/17\/design-market-zazitek-plny-rukodelne-tvorby-lokalnich-chuti-a-pohody-pro-vsechny-smysly\/\"\n           title=\"Design Market: z\u00e1\u017eitek pln\u00fd rukod\u011bln\u00e9 tvorby, lok\u00e1ln\u00edch chut\u00ed a&nbsp;pohody pro v\u0161echny smysly\" class=\"post-item-wrap \">\n            <div class=\"post-item\">\n                <div class=\"post-item__image\" style=\"background-image: url(https:\/\/zlindesignweek.com\/2026\/wp-content\/uploads\/2026\/04\/zdw-blog-nahledovka-dm-nova-500x333.png)\">\n                <\/div>\n                <div class=\"post-item__content\">\n                    <h2 class=\"h4 text-transform-none\">\n                        Design Market: z\u00e1\u017eitek pln\u00fd rukod\u011bln\u00e9 tvorby, lok\u00e1ln\u00edch chut\u00ed a&nbsp;pohody pro v\u0161echny smysly                    <\/h2>\n                    <span class=\"date\">17.&nbsp;4.&nbsp;2026<\/span> |\n                    <span class=\"author\">Josef Pl\u0161ek<\/span>\n                    \n                    <span class=\"post-item__read-more button-link has-light-color\">read-more \u2192<\/span>\n                <\/div>\n            <\/div>\n        <\/a>\n            <\/div><!-- .posts-wrap -->\n    <div class=\"wp-block-button w-100 text-center\"><a class=\"wp-block-button__link w-md-33-n2rem\"\n                                                      href=\"https:\/\/zlindesignweek.com\/2026\/blog\/\">display-more-posts            \u2192<\/a>\n    <\/div>\n    <\/div><\/div>\n\n\n\n<div style=\"height:100px\" aria-hidden=\"true\" class=\"wp-block-spacer\"><\/div>\n","protected":false},"excerpt":{"rendered":"NA CO SE T\u011a\u0160IT B\u011aHEM ZLIN DESIGN WEEKU? Co se zrovna d\u011bje?","protected":false},"author":33,"featured_media":0,"parent":0,"menu_order":0,"comment_status":"closed","ping_status":"open","template":"","meta":{"_acf_changed":false,"footnotes":""},"class_list":["post-2","page","type-page","status-publish","hentry"],"acf":[],"_links":{"self":[{"href":"https:\/\/zlindesignweek.com\/2026\/wp-json\/wp\/v2\/pages\/2","targetHints":{"allow":["GET"]}}],"collection":[{"href":"https:\/\/zlindesignweek.com\/2026\/wp-json\/wp\/v2\/pages"}],"about":[{"href":"https:\/\/zlindesignweek.com\/2026\/wp-json\/wp\/v2\/types\/page"}],"author":[{"embeddable":true,"href":"https:\/\/zlindesignweek.com\/2026\/wp-json\/wp\/v2\/users\/33"}],"replies":[{"embeddable":true,"href":"https:\/\/zlindesignweek.com\/2026\/wp-json\/wp\/v2\/comments?post=2"}],"version-history":[{"count":1091,"href":"https:\/\/zlindesignweek.com\/2026\/wp-json\/wp\/v2\/pages\/2\/revisions"}],"predecessor-version":[{"id":43846,"href":"https:\/\/zlindesignweek.com\/2026\/wp-json\/wp\/v2\/pages\/2\/revisions\/43846"}],"wp:attachment":[{"href":"https:\/\/zlindesignweek.com\/2026\/wp-json\/wp\/v2\/media?parent=2"}],"curies":[{"name":"wp","href":"https:\/\/api.w.org\/{rel}","templated":true}]}}