{"id":15606,"date":"2022-11-25T21:44:24","date_gmt":"2022-11-25T20:44:24","guid":{"rendered":"https:\/\/zlindesignweek.com\/2024\/?page_id=15606"},"modified":"2026-02-06T13:24:27","modified_gmt":"2026-02-06T12:24:27","slug":"pristupnost-festivalu","status":"publish","type":"page","link":"https:\/\/zlindesignweek.com\/2026\/pristupnost-festivalu\/","title":{"rendered":"P\u0159\u00edstupnost festivalu"},"content":{"rendered":"\n<div class=\"wp-block-group\"><div class=\"wp-block-group__inner-container is-layout-constrained wp-block-group-is-layout-constrained\"><div class=\"contact-person mr-sm \">\n        <img decoding=\"async\" src=\"https:\/\/zlindesignweek.com\/2026\/wp-content\/uploads\/2025\/11\/anicka-svobodova-560x667.jpg\"\n        alt=\"\" \/>\n        <div class=\"contact-person__content\">\n                <h4 class=\"mb-0\">Anna Svobodov\u00e1        <\/h4>\n                        <p class=\"caption text-uppercase strong\">Mana\u017eerka p\u0159\u00edstupnosti a&nbsp;inkluze         <\/p>\n                        <p><a\n                href=\"mailto:anna.svobodova@zlindesignweek.com\">anna.svobodova@zlindesignweek.com<\/a><\/p>\n                        <p>+420&nbsp;733&nbsp;144&nbsp;711        <\/p>\n            <\/div>\n<\/div>\n\n\n<p>Festival se dlouhodob\u011b sna\u017e\u00ed zp\u0159\u00edstup\u0148ovat sv\u016fj program co nej\u0161ir\u0161\u00edmu okruhu n\u00e1v\u0161t\u011bvn\u00edk\u016f. T\u00e9m\u011b\u0159 v\u0161echny <mark style=\"background-color:rgba(0, 0, 0, 0)\" class=\"has-inline-color has-zdw-color\">prostory jsou bezbari\u00e9rov\u00e9<\/mark> a&nbsp;hlavn\u00ed \u010d\u00e1sti programu, jako nap\u0159\u00edklad Ceremony Best in Design, tlumo\u010d\u00edme do angli\u010dtiny.<\/p>\n\n\n\n<p>P\u0159\u00edstupnost zohled\u0148ujeme i&nbsp;v&nbsp;komunikaci \u2013 u&nbsp;ka\u017ed\u00e9 \u010d\u00e1sti programu najde\u0161 po&nbsp;zve\u0159ejn\u011bn\u00ed informace o&nbsp;jej\u00ed dostupnosti. V\u00edme, \u017ee budoucnost je p\u0159\u00edstupn\u00e1 a&nbsp;\u017ee ka\u017ed\u00fd m\u00e1 jin\u00e9 pot\u0159eby a&nbsp;preference, proto uv\u00edt\u00e1me jak\u00e9koliv podn\u011bty \u010di&nbsp;n\u00e1vrhy.<\/p>\n\n\n\n<p>Pokud pl\u00e1nuje\u0161 n\u00e1v\u0161t\u011bvu a&nbsp;m\u00e1\u0161 specifick\u00e9 po\u017eadavky, ozvi se n\u00e1m. Spole\u010dn\u011b najdeme \u0159e\u0161en\u00ed. <mark style=\"background-color:rgba(0, 0, 0, 0)\" class=\"has-inline-color has-zdw-color\">Ka\u017ed\u00fd je u&nbsp;n\u00e1s v\u00edt\u00e1n.<\/mark><\/p>\n<\/div><\/div>\n\n\n\n<div style=\"height:50px\" aria-hidden=\"true\" class=\"wp-block-spacer is-style-default\"><\/div>\n","protected":false},"excerpt":{"rendered":"Festival se dlouhodob\u011b sna\u017e\u00ed zp\u0159\u00edstup\u0148ovat sv\u016fj program co nej\u0161ir\u0161\u00edmu okruhu n\u00e1v\u0161t\u011bvn\u00edk\u016f. T\u00e9m\u011b\u0159 v\u0161echny prostory jsou bezbari\u00e9rov\u00e9 a&nbsp;hlavn\u00ed \u010d\u00e1sti programu, jako nap\u0159\u00edklad Ceremony Best in Design, [&hellip;]","protected":false},"author":34,"featured_media":0,"parent":0,"menu_order":0,"comment_status":"closed","ping_status":"closed","template":"","meta":{"_acf_changed":false,"footnotes":""},"class_list":["post-15606","page","type-page","status-publish","hentry"],"acf":[],"_links":{"self":[{"href":"https:\/\/zlindesignweek.com\/2026\/wp-json\/wp\/v2\/pages\/15606","targetHints":{"allow":["GET"]}}],"collection":[{"href":"https:\/\/zlindesignweek.com\/2026\/wp-json\/wp\/v2\/pages"}],"about":[{"href":"https:\/\/zlindesignweek.com\/2026\/wp-json\/wp\/v2\/types\/page"}],"author":[{"embeddable":true,"href":"https:\/\/zlindesignweek.com\/2026\/wp-json\/wp\/v2\/users\/34"}],"replies":[{"embeddable":true,"href":"https:\/\/zlindesignweek.com\/2026\/wp-json\/wp\/v2\/comments?post=15606"}],"version-history":[{"count":25,"href":"https:\/\/zlindesignweek.com\/2026\/wp-json\/wp\/v2\/pages\/15606\/revisions"}],"predecessor-version":[{"id":40676,"href":"https:\/\/zlindesignweek.com\/2026\/wp-json\/wp\/v2\/pages\/15606\/revisions\/40676"}],"wp:attachment":[{"href":"https:\/\/zlindesignweek.com\/2026\/wp-json\/wp\/v2\/media?parent=15606"}],"curies":[{"name":"wp","href":"https:\/\/api.w.org\/{rel}","templated":true}]}}