{"id":7826,"date":"2021-02-19T00:19:39","date_gmt":"2021-02-18T23:19:39","guid":{"rendered":"https:\/\/zlindesignweek.com\/2021\/?page_id=7826"},"modified":"2021-02-19T00:03:59","modified_gmt":"2021-02-18T23:03:59","slug":"neco-jineho-krome-logiky-her-a-filmu","status":"publish","type":"page","link":"https:\/\/zlindesignweek.com\/2021\/zdw-exhibition-design-lab-en\/neco-jineho-krome-logiky-her-a-filmu\/","title":{"rendered":"N\u011bco jin\u00e9ho krom\u011b logiky her a&nbsp;filmu?"},"content":{"rendered":"\n<div class=\"wp-block-group has-white-background-color has-background\"><div class=\"wp-block-group__inner-container\">\n<div class=\"wp-block-image\"><figure class=\"alignright size-large is-resized\"><img loading=\"lazy\" src=\"https:\/\/zlindesignweek.com\/2021\/wp-content\/uploads\/2021\/02\/maja-ciric.png\" alt=\"\" class=\"wp-image-7810\" width=\"346\" height=\"346\" srcset=\"https:\/\/zlindesignweek.com\/2021\/wp-content\/uploads\/2021\/02\/maja-ciric.png 720w, https:\/\/zlindesignweek.com\/2021\/wp-content\/uploads\/2021\/02\/maja-ciric-500x500.png 500w, https:\/\/zlindesignweek.com\/2021\/wp-content\/uploads\/2021\/02\/maja-ciric-150x150.png 150w, https:\/\/zlindesignweek.com\/2021\/wp-content\/uploads\/2021\/02\/maja-ciric-250x250.png 250w\" sizes=\"(max-width: 346px) 100vw, 346px\" \/><\/figure><\/div>\n\n\n\n<p>Maja \u0106iri\u0107 je ocen\u011bn\u00e1 kur\u00e1torka a&nbsp;kriti\u010dka um\u011bn\u00ed se zku\u0161enostmi s&nbsp;veden\u00edm mezin\u00e1rodn\u00edch projekt\u016f. <br>M\u00e1 zku\u0161enosti s&nbsp;n\u011bkolika sv\u011btov\u00fdmi bien\u00e1le, v&nbsp;sou\u010dasn\u00e9 dob\u011b pracuje na dvou v\u00fdstav\u00e1ch zkoumaj\u00edc\u00edch <br>um\u011blou inteligenci v&nbsp;kontextu v\u011bdy a&nbsp;um\u011bn\u00ed.<\/p>\n\n\n\n<p>Maja se pod\u00edlela nap\u0159\u00edklad na projektu s&nbsp;n\u00e1zvem <a href=\"https:\/\/www.triestecontemporanea.it\/en\/event\/both-ways-2\/?fbclid=IwAR1OzB01781S2Qs_a6V6Gj-yxeCWK2j-qiIHFzQ09TseMhqRLTFsc3sl4fY\">BOTH WAYS<\/a>, v&nbsp;r\u00e1mci kter\u00e9ho p\u011bt evropsk\u00fdch zem\u00ed <br>uspo\u0159\u00e1dalo v\u00fdstavu sou\u010dasn\u00e9ho um\u011bn\u00ed v&nbsp;r\u00e1mci m\u011bstsk\u00e9ho festivalu v\u011bdy od 29.&nbsp;srpna do 6.&nbsp;z\u00e1\u0159\u00ed 2020 <br>v Terstu. Jedn\u00e1 se o&nbsp;fyzicky polycentrickou a&nbsp;replikovanou, roz\u0161\u00ed\u0159enou online v\u00fdstavu, kter\u00e1 je <br>k dispozici po&nbsp;cel\u00e9m sv\u011bt\u011b prakticky ka\u017ed\u00e9mu, kdo na ni vstoup\u00ed se sv\u00fdm avatarem.<\/p>\n\n\n\n<p>Odkaz zde: <a href=\"https:\/\/hubs.mozilla.com\/fsbivuE\/bothways-trieste?fbclid=IwAR3fu_TTjWTknNOHhgbqJt3YlEym5qCSwDbnx48rMwOIusEJNvMSW-4X084\">https:\/\/hubs.mozilla.com\/fsbivuE\/bothways-trieste?fbclid=IwAR3fu_TTjWTknNOHhgbqJt3YlEym5qCSwDbnx48rMwOIusEJNvMSW-4X084<\/a>&nbsp;<\/p>\n\n\n\n<p>V r\u00e1mci p\u0159edn\u00e1\u0161ky se Maja pokus\u00ed vysv\u011btlit, zda jsme pouze v&nbsp;digit\u00e1ln\u00edm Palleolitu v&nbsp;tom smyslu, <br>\u017ee v\u0161e, co d\u011bl\u00e1me, je p\u016fj\u010dov\u00e1n\u00ed si logiky her a&nbsp;filmu. Nebo existuje zp\u016fsob, jak m\u016f\u017eeme zm\u011bnit <br>digit\u00e1ln\u00ed z\u00e1\u017eitek?<\/p>\n<\/div><\/div>\n\n\n\n<p><\/p>\n","protected":false},"excerpt":{"rendered":"","protected":false},"author":26,"featured_media":0,"parent":6860,"menu_order":0,"comment_status":"closed","ping_status":"closed","template":"","meta":[],"_links":{"self":[{"href":"https:\/\/zlindesignweek.com\/2021\/wp-json\/wp\/v2\/pages\/7826"}],"collection":[{"href":"https:\/\/zlindesignweek.com\/2021\/wp-json\/wp\/v2\/pages"}],"about":[{"href":"https:\/\/zlindesignweek.com\/2021\/wp-json\/wp\/v2\/types\/page"}],"author":[{"embeddable":true,"href":"https:\/\/zlindesignweek.com\/2021\/wp-json\/wp\/v2\/users\/26"}],"replies":[{"embeddable":true,"href":"https:\/\/zlindesignweek.com\/2021\/wp-json\/wp\/v2\/comments?post=7826"}],"version-history":[{"count":10,"href":"https:\/\/zlindesignweek.com\/2021\/wp-json\/wp\/v2\/pages\/7826\/revisions"}],"predecessor-version":[{"id":7865,"href":"https:\/\/zlindesignweek.com\/2021\/wp-json\/wp\/v2\/pages\/7826\/revisions\/7865"}],"up":[{"embeddable":true,"href":"https:\/\/zlindesignweek.com\/2021\/wp-json\/wp\/v2\/pages\/6860"}],"wp:attachment":[{"href":"https:\/\/zlindesignweek.com\/2021\/wp-json\/wp\/v2\/media?parent=7826"}],"curies":[{"name":"wp","href":"https:\/\/api.w.org\/{rel}","templated":true}]}}