{"id":5599,"date":"2020-12-02T21:40:17","date_gmt":"2020-12-02T20:40:17","guid":{"rendered":"https:\/\/zlindesignweek.com\/2021\/?page_id=5599"},"modified":"2021-03-29T13:42:13","modified_gmt":"2021-03-29T11:42:13","slug":"virtualni-galerie-zdw-360","status":"publish","type":"page","link":"https:\/\/zlindesignweek.com\/2021\/zdw-2\/virtualni-galerie-zdw-360\/","title":{"rendered":"Virtu\u00e1ln\u00ed galerie ZDW 360"},"content":{"rendered":"\n<div class=\"wp-block-group\"><div class=\"wp-block-group__inner-container\">\n<p class=\"has-text-align-left has-white-color has-text-color\">Po \u00fasp\u011b\u0161n\u00e9 virtu\u00e1ln\u00ed v\u00fdstav\u011b top 30 prac\u00ed mezin\u00e1rodn\u00ed sout\u011b\u017ee Best in Design 2020 jsme se rozhodli si virtu\u00e1ln\u00ed prostor nechat, d\u00e1t mu jm\u00e9no a&nbsp;umo\u017enit tak mlad\u00fdm design\u00e9r\u016fm ho vyu\u017e\u00edvat. A&nbsp;pr\u00e1v\u011b zde startuje dal\u0161\u00ed virtu\u00e1ln\u00ed v\u00fdstava s&nbsp;n\u00e1zvem <strong>DESIGN Z&nbsp;VA\u0160\u00cd KUCHYN\u011a<\/strong>, tentokr\u00e1t ve spolupr\u00e1ci s&nbsp;<strong>Design KANT\u00ddNOU<\/strong>, kterou jsme vytvo\u0159ili v&nbsp;r\u00e1mci minul\u00e9ho ro\u010dn\u00edku Zlin Design Weeku. <\/p>\n\n\n\n<p class=\"has-text-align-left has-white-color has-text-color\">Kdo <a href=\"https:\/\/www.facebook.com\/groups\/designKANTYNA\"><strong>Design KANT\u00ddNU<\/strong><\/a> je\u0161t\u011b nezn\u00e1, je to <strong>online platforma pro setk\u00e1v\u00e1n\u00ed design\u00e9r\u016f<\/strong>, kde mohou sd\u00edlet inspiraci, diskutovat, hledat radu nebo navazovat spolupr\u00e1ci. Design\u00e9\u0159i tam sd\u00edl\u00ed v\u0161echny sv\u00e9 pochoutky, kter\u00e9 kdy napekli. Vyzvali jsme je, aby n\u00e1m zaslali sv\u00e9 pr\u00e1ce a&nbsp;my je mohli vystavit v&nbsp;na\u0161\u00ed virtu\u00e1ln\u00ed galerii ZDW 360!<\/p>\n\n\n\n<p class=\"has-white-color has-text-color\">Zaj\u00edm\u00e1 t\u011b, co design\u00e9\u0159i napekli? Pokud ano, klikni na tla\u010d\u00edtko a&nbsp;tv\u016fj po\u010d\u00edta\u010d t\u011b p\u0159enese do galerie. Ano, ZDW teleport funguje. ENJOY! <\/p>\n<\/div><\/div>\n\n\n\n<div class=\"wp-block-group\"><div class=\"wp-block-group__inner-container\">\n<div class=\"wp-block-group has-white-color has-text-color\"><div class=\"wp-block-group__inner-container\">\n<div class=\"wp-block-buttons\">\n<div class=\"wp-block-button\"><a class=\"wp-block-button__link\" href=\"https:\/\/hubs.mozilla.com\/ZtWRWJY\/twin-compassionate-picnic\">CHci na v\u00fdstavu <\/a><\/div>\n<\/div>\n\n\n\n<div style=\"height:100px\" aria-hidden=\"true\" class=\"wp-block-spacer\"><\/div>\n\n\n\n<p><\/p>\n<\/div><\/div>\n<\/div><\/div>\n","protected":false},"excerpt":{"rendered":"","protected":false},"author":25,"featured_media":0,"parent":93,"menu_order":0,"comment_status":"closed","ping_status":"closed","template":"","meta":[],"_links":{"self":[{"href":"https:\/\/zlindesignweek.com\/2021\/wp-json\/wp\/v2\/pages\/5599"}],"collection":[{"href":"https:\/\/zlindesignweek.com\/2021\/wp-json\/wp\/v2\/pages"}],"about":[{"href":"https:\/\/zlindesignweek.com\/2021\/wp-json\/wp\/v2\/types\/page"}],"author":[{"embeddable":true,"href":"https:\/\/zlindesignweek.com\/2021\/wp-json\/wp\/v2\/users\/25"}],"replies":[{"embeddable":true,"href":"https:\/\/zlindesignweek.com\/2021\/wp-json\/wp\/v2\/comments?post=5599"}],"version-history":[{"count":18,"href":"https:\/\/zlindesignweek.com\/2021\/wp-json\/wp\/v2\/pages\/5599\/revisions"}],"predecessor-version":[{"id":9575,"href":"https:\/\/zlindesignweek.com\/2021\/wp-json\/wp\/v2\/pages\/5599\/revisions\/9575"}],"up":[{"embeddable":true,"href":"https:\/\/zlindesignweek.com\/2021\/wp-json\/wp\/v2\/pages\/93"}],"wp:attachment":[{"href":"https:\/\/zlindesignweek.com\/2021\/wp-json\/wp\/v2\/media?parent=5599"}],"curies":[{"name":"wp","href":"https:\/\/api.w.org\/{rel}","templated":true}]}}