{"id":217,"date":"2019-12-24T01:02:05","date_gmt":"2019-12-24T00:02:05","guid":{"rendered":"http:\/\/zlindesignweek.com\/2021\/?page_id=217"},"modified":"2020-12-06T23:21:06","modified_gmt":"2020-12-06T22:21:06","slug":"registrace","status":"publish","type":"page","link":"https:\/\/zlindesignweek.com\/2021\/best-in-design\/registrace\/","title":{"rendered":"Registrace do sout\u011b\u017ee Best in Design"},"content":{"rendered":"\n<div class=\"wp-block-group\"><div class=\"wp-block-group__inner-container\">\n<div class=\"wp-block-columns\">\n<div class=\"wp-block-column\">\n<p class=\"has-white-color has-text-color\">Jestli se n\u011bco pokazilo, nezoufej a&nbsp;po\u0161li n\u00e1m email na info@zlindesignweek.com.<\/p>\n<\/div>\n\n\n\n<div class=\"wp-block-column\"><\/div>\n<\/div>\n<\/div><\/div>\n\n\n\n<p><\/p>\n","protected":false},"excerpt":{"rendered":"","protected":false},"author":2,"featured_media":0,"parent":193,"menu_order":0,"comment_status":"closed","ping_status":"closed","template":"templates\/bid-registrace.php","meta":[],"_links":{"self":[{"href":"https:\/\/zlindesignweek.com\/2021\/wp-json\/wp\/v2\/pages\/217"}],"collection":[{"href":"https:\/\/zlindesignweek.com\/2021\/wp-json\/wp\/v2\/pages"}],"about":[{"href":"https:\/\/zlindesignweek.com\/2021\/wp-json\/wp\/v2\/types\/page"}],"author":[{"embeddable":true,"href":"https:\/\/zlindesignweek.com\/2021\/wp-json\/wp\/v2\/users\/2"}],"replies":[{"embeddable":true,"href":"https:\/\/zlindesignweek.com\/2021\/wp-json\/wp\/v2\/comments?post=217"}],"version-history":[{"count":14,"href":"https:\/\/zlindesignweek.com\/2021\/wp-json\/wp\/v2\/pages\/217\/revisions"}],"predecessor-version":[{"id":5771,"href":"https:\/\/zlindesignweek.com\/2021\/wp-json\/wp\/v2\/pages\/217\/revisions\/5771"}],"up":[{"embeddable":true,"href":"https:\/\/zlindesignweek.com\/2021\/wp-json\/wp\/v2\/pages\/193"}],"wp:attachment":[{"href":"https:\/\/zlindesignweek.com\/2021\/wp-json\/wp\/v2\/media?parent=217"}],"curies":[{"name":"wp","href":"https:\/\/api.w.org\/{rel}","templated":true}]}}