{"id":2,"date":"2019-12-18T21:59:42","date_gmt":"2019-12-18T20:59:42","guid":{"rendered":"http:\/\/zlindesignweek.com\/2021\/?page_id=2"},"modified":"2021-10-19T16:08:16","modified_gmt":"2021-10-19T14:08:16","slug":"zdw","status":"publish","type":"page","link":"https:\/\/zlindesignweek.com\/2021\/","title":{"rendered":"ZDW ONLINE"},"content":{"rendered":"\n<div class=\"wp-block-group\"><div class=\"wp-block-group__inner-container\">\n<div class=\"wp-block-group\"><div class=\"wp-block-group__inner-container\"><div class=\"intro-video \">\r\n            <div class=\"container\">\r\n            <img src=\"https:\/\/zlindesignweek.com\/2021\/wp-content\/uploads\/2020\/12\/spooooolu.svg\"\r\n                 srcset=\"https:\/\/zlindesignweek.com\/2021\/wp-content\/uploads\/2020\/12\/spooooolu.svg 100vw, https:\/\/zlindesignweek.com\/2021\/wp-content\/uploads\/2020\/12\/spooooolu.svg 600vw\"\r\n                 class=\"float-right\"\/>\r\n        <\/div>\r\n        <!-- <div class=\"container\"> -->\r\n                    <div class=\"border-box has-light-color\">\r\n                                <p class=\"mt-0\">V Zlin Design Weeku spojujeme mlad\u00e9 design\u00e9ry a&nbsp;firmy. Soust\u0159ed\u00edme se na nov\u00e1 t\u00e9mata a&nbsp;my\u0161lenky. Propojujeme odborn\u00e9 konference s&nbsp;v\u00fdstavami a&nbsp;z\u00e1bavn\u00fdm programem, prost\u0159ednictv\u00edm kter\u00e9ho seznamujeme n\u00e1v\u0161t\u011bvn\u00edky se sou\u010dasnou designerskou tvorbou od r\u016fznorod\u00fdch autor\u016f a&nbsp;firem. Zlin Design Week je festival, kde ka\u017ed\u00fd m\u016f\u017ee naj\u00edt sv\u016fj kousek inspirace. Projekt vznikl v&nbsp;roce 2015 jako impuls dvou studentek designersk\u00fdch obor\u016f Fakulty multimedi\u00e1ln\u00edch komunikac\u00ed Univerzity Tom\u00e1\u0161e Bati ve Zl\u00edn\u011b.                <\/p>\r\n                                                                                                                                    \r\n            <\/div>\r\n\r\n            <!-- <\/div> -->\r\n<\/div>\n\n\n<div class=\"wp-block-buttons\"><\/div>\n<\/div><\/div>\n\n\n\n<div style=\"height:100px\" aria-hidden=\"true\" class=\"wp-block-spacer\"><\/div>\n\n\n\n<div class=\"wp-block-group\"><div class=\"wp-block-group__inner-container\">\n<figure class=\"wp-block-embed is-type-video is-provider-youtube wp-block-embed-youtube wp-embed-aspect-16-9 wp-has-aspect-ratio\"><div class=\"wp-block-embed__wrapper\">\n<iframe title=\"Galave\u010der Best in Design | Zlin Design Week 2021\" width=\"500\" height=\"281\" src=\"https:\/\/www.youtube.com\/embed\/OjpEGzGB5cg?feature=oembed\" frameborder=\"0\" allow=\"accelerometer; autoplay; clipboard-write; encrypted-media; gyroscope; picture-in-picture\" allowfullscreen><\/iframe>\n<\/div><\/figure>\n\n\n\n<div class=\"wp-block-group\"><div class=\"wp-block-group__inner-container\"><\/div><\/div>\n<\/div><\/div>\n<\/div><\/div>\n\n\n\n<div class=\"wp-block-group na-co-se-tesit-section\"><div class=\"wp-block-group__inner-container\">\n<h2 class=\"has-white-color has-text-color\">Co tvo\u0159\u00ed Zlin Design Week?<\/h2>\n\n\n\n<div class=\"wp-block-columns\">\n<div class=\"wp-block-column mr-800-sm\"><a href=\"https:\/\/zlindesignweek.com\/2021\/vystavy-zlin-design-week\/\"\r\n    target=\"_self\"\r\n    class=\"tile-with-text-wrap\">\r\n        <div class=\"tile-with-text\">\r\n                <img width=\"950\" height=\"542\" src=\"https:\/\/zlindesignweek.com\/2021\/wp-content\/uploads\/2021\/03\/beth-adakrenz-photo1-950x542.jpg\" class=\"attachment-large-tile size-large-tile\" alt=\"\" loading=\"lazy\" \/>                        <h3 class=\"tile-with-text__title\">\r\n            V\u00fdstavy         <\/h3>\r\n            <\/div><\/a><\/div>\n\n\n\n<div class=\"wp-block-column\"><a href=\"https:\/\/zlindesignweek.com\/2021\/konference\/\"\r\n    target=\"_self\"\r\n    class=\"tile-with-text-wrap\">\r\n        <div class=\"tile-with-text\">\r\n                <img width=\"950\" height=\"542\" src=\"https:\/\/zlindesignweek.com\/2021\/wp-content\/uploads\/2021\/03\/img-3122-1-950x542.jpg\" class=\"attachment-large-tile size-large-tile\" alt=\"\" loading=\"lazy\" \/>                        <h3 class=\"tile-with-text__title\">\r\n            Konference        <\/h3>\r\n            <\/div><\/a>\n\n\n<p><\/p>\n<\/div>\n<\/div>\n\n\n\n<div class=\"wp-block-columns\">\n<div class=\"wp-block-column mr-800-sm\"><a href=\"https:\/\/zlindesignweek.com\/2021\/best-in-design\/\"\r\n    target=\"_self\"\r\n    class=\"tile-with-text-wrap\">\r\n        <div class=\"tile-with-text\">\r\n                <img width=\"950\" height=\"542\" src=\"https:\/\/zlindesignweek.com\/2021\/wp-content\/uploads\/2021\/04\/galavecer-33-of-41-950x542.jpg\" class=\"attachment-large-tile size-large-tile\" alt=\"\" loading=\"lazy\" \/>                        <h3 class=\"tile-with-text__title\">\r\n            Vyhl\u00e1\u0161en\u00ed v\u00fdsledk\u016f Best in Design        <\/h3>\r\n            <\/div><\/a><\/div>\n\n\n\n<div class=\"wp-block-column\"><a href=\"https:\/\/zlindesignweek.com\/2021\/fashion-show-a-hudebni-vystoupeni\/\"\r\n    target=\"_self\"\r\n    class=\"tile-with-text-wrap\">\r\n        <div class=\"tile-with-text\">\r\n                <img width=\"950\" height=\"542\" src=\"https:\/\/zlindesignweek.com\/2021\/wp-content\/uploads\/2021\/04\/zdw-elements-party-3-5-2019-18-1-950x542.jpg\" class=\"attachment-large-tile size-large-tile\" alt=\"\" loading=\"lazy\" \/>                        <h3 class=\"tile-with-text__title\">\r\n            Fashion show a&nbsp;live koncerty         <\/h3>\r\n            <\/div><\/a>\n\n\n<p><\/p>\n<\/div>\n<\/div>\n\n\n\n<div class=\"wp-block-columns\">\n<div class=\"wp-block-column mr-800-sm\"><a href=\"https:\/\/zlindesignweek.com\/2021\/workshopy-vepro-knedlo-design\/\"\r\n    target=\"_self\"\r\n    class=\"tile-with-text-wrap\">\r\n        <div class=\"tile-with-text\">\r\n                <img width=\"950\" height=\"542\" src=\"https:\/\/zlindesignweek.com\/2021\/wp-content\/uploads\/2021\/04\/10-950x542.jpg\" class=\"attachment-large-tile size-large-tile\" alt=\"\" loading=\"lazy\" \/>                        <h3 class=\"tile-with-text__title\">\r\n            Workshopy Vep\u0159o Knedlo Design        <\/h3>\r\n            <\/div><\/a><\/div>\n\n\n\n<div class=\"wp-block-column\" style=\"flex-basis:px\"><a href=\"http:\/\/www.designnahranici.cz\/\"\r\n    target=\"_self\"\r\n    class=\"tile-with-text-wrap\">\r\n        <div class=\"tile-with-text\">\r\n                <img width=\"950\" height=\"542\" src=\"https:\/\/zlindesignweek.com\/2021\/wp-content\/uploads\/2021\/04\/indra-44-1-950x542.jpg\" class=\"attachment-large-tile size-large-tile\" alt=\"\" loading=\"lazy\" \/>                        <h3 class=\"tile-with-text__title\">\r\n            P\u0159edn\u00e1\u0161ky Design na hranici        <\/h3>\r\n            <\/div><\/a>\n\n\n<p><\/p>\n<\/div>\n<\/div>\n\n\n\n<div class=\"wp-block-columns\">\n<div class=\"wp-block-column mr-800-sm\"><a href=\"https:\/\/www.facebook.com\/events\/740611740196306\"\r\n    target=\"_self\"\r\n    class=\"tile-with-text-wrap\">\r\n        <div class=\"tile-with-text\">\r\n                <img width=\"950\" height=\"542\" src=\"https:\/\/zlindesignweek.com\/2021\/wp-content\/uploads\/2021\/04\/mg-1060-950x542.jpg\" class=\"attachment-large-tile size-large-tile\" alt=\"\" loading=\"lazy\" \/>                        <h3 class=\"tile-with-text__title\">\r\n            Panelov\u00e1 diskuze s&nbsp;m\u00e9dii        <\/h3>\r\n            <\/div><\/a><\/div>\n\n\n\n<div class=\"wp-block-column\" style=\"flex-basis:px\"><a href=\"https:\/\/www.facebook.com\/groups\/designKANTYNA\"\r\n    target=\"_self\"\r\n    class=\"tile-with-text-wrap\">\r\n        <div class=\"tile-with-text\">\r\n                <img width=\"950\" height=\"542\" src=\"https:\/\/zlindesignweek.com\/2021\/wp-content\/uploads\/2021\/04\/design-kantyna-950x542.png\" class=\"attachment-large-tile size-large-tile\" alt=\"\" loading=\"lazy\" \/>                        <h3 class=\"tile-with-text__title\">\r\n            Vype\u010den\u00e1 spolupr\u00e1ce        <\/h3>\r\n            <\/div><\/a><\/div>\n<\/div>\n\n\n\n<p class=\"has-text-align-left mt-0 has-white-color has-text-color has-medium-font-size\"><a href=\"https:\/\/zlindesignweek.com\/2021\/zdw\/program\/\" data-type=\"URL\" data-id=\"https:\/\/zlindesignweek.com\/2021\/zdw\/program\/\">ZOBRAZIT CEL\u00dd PROGRAM \u2192<\/a><\/p>\n<\/div><\/div>\n\n\n\n<div class=\"wp-block-group\"><div class=\"wp-block-group__inner-container\">\n<h2 class=\"has-white-color has-text-color\">Jak si Zlin Design Week p\u0159edstavit?<\/h2>\n\n\n\n<figure class=\"wp-block-embed-youtube wp-block-embed is-type-video is-provider-youtube wp-embed-aspect-16-9 wp-has-aspect-ratio\"><div class=\"wp-block-embed__wrapper\">\n<iframe src=\"https:\/\/www.youtube.com\/embed\/oRlHsjyVMgc\/?autoplay=1&amp;mute=1&amp;loop=1&amp;playlist=oRlHsjyVMgc\" frameborder=\"0\" allow=\"accelerometer; autoplay; encrypted-media; gyroscope; picture-in-picture\" allowfullscreen=\"\"><\/iframe>\n<\/div><\/figure>\n<\/div><\/div>\n\n\n\n<div class=\"wp-block-group\"><div class=\"wp-block-group__inner-container\">\n<div class=\"wp-block-columns mt-2 mb-2 pt-1 has-white-background-color\">\n<div class=\"wp-block-column p-1\">\n<div class=\"wp-block-image\"><figure class=\"aligncenter size-large\"><img loading=\"lazy\" width=\"261\" height=\"261\" src=\"https:\/\/zlindesignweek.com\/2021\/wp-content\/uploads\/2021\/02\/zlin3.png\" alt=\"\" class=\"wp-image-7742\" srcset=\"https:\/\/zlindesignweek.com\/2021\/wp-content\/uploads\/2021\/02\/zlin3.png 261w, https:\/\/zlindesignweek.com\/2021\/wp-content\/uploads\/2021\/02\/zlin3-150x150.png 150w, https:\/\/zlindesignweek.com\/2021\/wp-content\/uploads\/2021\/02\/zlin3-250x250.png 250w\" sizes=\"(max-width: 261px) 100vw, 261px\" \/><\/figure><\/div>\n\n\n\n<h3 class=\"has-text-align-center\">Zl\u00edn<\/h3>\n\n\n\n<p class=\"has-text-align-left\">Ke Zl\u00ednu design neodmysliteln\u011b pat\u0159\u00ed. Ovliv\u0148uje \u017eivot ka\u017ed\u00e9ho obyvatele, mnohdy nepov\u0161imnut. My mu d\u00e1me prostor zaz\u00e1\u0159it a&nbsp;lidem jej pochopit, docenit a&nbsp;nechat se j\u00edm inspirovat.<\/p>\n<\/div>\n\n\n\n<div class=\"wp-block-column p-1\">\n<div class=\"wp-block-image\"><figure class=\"aligncenter size-large\"><img loading=\"lazy\" width=\"261\" height=\"261\" src=\"https:\/\/zlindesignweek.com\/2021\/wp-content\/uploads\/2021\/02\/oo3.png\" alt=\"\" class=\"wp-image-7741\" srcset=\"https:\/\/zlindesignweek.com\/2021\/wp-content\/uploads\/2021\/02\/oo3.png 261w, https:\/\/zlindesignweek.com\/2021\/wp-content\/uploads\/2021\/02\/oo3-150x150.png 150w, https:\/\/zlindesignweek.com\/2021\/wp-content\/uploads\/2021\/02\/oo3-250x250.png 250w\" sizes=\"(max-width: 261px) 100vw, 261px\" \/><\/figure><\/div>\n\n\n\n<h3 class=\"has-text-align-center\">Spolupr\u00e1ce<\/h3>\n\n\n\n<p class=\"has-text-align-left\">Leto\u0161n\u00ed ro\u010dn\u00edk festivalu bude odrazem spolupr\u00e1ce mlad\u00fdch design\u00e9r\u016f a&nbsp;firem, teorie s&nbsp;prax\u00ed, byznysu a&nbsp;neziskov\u00e9ho sektoru. B\u011bhem jednoho t\u00fddne Zlin Design Week uk\u00e1\u017ee, co n\u00e1m m\u016f\u017ee p\u0159in\u00e9st otev\u0159enost a&nbsp;ochota se podporovat a&nbsp;\u017ee tvo\u0159it spolu m\u00e1 smysl.<\/p>\n<\/div>\n\n\n\n<div class=\"wp-block-column p-1\">\n<div class=\"wp-block-image\"><figure class=\"aligncenter size-large\"><img loading=\"lazy\" width=\"261\" height=\"261\" src=\"https:\/\/zlindesignweek.com\/2021\/wp-content\/uploads\/2021\/02\/partyyy3.png\" alt=\"\" class=\"wp-image-7740\" srcset=\"https:\/\/zlindesignweek.com\/2021\/wp-content\/uploads\/2021\/02\/partyyy3.png 261w, https:\/\/zlindesignweek.com\/2021\/wp-content\/uploads\/2021\/02\/partyyy3-150x150.png 150w, https:\/\/zlindesignweek.com\/2021\/wp-content\/uploads\/2021\/02\/partyyy3-250x250.png 250w\" sizes=\"(max-width: 261px) 100vw, 261px\" \/><\/figure><\/div>\n\n\n\n<h3 class=\"has-text-align-center\">T\u00fdden z\u00e1\u017eitk\u016f<\/h3>\n\n\n\n<p class=\"has-text-align-left\">Zl\u00edn o\u017eije designem ve dne v&nbsp;noci. V\u00fdstavy, galave\u010der, celodenn\u00ed konference, instalace v&nbsp;modulech, p\u0159edn\u00e1\u0161ky, workshopy, exkurze i&nbsp;nep\u0159ekonateln\u00e9 p\u00e1rty. Atmosf\u00e9ra nejde popsat, mus\u00ed\u0161 ji za\u017e\u00edt.<\/p>\n<\/div>\n<\/div>\n<\/div><\/div>\n\n\n\n<div class=\"wp-block-group\"><div class=\"wp-block-group__inner-container\">\n<div style=\"height:50px\" aria-hidden=\"true\" class=\"wp-block-spacer\"><\/div>\n\n\n\n<h2 class=\"has-white-color has-text-color\">Co o&nbsp;n\u00e1s \u0159\u00edkaj\u00ed?<\/h2>\n\n\n\n<div class=\"wp-block-columns\">\n<div class=\"wp-block-column mr-800-sm\"><div\r\n    class=\"reference-item has-white-background-color\">\r\n    <p>\u201eDesign se p\u0159ibli\u017euje obyvatel\u016fm Zl\u00edna opravdu na dosah ruky a&nbsp;b\u011bhem t\u00fddenn\u00ed p\u0159ehl\u00eddky je tak\u0159ka nemo\u017en\u00e9 ignorovat v\u00fdstavn\u00ed moduly ve ve\u0159ejn\u00e9m prostoru. P\u0159edstavuje se tu design v&nbsp;co nej\u0161ir\u0161\u00edm slova smyslu a&nbsp;prezentuj\u00ed se tu jak designov\u00ed velik\u00e1ni, tak talentovan\u00ed studenti.\u201d    <\/p>\r\n    <div class=\"reference-person\">\r\n                <p class=\"reference-person__name\">Barbora Langmajerov\u00e1         <\/p>\r\n        <p class=\"reference-person__position\">CZECHDESIGN.CZ        <\/p>\r\n    <\/div>\r\n<\/div><\/div>\n\n\n\n<div class=\"wp-block-column mr-800-sm\"><div\r\n    class=\"reference-item has-white-background-color\">\r\n    <p>\u201eVytvo\u0159it instalaci nebo tady jen b\u00fdt a&nbsp;znovu se potkat s&nbsp;kamar\u00e1dy, to chce\u0161! Spojen\u00ed univerzity s&nbsp;iniciativou jejich student\u016f a&nbsp;n\u011bkolika v\u00fdznamn\u00fdch region\u00e1ln\u00edch firem a&nbsp;samotn\u00e9ho fenom\u00e9nu m\u011bsta vytv\u00e1\u0159\u00ed Zl\u00ednu a&nbsp;\u010desk\u00e9mu designu dal\u0161\u00ed sty\u010dn\u00fd bod. At\u2019 \u017eije designov\u00e1 Morava!\u201d<br \/>\r\n<br \/>\r\n    <\/p>\r\n    <div class=\"reference-person\">\r\n                <p class=\"reference-person__name\">Roman \u0160edina        <\/p>\r\n        <p class=\"reference-person__position\">designer        <\/p>\r\n    <\/div>\r\n<\/div><\/div>\n\n\n\n<div class=\"wp-block-column\"><div\r\n    class=\"reference-item has-white-background-color\">\r\n    <p>\u201eNen\u00ed to jen dal\u0161\u00ed z&nbsp;\u0159ady povrchn\u00edch design akc\u00ed. Naopak, pomalu, ale jist\u011b si buduje sv\u00e9bytn\u00e9 m\u00edsto na \u010desk\u00e9 sc\u00e9n\u011b \u2028a p\u0159in\u00e1\u0161\u00ed odli\u0161n\u00fd pohled \u2028na sou\u010dasn\u00fd design. Z\u00e1rove\u0148 je konzistentn\u011b kur\u00e1torovan\u00fd, p\u0159in\u00e1\u0161\u00ed nov\u00e9 pohledy na sv\u016fj obor\u2028a umo\u017e\u0148uje skv\u011blou aktivizaci student\u016f a&nbsp;mlad\u00fdch design\u00e9r\u016f.\u201d    <\/p>\r\n    <div class=\"reference-person\">\r\n                <p class=\"reference-person__name\">Adam \u0160t\u011bch        <\/p>\r\n        <p class=\"reference-person__position\">Kreativn\u00ed skupina OKOLO         <\/p>\r\n    <\/div>\r\n<\/div><\/div>\n<\/div>\n<\/div><\/div>\n\n\n\n<div class=\"wp-block-group\"><div class=\"wp-block-group__inner-container\">\n<figure class=\"wp-block-image size-full is-resized\"><a href=\"https:\/\/www.heroine.cz\/heroine-special-prezidentky\"><img loading=\"lazy\" src=\"https:\/\/zlindesignweek.com\/2021\/wp-content\/uploads\/2021\/05\/181261953-1168057110332866-558084457963740793-n-1-2.jpg\" alt=\"\" class=\"wp-image-10385\" width=\"1379\" height=\"347\" srcset=\"https:\/\/zlindesignweek.com\/2021\/wp-content\/uploads\/2021\/05\/181261953-1168057110332866-558084457963740793-n-1-2.jpg 1192w, https:\/\/zlindesignweek.com\/2021\/wp-content\/uploads\/2021\/05\/181261953-1168057110332866-558084457963740793-n-1-2-500x126.jpg 500w, https:\/\/zlindesignweek.com\/2021\/wp-content\/uploads\/2021\/05\/181261953-1168057110332866-558084457963740793-n-1-2-750x189.jpg 750w, https:\/\/zlindesignweek.com\/2021\/wp-content\/uploads\/2021\/05\/181261953-1168057110332866-558084457963740793-n-1-2-768x193.jpg 768w, https:\/\/zlindesignweek.com\/2021\/wp-content\/uploads\/2021\/05\/181261953-1168057110332866-558084457963740793-n-1-2-250x63.jpg 250w\" sizes=\"(max-width: 1379px) 100vw, 1379px\" \/><\/a><\/figure>\n<\/div><\/div>\n\n\n\n<div style=\"height:20px\" aria-hidden=\"true\" class=\"wp-block-spacer\"><\/div>\n\n\n\n<div class=\"wp-block-group\"><div class=\"wp-block-group__inner-container\">\n<h2 class=\"has-white-color has-text-color\">Co se zrovna d\u011bje?<\/h2>\n\n\n\r\n    <a href=\"https:\/\/zlindesignweek.com\/2021\/2021\/08\/18\/modou-vyjadruji-sve-myslenky-bavi-me-ale-i-remeslna-a-funkcni-stranka-tvrdi-vitezka-kategorie-fashion-design-karolina-cechova\/\"\r\n        title=\"\u201a\u201aM\u00f3dou vyjad\u0159uji sv\u00e9 my\u0161lenky, bav\u00ed m\u011b ale i&nbsp;\u0159emesln\u00e1 a&nbsp;funk\u010dn\u00ed str\u00e1nka,\u2018\u2018 tvrd\u00ed v\u00edt\u011bzka kategorie Fashion Design Karol\u00edna \u010cechov\u00e1.\" class=\"post-item-wrap has-white-background-color  post-item-wrap--main\">\r\n        <div class=\"post-item\">\r\n            <div class=\"post-item__image\" style=\"background-image: url(https:\/\/zlindesignweek.com\/2021\/wp-content\/uploads\/2021\/08\/inner-sanctum-4-750x265.jpg)\">\r\n            <\/div>\r\n            <div class=\"post-item__content\">\r\n                <h2 class=\"h4\">\r\n                    \u201a\u201aM\u00f3dou vyjad\u0159uji sv\u00e9 my\u0161lenky, bav\u00ed m\u011b ale i&nbsp;\u0159emesln\u00e1 a&nbsp;funk\u010dn\u00ed str\u00e1nka,\u2018\u2018 tvrd\u00ed v\u00edt\u011bzka kategorie Fashion Design Karol\u00edna \u010cechov\u00e1.                <\/h2>\r\n                <span class=\"date\">18.&nbsp;8.&nbsp;2021<\/span> |\r\n                <span class=\"author\">Martina Jel\u00ednkov\u00e1<\/span>\r\n                                <p class=\"post-item__perex\">Leto\u0161n\u00ed v\u00edt\u011bzka kategorie Fashion Design nen\u00ed v&nbsp;sout\u011b\u017ei Best in Design \u017e\u00e1dn\u00fdm nov\u00e1\u010dkem. U\u017e v&nbsp;lo\u0148sk\u00e9m roce se mlad\u00e1 m\u00f3dn\u00ed n\u00e1vrh\u00e1\u0159ka probojovala na stupn\u011b v\u00edt\u011bz\u016f se svou [&hellip;]                <\/p>\r\n                \r\n                <span class=\"post-item__read-more button-link\">read-more                    \u2192<\/span>\r\n            <\/div>\r\n        <\/div>\r\n    <\/a>\r\n    \r\n<div class=\"posts-wrap\">\r\n        <a href=\"https:\/\/zlindesignweek.com\/2021\/en\/2021\/08\/18\/i-express-my-ideas-in-fashion-but-i-also-enjoy-the-craftsmanship-and-functionality-says-karolina-cechova-the-winner-of-the-fashion-design-category\/\"\r\n        title=\"\u201a\u201aI express my ideas in fashion, but I&nbsp;also enjoy the craftsmanship and functionality,\u2018\u2018 says Karol\u00edna \u010cechov\u00e1, the winner of the Fashion Design category.\" class=\"post-item-wrap has-white-background-color \">\r\n        <div class=\"post-item\">\r\n            <div class=\"post-item__image\" style=\"background-image: url(https:\/\/zlindesignweek.com\/2021\/wp-content\/uploads\/2021\/08\/inner-sanctum-4-500x177.jpg)\">\r\n            <\/div>\r\n            <div class=\"post-item__content\">\r\n                <h2 class=\"h4\">\r\n                    \u201a\u201aI express my ideas in fashion, but I&nbsp;also enjoy the craftsmanship and functionality,\u2018\u2018 says Karol\u00edna \u010cechov\u00e1, the winner of the Fashion Design category.                <\/h2>\r\n                <span class=\"date\">18.&nbsp;8.&nbsp;2021<\/span> |\r\n                <span class=\"author\">Martina Jel\u00ednkov\u00e1<\/span>\r\n                \r\n                <span class=\"post-item__read-more button-link\">read-more                    \u2192<\/span>\r\n            <\/div>\r\n        <\/div>\r\n    <\/a>\r\n    \r\n    <a href=\"https:\/\/zlindesignweek.com\/2021\/2021\/08\/03\/hodnoceni-designu-je-problematicka-zalezitost-mini-vitez-best-in-design-ondrej-pechal\/\"\r\n        title=\"\u201a\u201aHodnocen\u00ed designu je problematick\u00e1 z\u00e1le\u017eitost,\u2018\u2018 m\u00edn\u00ed v\u00edt\u011bz Best in Design Ond\u0159ej Pechal\" class=\"post-item-wrap has-white-background-color \">\r\n        <div class=\"post-item\">\r\n            <div class=\"post-item__image\" style=\"background-image: url(https:\/\/zlindesignweek.com\/2021\/wp-content\/uploads\/2021\/08\/pechal-radiator-edudant-03-500x375.jpg)\">\r\n            <\/div>\r\n            <div class=\"post-item__content\">\r\n                <h2 class=\"h4\">\r\n                    \u201a\u201aHodnocen\u00ed designu je problematick\u00e1 z\u00e1le\u017eitost,\u2018\u2018 m\u00edn\u00ed v\u00edt\u011bz Best in Design Ond\u0159ej Pechal                <\/h2>\r\n                <span class=\"date\">3.&nbsp;8.&nbsp;2021<\/span> |\r\n                <span class=\"author\">Martina Jel\u00ednkov\u00e1<\/span>\r\n                \r\n                <span class=\"post-item__read-more button-link\">read-more                    \u2192<\/span>\r\n            <\/div>\r\n        <\/div>\r\n    <\/a>\r\n    \r\n    <a href=\"https:\/\/zlindesignweek.com\/2021\/en\/2021\/08\/03\/design-evaluation-is-a-problematic-issue-says-best-in-design-winner-ondrej-pechal\/\"\r\n        title=\"\u201a\u201aDesign evaluation is a&nbsp;problematic issue,\u2018\u2018 says Best in Design winner Ond\u0159ej Pechal\" class=\"post-item-wrap has-white-background-color \">\r\n        <div class=\"post-item\">\r\n            <div class=\"post-item__image\" style=\"background-image: url(https:\/\/zlindesignweek.com\/2021\/wp-content\/uploads\/2021\/08\/pechal-radiator-edudant-03-500x375.jpg)\">\r\n            <\/div>\r\n            <div class=\"post-item__content\">\r\n                <h2 class=\"h4\">\r\n                    \u201a\u201aDesign evaluation is a&nbsp;problematic issue,\u2018\u2018 says Best in Design winner Ond\u0159ej Pechal                <\/h2>\r\n                <span class=\"date\">3.&nbsp;8.&nbsp;2021<\/span> |\r\n                <span class=\"author\">Martina Jel\u00ednkov\u00e1<\/span>\r\n                \r\n                <span class=\"post-item__read-more button-link\">read-more                    \u2192<\/span>\r\n            <\/div>\r\n        <\/div>\r\n    <\/a>\r\n    <\/div><!-- .posts-wrap -->\r\n<div class=\"wp-block-button d-block\"><a class=\"wp-block-button__link has-dark-background-color\"\r\n        href=\"https:\/\/zlindesignweek.com\/2021\/blog\/\">display-more-posts \u2192<\/a>\r\n<\/div>\r\n<\/div><\/div>\n\n\n<div class=\"container\">\r\n    <div class=\"newsletter-block pt-3 pb-3\">\r\n        <div class=\"newsletter-block__title\">\r\n            <h2>be-in-frame            <\/h2>\r\n            <p class=\"large\">join-newsletter            <\/p>\r\n        <\/div>\r\n        <div class=\"newsletter-block__form\">\r\n            <div id=\"mc_embed_signup\">\r\n                <form\r\n                    action=\"https:\/\/zlindesignweek.us11.list-manage.com\/subscribe\/post?u=6b2cc9d11694add8221484e2c&amp;id=2a0f50ac75\"\r\n                    method=\"post\" id=\"mc-embedded-subscribe-form\" name=\"mc-embedded-subscribe-form\" class=\"validate\"\r\n                    target=\"_blank\" novalidate>\r\n                    <div id=\"mc_embed_signup_scroll\">\r\n                        <input type=\"email\" value=\"\" name=\"EMAIL\" class=\"required email\" id=\"mce-EMAIL\"\r\n                            placeholder=\"insert-your-email\">\r\n                        <input type=\"submit\"\r\n                            value=\"sign-for-newsletter\"\r\n                            name=\"subscribe\" id=\"mc-embedded-subscribe\" class=\"button\">\r\n                        <div id=\"mce-responses\" class=\"clear\">\r\n                            <div class=\"response\" id=\"mce-error-response\" style=\"display:none\"><\/div>\r\n                            <div class=\"response\" id=\"mce-success-response\" style=\"display:none\"><\/div>\r\n                        <\/div>\r\n                        <div style=\"position: absolute; left: -5000px;\" aria-hidden=\"true\"><input type=\"text\"\r\n                                name=\"b_6b2cc9d11694add8221484e2c_2a0f50ac75\" tabindex=\"-1\" value=\"\"><\/div>\r\n\r\n                    <\/div>\r\n                <\/form>\r\n            <\/div>\r\n        <\/div>\r\n    <\/div>\r\n<\/div>\n\n\n<p><\/p>\n","protected":false},"excerpt":{"rendered":"","protected":false},"author":2,"featured_media":0,"parent":0,"menu_order":0,"comment_status":"closed","ping_status":"open","template":"","meta":[],"_links":{"self":[{"href":"https:\/\/zlindesignweek.com\/2021\/wp-json\/wp\/v2\/pages\/2"}],"collection":[{"href":"https:\/\/zlindesignweek.com\/2021\/wp-json\/wp\/v2\/pages"}],"about":[{"href":"https:\/\/zlindesignweek.com\/2021\/wp-json\/wp\/v2\/types\/page"}],"author":[{"embeddable":true,"href":"https:\/\/zlindesignweek.com\/2021\/wp-json\/wp\/v2\/users\/2"}],"replies":[{"embeddable":true,"href":"https:\/\/zlindesignweek.com\/2021\/wp-json\/wp\/v2\/comments?post=2"}],"version-history":[{"count":472,"href":"https:\/\/zlindesignweek.com\/2021\/wp-json\/wp\/v2\/pages\/2\/revisions"}],"predecessor-version":[{"id":11249,"href":"https:\/\/zlindesignweek.com\/2021\/wp-json\/wp\/v2\/pages\/2\/revisions\/11249"}],"wp:attachment":[{"href":"https:\/\/zlindesignweek.com\/2021\/wp-json\/wp\/v2\/media?parent=2"}],"curies":[{"name":"wp","href":"https:\/\/api.w.org\/{rel}","templated":true}]}}