{"id":1484,"date":"2020-01-14T12:32:10","date_gmt":"2020-01-14T11:32:10","guid":{"rendered":"https:\/\/zlindesignweek.com\/2021\/?page_id=1484"},"modified":"2021-02-02T08:59:36","modified_gmt":"2021-02-02T07:59:36","slug":"opencall","status":"publish","type":"page","link":"https:\/\/zlindesignweek.com\/2021\/zdw\/opencall\/","title":{"rendered":"Opencall"},"content":{"rendered":"<div class=\"intro-video \">\r\n            <div class=\"container\">\r\n            <img src=\"https:\/\/zlindesignweek.com\/2021\/wp-content\/uploads\/2020\/12\/oopencall.svg\"\r\n                 srcset=\"https:\/\/zlindesignweek.com\/2021\/wp-content\/uploads\/2020\/12\/oopencall.svg 100vw, https:\/\/zlindesignweek.com\/2021\/wp-content\/uploads\/2020\/12\/oopencall.svg 600vw\"\r\n                 class=\"float-right\"\/>\r\n        <\/div>\r\n        <!-- <div class=\"container\"> -->\r\n                    <div class=\"border-box has-light-color\">\r\n                                    <h3>P\u0159ihla\u0161ov\u00e1n\u00ed do Opencallu je u&nbsp;konce!                    <\/h3>\r\n                                <p class=\"mt-0\">D\u011bkujeme v\u0161em, kte\u0159\u00ed odeslali svou p\u0159ihl\u00e1\u0161ku a&nbsp;t\u011b\u0161\u00edme se na hlavn\u00ed v\u00fdstav\u011b Zlin Design Week 2021!                <\/p>\r\n                \r\n            <\/div>\r\n\r\n            <!-- <\/div> -->\r\n<\/div>\n\n\n<div class=\"wp-block-group pt-2 pb-2 has-white-background-color has-background\"><div class=\"wp-block-group__inner-container\">\n<div class=\"wp-block-columns\">\n<div class=\"wp-block-column\">\n<h4 class=\"has-text-align-right\"><strong>Pro koho je opencall?<\/strong><\/h4>\n\n\n\n<p><\/p>\n<\/div>\n\n\n\n<div class=\"wp-block-column\">\n<p>&#8211; ateli\u00e9ry a&nbsp;um\u011bleck\u00e9 fakulty<\/p>\n\n\n\n<p>&#8211; studenti um\u011bleck\u00fdch vysok\u00fdch \u0161kol<\/p>\n\n\n\n<p>&#8211; mlad\u00ed design\u00e9\u0159i do 30 let<\/p>\n<\/div>\n<\/div>\n\n\n\n<div class=\"wp-block-columns\">\n<div class=\"wp-block-column\">\n<h4 class=\"has-text-align-right\"><strong>Jak\u00e9 pr\u00e1ce m\u016f\u017eu p\u0159ihl\u00e1sit?<\/strong><\/h4>\n\n\n\n<p><\/p>\n<\/div>\n\n\n\n<div class=\"wp-block-column\">\n<p>Realizovan\u00e9 i&nbsp;nerealizovan\u00e9 pr\u00e1ce, kter\u00e9 vznikly spojen\u00edm s&nbsp;firmou nebo instituc\u00ed z&nbsp;komer\u010dn\u00edho i&nbsp;nekomer\u010dn\u00edho sektoru. M\u016f\u017ee se jednat o&nbsp;projekt ateli\u00e9r\u016f, samostatn\u00e9 aktivity student\u016f s&nbsp;konkr\u00e9tn\u00ed firmou\/instituc\u00ed nebo hotov\u00e9 v\u00fdstavn\u00ed projekty, pro kter\u00e9 bude p\u0159ipravena zvl\u00e1\u0161tn\u00ed sekce. Pr\u00e1ce nesm\u00ed b\u00fdt star\u0161\u00ed p\u011bti let.<\/p>\n<\/div>\n<\/div>\n\n\n\n<div class=\"wp-block-columns\">\n<div class=\"wp-block-column\">\n<h4 class=\"has-text-align-right\"><strong>Z jak\u00e9ho oboru maj\u00ed b\u00fdt p\u0159ihl\u00e1\u0161en\u00e9 pr\u00e1ce?<\/strong><\/h4>\n\n\n\n<p><\/p>\n<\/div>\n\n\n\n<div class=\"wp-block-column\">\n<p>Z\u00e1le\u017e\u00ed jen na tob\u011b \u2013 a\u0165 u\u017e se v\u011bnuje\u0161 produktov\u00e9mu designu, digit\u00e1ln\u00edmu designu, fashion designu nebo t\u0159eba fotografii \u010di&nbsp;grafice \u2013 p\u0159ihl\u00e1sit m\u016f\u017ee\u0161 cokoliv.<\/p>\n<\/div>\n<\/div>\n\n\n\n<p class=\"has-text-align-center mt-1 mb-1\">Deadline p\u0159ihl\u00e1\u0161ek je do 31.&nbsp;1.&nbsp;2021.<\/p>\n\n\n\n<div class=\"wp-block-columns\">\n<div class=\"wp-block-column\">\n<p><\/p>\n<\/div>\n\n\n\n<div class=\"wp-block-column\">\n<div class=\"wp-block-button aligncenter d-block\"><a class=\"wp-block-button__link has-white-color has-dark-background-color has-text-color has-background\" href=\"https:\/\/drive.google.com\/file\/d\/1fihy8eFJoaoOB-ZrpDS-ANh2rZCV2lW-\/view\" target=\"_blank\" rel=\"noreferrer noopener\">Z\u00edskat dal\u0161\u00ed informace<\/a><\/div>\n<\/div>\n<\/div>\n<\/div><\/div>\n\n\n\n<div class=\"wp-block-group\"><div class=\"wp-block-group__inner-container\">\n<h2>Co je Zlin Design Week?<\/h2>\n<\/div><\/div>\n\n\n\n<div class=\"wp-block-group has-dark-background-color has-background\"><div class=\"wp-block-group__inner-container\">\n<figure class=\"wp-block-embed-youtube wp-block-embed is-type-video is-provider-youtube wp-embed-aspect-16-9 wp-has-aspect-ratio\"><div class=\"wp-block-embed__wrapper\">\n<iframe src=\"https:\/\/www.youtube.com\/embed\/oRlHsjyVMgc\/?autoplay=1&amp;mute=1&amp;loop=1&amp;playlist=oRlHsjyVMgc\" frameborder=\"0\" allow=\"accelerometer; autoplay; encrypted-media; gyroscope; picture-in-picture\" allowfullscreen=\"\"><\/iframe>\n<\/div><\/figure>\n\n\n\n<div class=\"wp-block-columns\">\n<div class=\"wp-block-column p-1\">\n<h3 class=\"has-white-color has-text-color\">Zl\u00edn<\/h3>\n\n\n\n<p class=\"has-white-color has-text-color\">Ke Zl\u00ednu design neodmysliteln\u011b pat\u0159\u00ed. Design ovliv\u0148uje \u017eivot ka\u017ed\u00e9ho obyvatele, mnohdy nepov\u0161imnut. My mu d\u00e1me prostor zaz\u00e1\u0159it a&nbsp;lidem jej pochopit, docenit ho a&nbsp;nechat se j\u00edm inspirovat.<\/p>\n<\/div>\n\n\n\n<div class=\"wp-block-column p-1\">\n<h3 class=\"has-white-color has-text-color\">Spolupr\u00e1ce<\/h3>\n\n\n\n<p class=\"has-white-color has-text-color\">Leto\u0161n\u00ed ro\u010dn\u00edk festivalu bude odrazem spolupr\u00e1ce mlad\u00fdch design\u00e9r\u016f a&nbsp;firem, teorie s&nbsp;prax\u00ed, byznysu a&nbsp;neziskov\u00e9ho sektoru. B\u011bhem jednoho t\u00fddne Zlin Design Week uk\u00e1\u017ee, co n\u00e1m m\u016f\u017ee p\u0159in\u00e9st otev\u0159enost a&nbsp;ochota se podporovat a&nbsp;\u017ee tvo\u0159it spolu m\u00e1 smysl.<\/p>\n<\/div>\n\n\n\n<div class=\"wp-block-column p-1\">\n<h3 class=\"has-white-color has-text-color\">T\u00fdden z\u00e1\u017eitk\u016f<\/h3>\n\n\n\n<p class=\"has-white-color has-text-color\">Zl\u00edn o\u017eije designem ve dne v&nbsp;noci. V\u00fdstavy, galave\u010der, celodenn\u00ed konference, instalace v&nbsp;modulech, p\u0159edn\u00e1\u0161ky, workshopy, exkurze i&nbsp;nep\u0159ekonateln\u00e9 p\u00e1rty. Atmosf\u00e9ra nejde popsat, mus\u00ed\u0161 ji za\u017e\u00edt.<\/p>\n<\/div>\n<\/div>\n<\/div><\/div>\n","protected":false},"excerpt":{"rendered":"","protected":false},"author":2,"featured_media":0,"parent":2,"menu_order":0,"comment_status":"closed","ping_status":"closed","template":"templates\/no-title.php","meta":[],"_links":{"self":[{"href":"https:\/\/zlindesignweek.com\/2021\/wp-json\/wp\/v2\/pages\/1484"}],"collection":[{"href":"https:\/\/zlindesignweek.com\/2021\/wp-json\/wp\/v2\/pages"}],"about":[{"href":"https:\/\/zlindesignweek.com\/2021\/wp-json\/wp\/v2\/types\/page"}],"author":[{"embeddable":true,"href":"https:\/\/zlindesignweek.com\/2021\/wp-json\/wp\/v2\/users\/2"}],"replies":[{"embeddable":true,"href":"https:\/\/zlindesignweek.com\/2021\/wp-json\/wp\/v2\/comments?post=1484"}],"version-history":[{"count":50,"href":"https:\/\/zlindesignweek.com\/2021\/wp-json\/wp\/v2\/pages\/1484\/revisions"}],"predecessor-version":[{"id":11196,"href":"https:\/\/zlindesignweek.com\/2021\/wp-json\/wp\/v2\/pages\/1484\/revisions\/11196"}],"up":[{"embeddable":true,"href":"https:\/\/zlindesignweek.com\/2021\/wp-json\/wp\/v2\/pages\/2"}],"wp:attachment":[{"href":"https:\/\/zlindesignweek.com\/2021\/wp-json\/wp\/v2\/media?parent=1484"}],"curies":[{"name":"wp","href":"https:\/\/api.w.org\/{rel}","templated":true}]}}

<div class="intro-video ">
            <div class="container">
            <img src="https://zlindesignweek.com/2021/wp-content/uploads/2020/12/oopencall.svg"
                 srcset="https://zlindesignweek.com/2021/wp-content/uploads/2020/12/oopencall.svg 100vw, https://zlindesignweek.com/2021/wp-content/uploads/2020/12/oopencall.svg 600vw"
                 class="float-right"/>
        </div>
        <!-- <div class="container"> -->
                    <div class="border-box has-light-color">
                                    <h3>Přihlašování do Opencallu je u&nbsp;konce!                    </h3>
                                <p class="mt-0">Děkujeme všem, kteří odeslali svou přihlášku a&nbsp;těšíme se na hlavní výstavě Zlin Design Week 2021!                </p>
                
            </div>

            <!-- </div> -->
</div>


<div class="wp-block-group pt-2 pb-2 has-white-background-color has-background"><div class="wp-block-group__inner-container">
<div class="wp-block-columns">
<div class="wp-block-column">
<h4 class="has-text-align-right"><strong>Pro koho je opencall?</strong></h4>



<p></p>
</div>



<div class="wp-block-column">
<p>&#8211; ateliéry a&nbsp;umělecké fakulty</p>



<p>&#8211; studenti uměleckých vysokých škol</p>



<p>&#8211; mladí designéři do 30 let</p>
</div>
</div>



<div class="wp-block-columns">
<div class="wp-block-column">
<h4 class="has-text-align-right"><strong>Jaké práce můžu přihlásit?</strong></h4>



<p></p>
</div>



<div class="wp-block-column">
<p>Realizované i&nbsp;nerealizované práce, které vznikly spojením s&nbsp;firmou nebo institucí z&nbsp;komerčního i&nbsp;nekomerčního sektoru. Může se jednat o&nbsp;projekt ateliérů, samostatné aktivity studentů s&nbsp;konkrétní firmou/institucí nebo hotové výstavní projekty, pro které bude připravena zvláštní sekce. Práce nesmí být starší pěti let.</p>
</div>
</div>



<div class="wp-block-columns">
<div class="wp-block-column">
<h4 class="has-text-align-right"><strong>Z jakého oboru mají být přihlášené práce?</strong></h4>



<p></p>
</div>



<div class="wp-block-column">
<p>Záleží jen na tobě – ať už se věnuješ produktovému designu, digitálnímu designu, fashion designu nebo třeba fotografii či&nbsp;grafice – přihlásit můžeš cokoliv.</p>
</div>
</div>



<p class="has-text-align-center mt-1 mb-1">Deadline přihlášek je do 31.&nbsp;1.&nbsp;2021.</p>



<div class="wp-block-columns">
<div class="wp-block-column">
<p></p>
</div>



<div class="wp-block-column">
<div class="wp-block-button aligncenter d-block"><a class="wp-block-button__link has-white-color has-dark-background-color has-text-color has-background" href="https://drive.google.com/file/d/1fihy8eFJoaoOB-ZrpDS-ANh2rZCV2lW-/view" target="_blank" rel="noreferrer noopener">Získat další informace</a></div>
</div>
</div>
</div></div>



<div class="wp-block-group"><div class="wp-block-group__inner-container">
<h2>Co je Zlin Design Week?</h2>
</div></div>



<div class="wp-block-group has-dark-background-color has-background"><div class="wp-block-group__inner-container">
<figure class="wp-block-embed-youtube wp-block-embed is-type-video is-provider-youtube wp-embed-aspect-16-9 wp-has-aspect-ratio"><div class="wp-block-embed__wrapper">
<iframe src="https://www.youtube.com/embed/oRlHsjyVMgc/?autoplay=1&amp;mute=1&amp;loop=1&amp;playlist=oRlHsjyVMgc" frameborder="0" allow="accelerometer; autoplay; encrypted-media; gyroscope; picture-in-picture" allowfullscreen=""></iframe>
</div></figure>



<div class="wp-block-columns">
<div class="wp-block-column p-1">
<h3 class="has-white-color has-text-color">Zlín</h3>



<p class="has-white-color has-text-color">Ke Zlínu design neodmyslitelně patří. Design ovlivňuje život každého obyvatele, mnohdy nepovšimnut. My mu dáme prostor zazářit a&nbsp;lidem jej pochopit, docenit ho a&nbsp;nechat se jím inspirovat.</p>
</div>



<div class="wp-block-column p-1">
<h3 class="has-white-color has-text-color">Spolupráce</h3>



<p class="has-white-color has-text-color">Letošní ročník festivalu bude odrazem spolupráce mladých designérů a&nbsp;firem, teorie s&nbsp;praxí, byznysu a&nbsp;neziskového sektoru. Během jednoho týdne Zlin Design Week ukáže, co nám může přinést otevřenost a&nbsp;ochota se podporovat a&nbsp;že tvořit spolu má smysl.</p>
</div>



<div class="wp-block-column p-1">
<h3 class="has-white-color has-text-color">Týden zážitků</h3>



<p class="has-white-color has-text-color">Zlín ožije designem ve dne v&nbsp;noci. Výstavy, galavečer, celodenní konference, instalace v&nbsp;modulech, přednášky, workshopy, exkurze i&nbsp;nepřekonatelné párty. Atmosféra nejde popsat, musíš ji zažít.</p>
</div>
</div>
</div></div>
