{"id":1383,"date":"2019-12-24T01:01:15","date_gmt":"2019-12-24T00:01:15","guid":{"rendered":"https:\/\/zlindesignweek.com\/2021\/?page_id=1383"},"modified":"2020-05-13T18:38:54","modified_gmt":"2020-05-13T16:38:54","slug":"reference","status":"publish","type":"page","link":"https:\/\/zlindesignweek.com\/2021\/conference-zdw\/reference\/","title":{"rendered":"Reference"},"content":{"rendered":"\n<div class=\"wp-block-group\"><div class=\"wp-block-group__inner-container\">\n<h4> What speakers say about us? <\/h4>\n\n\n<div\r\n    class=\"reference-large has-white-background-color\">\r\n    <div class=\"reference-large__content\">\r\n        <p>\u201cGreat speakers, remarkable location and very professional team. It was one of the best conferences I&#8217;ve ever attended. Good job. I&nbsp;would certainly recommend my friend to speak here.&#8220;        <\/p>\r\n        <div class=\"reference-large__person\">\r\n            <span class=\"reference-large__name\">Pavel Kacerle            <\/span>\r\n            <span class=\"reference-large__position\">Visual Effects Director            <\/span>\r\n        <\/div>\r\n    <\/div>\r\n    <div class=\"reference-large__image\">\r\n            <\/div>\r\n<\/div>\n\n<div\r\n    class=\"reference-large has-white-background-color\">\r\n    <div class=\"reference-large__content\">\r\n        <p>\u201cIt was great to meet everyone &#8211; not only the speakers, but also the whole organizing team. The agenda was well put together. I&nbsp;really appreciate the special breakfast and tour of Zl\u00edn the day after Conference. It was a&nbsp;great way to meet other speakers, the city and the exhibitions.\u201d        <\/p>\r\n        <div class=\"reference-large__person\">\r\n            <span class=\"reference-large__name\">Kl\u00e1ra Honz\u00edkov\u00e1            <\/span>\r\n            <span class=\"reference-large__position\">Event global director             <\/span>\r\n        <\/div>\r\n    <\/div>\r\n    <div class=\"reference-large__image\">\r\n            <\/div>\r\n<\/div>\n\n<div\r\n    class=\"reference-large has-white-background-color\">\r\n    <div class=\"reference-large__content\">\r\n        <p>\u201cEnthusiastic organizing team, comfortable journey and accommodation, everything worked well. Thank you again for having me.&#8220;<br \/>\r\n        <\/p>\r\n        <div class=\"reference-large__person\">\r\n            <span class=\"reference-large__name\">Vladim\u00edr Zikmund            <\/span>\r\n            <span class=\"reference-large__position\">Product senior digital creative |  VMLY&#038;R designer            <\/span>\r\n        <\/div>\r\n    <\/div>\r\n    <div class=\"reference-large__image\">\r\n            <\/div>\r\n<\/div>\n\n<div\r\n    class=\"reference-large has-white-background-color\">\r\n    <div class=\"reference-large__content\">\r\n        <p>&#8222;I&nbsp;have never participated so well organized conference. Zlin Design Week team took care of me as if it was my birthday. \u2028I appreciate the balance of design and marketing topics. I&nbsp;met new people and enjoyed it a&nbsp;lot. \u201d        <\/p>\r\n        <div class=\"reference-large__person\">\r\n            <span class=\"reference-large__name\">Filip Koubek            <\/span>\r\n            <span class=\"reference-large__position\">Co-Founder | Motionlab            <\/span>\r\n        <\/div>\r\n    <\/div>\r\n    <div class=\"reference-large__image\">\r\n            <\/div>\r\n<\/div>\n\n<div\r\n    class=\"reference-large has-white-background-color\">\r\n    <div class=\"reference-large__content\">\r\n        <p>\u201cWith respect to all other conferences I&nbsp;had the honor to speak, this one was absolutely the best. Especially thanks to the atmosphere that I&nbsp;had with the whole organizing team before the Conference itself. You were a&nbsp;great team. \u201d        <\/p>\r\n        <div class=\"reference-large__person\">\r\n            <span class=\"reference-large__name\">Petr Rub\u00e1\u010dek            <\/span>\r\n            <span class=\"reference-large__position\">Creative &#038; Strategy Lead | REMEMBERSHIP_            <\/span>\r\n        <\/div>\r\n    <\/div>\r\n    <div class=\"reference-large__image\">\r\n            <\/div>\r\n<\/div>\n\n<div\r\n    class=\"reference-large has-white-background-color\">\r\n    <div class=\"reference-large__content\">\r\n        <p>&#8222;Great organization, motivated people, interesting conversations, nice location &#8230;&#8220;        <\/p>\r\n        <div class=\"reference-large__person\">\r\n            <span class=\"reference-large__name\">Kai Stania            <\/span>\r\n            <span class=\"reference-large__position\">Product designer            <\/span>\r\n        <\/div>\r\n    <\/div>\r\n    <div class=\"reference-large__image\">\r\n            <\/div>\r\n<\/div><\/div><\/div>\n\n\n\n<div class=\"wp-block-group\"><div class=\"wp-block-group__inner-container\">\n<h4 class=\"mt-2\"> Photos of Conference Zlin Design Week 2019 <\/h4>\n\n\n\n<figure class=\"wp-block-gallery columns-2 is-cropped\"><ul class=\"blocks-gallery-grid\"><li class=\"blocks-gallery-item\"><figure><img loading=\"lazy\" width=\"750\" height=\"500\" src=\"https:\/\/zlindesignweek.com\/2021\/wp-content\/uploads\/2020\/01\/dscf4496-750x500.jpg\" alt=\"\" data-id=\"945\" data-full-url=\"https:\/\/zlindesignweek.com\/2021\/wp-content\/uploads\/2020\/01\/dscf4496-scaled.jpg\" data-link=\"https:\/\/zlindesignweek.com\/2021\/konference\/dscf4496\/\" class=\"wp-image-945\" srcset=\"https:\/\/zlindesignweek.com\/2021\/wp-content\/uploads\/2020\/01\/dscf4496-750x500.jpg 750w, https:\/\/zlindesignweek.com\/2021\/wp-content\/uploads\/2020\/01\/dscf4496-500x333.jpg 500w, https:\/\/zlindesignweek.com\/2021\/wp-content\/uploads\/2020\/01\/dscf4496-768x512.jpg 768w, https:\/\/zlindesignweek.com\/2021\/wp-content\/uploads\/2020\/01\/dscf4496-1536x1024.jpg 1536w, https:\/\/zlindesignweek.com\/2021\/wp-content\/uploads\/2020\/01\/dscf4496-2048x1365.jpg 2048w, https:\/\/zlindesignweek.com\/2021\/wp-content\/uploads\/2020\/01\/dscf4496-1440x960.jpg 1440w, https:\/\/zlindesignweek.com\/2021\/wp-content\/uploads\/2020\/01\/dscf4496-250x167.jpg 250w\" sizes=\"(max-width: 750px) 100vw, 750px\" \/><\/figure><\/li><li class=\"blocks-gallery-item\"><figure><img loading=\"lazy\" width=\"750\" height=\"500\" src=\"https:\/\/zlindesignweek.com\/2021\/wp-content\/uploads\/2020\/04\/img_3122-1-750x500.jpg\" alt=\"\" data-id=\"4956\" data-full-url=\"https:\/\/zlindesignweek.com\/2021\/wp-content\/uploads\/2020\/04\/img_3122-1-scaled.jpg\" data-link=\"https:\/\/zlindesignweek.com\/2021\/2020\/05\/05\/v-cem-spociva-revoluce-osvez-si-pamet-je-zpatky-po-roce\/img_3122-1\/\" class=\"wp-image-4956\" srcset=\"https:\/\/zlindesignweek.com\/2021\/wp-content\/uploads\/2020\/04\/img_3122-1-750x500.jpg 750w, https:\/\/zlindesignweek.com\/2021\/wp-content\/uploads\/2020\/04\/img_3122-1-500x333.jpg 500w, https:\/\/zlindesignweek.com\/2021\/wp-content\/uploads\/2020\/04\/img_3122-1-768x512.jpg 768w, https:\/\/zlindesignweek.com\/2021\/wp-content\/uploads\/2020\/04\/img_3122-1-1536x1024.jpg 1536w, https:\/\/zlindesignweek.com\/2021\/wp-content\/uploads\/2020\/04\/img_3122-1-2048x1365.jpg 2048w, https:\/\/zlindesignweek.com\/2021\/wp-content\/uploads\/2020\/04\/img_3122-1-1440x960.jpg 1440w, https:\/\/zlindesignweek.com\/2021\/wp-content\/uploads\/2020\/04\/img_3122-1-250x167.jpg 250w\" sizes=\"(max-width: 750px) 100vw, 750px\" \/><\/figure><\/li><\/ul><\/figure>\n<\/div><\/div>\n\n\n\n<div style=\"height:50px\" aria-hidden=\"true\" class=\"wp-block-spacer\"><\/div>\n","protected":false},"excerpt":{"rendered":"","protected":false},"author":3,"featured_media":0,"parent":1375,"menu_order":0,"comment_status":"closed","ping_status":"closed","template":"templates\/smaller-title.php","meta":[],"_links":{"self":[{"href":"https:\/\/zlindesignweek.com\/2021\/wp-json\/wp\/v2\/pages\/1383"}],"collection":[{"href":"https:\/\/zlindesignweek.com\/2021\/wp-json\/wp\/v2\/pages"}],"about":[{"href":"https:\/\/zlindesignweek.com\/2021\/wp-json\/wp\/v2\/types\/page"}],"author":[{"embeddable":true,"href":"https:\/\/zlindesignweek.com\/2021\/wp-json\/wp\/v2\/users\/3"}],"replies":[{"embeddable":true,"href":"https:\/\/zlindesignweek.com\/2021\/wp-json\/wp\/v2\/comments?post=1383"}],"version-history":[{"count":9,"href":"https:\/\/zlindesignweek.com\/2021\/wp-json\/wp\/v2\/pages\/1383\/revisions"}],"predecessor-version":[{"id":5020,"href":"https:\/\/zlindesignweek.com\/2021\/wp-json\/wp\/v2\/pages\/1383\/revisions\/5020"}],"up":[{"embeddable":true,"href":"https:\/\/zlindesignweek.com\/2021\/wp-json\/wp\/v2\/pages\/1375"}],"wp:attachment":[{"href":"https:\/\/zlindesignweek.com\/2021\/wp-json\/wp\/v2\/media?parent=1383"}],"curies":[{"name":"wp","href":"https:\/\/api.w.org\/{rel}","templated":true}]}}

<div class="wp-block-group"><div class="wp-block-group__inner-container">
<h4> What speakers say about us? </h4>


<div
    class="reference-large has-white-background-color">
    <div class="reference-large__content">
        <p>“Great speakers, remarkable location and very professional team. It was one of the best conferences I&#8217;ve ever attended. Good job. I&nbsp;would certainly recommend my friend to speak here.&#8220;        </p>
        <div class="reference-large__person">
            <span class="reference-large__name">Pavel Kacerle            </span>
            <span class="reference-large__position">Visual Effects Director            </span>
        </div>
    </div>
    <div class="reference-large__image">
            </div>
</div>

<div
    class="reference-large has-white-background-color">
    <div class="reference-large__content">
        <p>“It was great to meet everyone &#8211; not only the speakers, but also the whole organizing team. The agenda was well put together. I&nbsp;really appreciate the special breakfast and tour of Zlín the day after Conference. It was a&nbsp;great way to meet other speakers, the city and the exhibitions.”        </p>
        <div class="reference-large__person">
            <span class="reference-large__name">Klára Honzíková            </span>
            <span class="reference-large__position">Event global director             </span>
        </div>
    </div>
    <div class="reference-large__image">
            </div>
</div>

<div
    class="reference-large has-white-background-color">
    <div class="reference-large__content">
        <p>“Enthusiastic organizing team, comfortable journey and accommodation, everything worked well. Thank you again for having me.&#8220;<br />
        </p>
        <div class="reference-large__person">
            <span class="reference-large__name">Vladimír Zikmund            </span>
            <span class="reference-large__position">Product senior digital creative |  VMLY&#038;R designer            </span>
        </div>
    </div>
    <div class="reference-large__image">
            </div>
</div>

<div
    class="reference-large has-white-background-color">
    <div class="reference-large__content">
        <p>&#8222;I&nbsp;have never participated so well organized conference. Zlin Design Week team took care of me as if it was my birthday.  I appreciate the balance of design and marketing topics. I&nbsp;met new people and enjoyed it a&nbsp;lot. ”        </p>
        <div class="reference-large__person">
            <span class="reference-large__name">Filip Koubek            </span>
            <span class="reference-large__position">Co-Founder | Motionlab            </span>
        </div>
    </div>
    <div class="reference-large__image">
            </div>
</div>

<div
    class="reference-large has-white-background-color">
    <div class="reference-large__content">
        <p>“With respect to all other conferences I&nbsp;had the honor to speak, this one was absolutely the best. Especially thanks to the atmosphere that I&nbsp;had with the whole organizing team before the Conference itself. You were a&nbsp;great team. ”        </p>
        <div class="reference-large__person">
            <span class="reference-large__name">Petr Rubáček            </span>
            <span class="reference-large__position">Creative &#038; Strategy Lead | REMEMBERSHIP_            </span>
        </div>
    </div>
    <div class="reference-large__image">
            </div>
</div>

<div
    class="reference-large has-white-background-color">
    <div class="reference-large__content">
        <p>&#8222;Great organization, motivated people, interesting conversations, nice location &#8230;&#8220;        </p>
        <div class="reference-large__person">
            <span class="reference-large__name">Kai Stania            </span>
            <span class="reference-large__position">Product designer            </span>
        </div>
    </div>
    <div class="reference-large__image">
            </div>
</div></div></div>



<div class="wp-block-group"><div class="wp-block-group__inner-container">
<h4 class="mt-2"> Photos of Conference Zlin Design Week 2019 </h4>



<figure class="wp-block-gallery columns-2 is-cropped"><ul class="blocks-gallery-grid"><li class="blocks-gallery-item"><figure><img loading="lazy" width="750" height="500" src="https://zlindesignweek.com/2021/wp-content/uploads/2020/01/dscf4496-750x500.jpg" alt="" data-id="945" data-full-url="https://zlindesignweek.com/2021/wp-content/uploads/2020/01/dscf4496-scaled.jpg" data-link="https://zlindesignweek.com/2021/konference/dscf4496/" class="wp-image-945" srcset="https://zlindesignweek.com/2021/wp-content/uploads/2020/01/dscf4496-750x500.jpg 750w, https://zlindesignweek.com/2021/wp-content/uploads/2020/01/dscf4496-500x333.jpg 500w, https://zlindesignweek.com/2021/wp-content/uploads/2020/01/dscf4496-768x512.jpg 768w, https://zlindesignweek.com/2021/wp-content/uploads/2020/01/dscf4496-1536x1024.jpg 1536w, https://zlindesignweek.com/2021/wp-content/uploads/2020/01/dscf4496-2048x1365.jpg 2048w, https://zlindesignweek.com/2021/wp-content/uploads/2020/01/dscf4496-1440x960.jpg 1440w, https://zlindesignweek.com/2021/wp-content/uploads/2020/01/dscf4496-250x167.jpg 250w" sizes="(max-width: 750px) 100vw, 750px" /></figure></li><li class="blocks-gallery-item"><figure><img loading="lazy" width="750" height="500" src="https://zlindesignweek.com/2021/wp-content/uploads/2020/04/img_3122-1-750x500.jpg" alt="" data-id="4956" data-full-url="https://zlindesignweek.com/2021/wp-content/uploads/2020/04/img_3122-1-scaled.jpg" data-link="https://zlindesignweek.com/2021/2020/05/05/v-cem-spociva-revoluce-osvez-si-pamet-je-zpatky-po-roce/img_3122-1/" class="wp-image-4956" srcset="https://zlindesignweek.com/2021/wp-content/uploads/2020/04/img_3122-1-750x500.jpg 750w, https://zlindesignweek.com/2021/wp-content/uploads/2020/04/img_3122-1-500x333.jpg 500w, https://zlindesignweek.com/2021/wp-content/uploads/2020/04/img_3122-1-768x512.jpg 768w, https://zlindesignweek.com/2021/wp-content/uploads/2020/04/img_3122-1-1536x1024.jpg 1536w, https://zlindesignweek.com/2021/wp-content/uploads/2020/04/img_3122-1-2048x1365.jpg 2048w, https://zlindesignweek.com/2021/wp-content/uploads/2020/04/img_3122-1-1440x960.jpg 1440w, https://zlindesignweek.com/2021/wp-content/uploads/2020/04/img_3122-1-250x167.jpg 250w" sizes="(max-width: 750px) 100vw, 750px" /></figure></li></ul></figure>
</div></div>



<div style="height:50px" aria-hidden="true" class="wp-block-spacer"></div>
