{"id":10995,"date":"2021-09-14T18:58:39","date_gmt":"2021-09-14T16:58:39","guid":{"rendered":"https:\/\/zlindesignweek.com\/2021\/?page_id=10995"},"modified":"2021-09-15T18:18:16","modified_gmt":"2021-09-15T16:18:16","slug":"best-in-design-best-of-21","status":"publish","type":"page","link":"https:\/\/zlindesignweek.com\/2021\/best-in-design-best-of-21\/","title":{"rendered":"Best in Design &#8211; Best of &#8217;21"},"content":{"rendered":"\n<div class=\"wp-block-group has-white-color has-text-color\"><div class=\"wp-block-group__inner-container\">\n<p>Co v\u0161echno t\u011b \u010dek\u00e1 na v\u00fdstav\u011b?<\/p>\n\n\n\n<ul class=\"has-white-color has-text-color\"><li>V\u00fdb\u011br tvorby v\u00edt\u011bz\u016f a&nbsp;finalist\u016f mezin\u00e1rodn\u00ed sout\u011b\u017ee Best in Design.<\/li><li>Diskuze s&nbsp;design\u00e9ry, p\u0159edn\u00e1\u0161ky, workshopy nebo mal\u00e1 party? M\u016f\u017ee b\u00fdt!<\/li><\/ul>\n\n\n\n<p>Kdy a&nbsp;kde m\u016f\u017ee\u0161 v\u00fdstavu nav\u0161t\u00edvit?<\/p>\n\n\n\n<div class=\"wp-block-group\"><div class=\"wp-block-group__inner-container\">\n<ul><li>galerie G18 ve Zl\u00edn\u011b<\/li><li>od 6.&nbsp;do 28.&nbsp;\u0159\u00edjna 2021, v\u017edy od pond\u011bl\u00ed do \u010dtvrtka<\/li><\/ul>\n<\/div><\/div>\n\n\n\n<p>Chce\u0161 o&nbsp;programu nej\u010derstv\u011bj\u0161\u00ed info?<\/p>\n\n\n\n<p>Sleduj na\u0161i Facebookovou ud\u00e1lost.<\/p>\n\n\n\n<div class=\"wp-block-buttons\">\n<div class=\"wp-block-button\"><a class=\"wp-block-button__link\" href=\"https:\/\/www.facebook.com\/events\/597454804998436\/?ref=newsfeed\">Facebookov\u00e1 ud\u00e1lost<\/a><\/div>\n<\/div>\n\n\n\n<p><\/p>\n\n\n\n<p><\/p>\n<\/div><\/div>\n\n\n\n<div class=\"wp-block-group\"><div class=\"wp-block-group__inner-container\">\n<div class=\"wp-block-image is-style-default\"><figure class=\"aligncenter size-large is-resized\"><img loading=\"lazy\" src=\"https:\/\/zlindesignweek.com\/2021\/wp-content\/uploads\/2021\/09\/alexandra-cseffay-odeur-smart-scent-clock-foto18-750x422.jpg\" alt=\"\" class=\"wp-image-11005\" width=\"1156\" height=\"651\" srcset=\"https:\/\/zlindesignweek.com\/2021\/wp-content\/uploads\/2021\/09\/alexandra-cseffay-odeur-smart-scent-clock-foto18-750x422.jpg 750w, https:\/\/zlindesignweek.com\/2021\/wp-content\/uploads\/2021\/09\/alexandra-cseffay-odeur-smart-scent-clock-foto18-500x281.jpg 500w, https:\/\/zlindesignweek.com\/2021\/wp-content\/uploads\/2021\/09\/alexandra-cseffay-odeur-smart-scent-clock-foto18-768x432.jpg 768w, https:\/\/zlindesignweek.com\/2021\/wp-content\/uploads\/2021\/09\/alexandra-cseffay-odeur-smart-scent-clock-foto18-1536x864.jpg 1536w, https:\/\/zlindesignweek.com\/2021\/wp-content\/uploads\/2021\/09\/alexandra-cseffay-odeur-smart-scent-clock-foto18-1440x810.jpg 1440w, https:\/\/zlindesignweek.com\/2021\/wp-content\/uploads\/2021\/09\/alexandra-cseffay-odeur-smart-scent-clock-foto18-250x141.jpg 250w, https:\/\/zlindesignweek.com\/2021\/wp-content\/uploads\/2021\/09\/alexandra-cseffay-odeur-smart-scent-clock-foto18.jpg 1600w\" sizes=\"(max-width: 1156px) 100vw, 1156px\" \/><\/figure><\/div>\n<\/div><\/div>\n","protected":false},"excerpt":{"rendered":"","protected":false},"author":25,"featured_media":0,"parent":0,"menu_order":0,"comment_status":"closed","ping_status":"closed","template":"","meta":[],"_links":{"self":[{"href":"https:\/\/zlindesignweek.com\/2021\/wp-json\/wp\/v2\/pages\/10995"}],"collection":[{"href":"https:\/\/zlindesignweek.com\/2021\/wp-json\/wp\/v2\/pages"}],"about":[{"href":"https:\/\/zlindesignweek.com\/2021\/wp-json\/wp\/v2\/types\/page"}],"author":[{"embeddable":true,"href":"https:\/\/zlindesignweek.com\/2021\/wp-json\/wp\/v2\/users\/25"}],"replies":[{"embeddable":true,"href":"https:\/\/zlindesignweek.com\/2021\/wp-json\/wp\/v2\/comments?post=10995"}],"version-history":[{"count":6,"href":"https:\/\/zlindesignweek.com\/2021\/wp-json\/wp\/v2\/pages\/10995\/revisions"}],"predecessor-version":[{"id":11013,"href":"https:\/\/zlindesignweek.com\/2021\/wp-json\/wp\/v2\/pages\/10995\/revisions\/11013"}],"wp:attachment":[{"href":"https:\/\/zlindesignweek.com\/2021\/wp-json\/wp\/v2\/media?parent=10995"}],"curies":[{"name":"wp","href":"https:\/\/api.w.org\/{rel}","templated":true}]}}